69.178.183.66 - - [06/Feb/2008:21:32:01 -0800] "GET / HTTP/1.1" 200 514 "-" "Mozilla/4.0 (compatible; MSIE 7.0; Windows NT 6.0; SLCC1; .NET CLR 2.0.50727; Media Center PC 5.0; .NET CLR 3.0.04506; InfoPath.2)" "www.symis.net"
69.178.183.66 - - [06/Feb/2008:21:32:02 -0800] "GET /favicon.ico HTTP/1.1" 404 275 "-" "Mozilla/4.0 (compatible; MSIE 7.0; Windows NT 6.0; SLCC1; .NET CLR 2.0.50727; Media Center PC 5.0; .NET CLR 3.0.04506; InfoPath.2)" "www.symis.net"
74.6.25.152 - - [06/Feb/2008:21:33:59 -0800] "GET /security.html HTTP/1.0" 404 275 "-" "Mozilla/5.0 (compatible; Yahoo! Slurp; http://help.yahoo.com/help/us/ysearch/slurp)" "www.symis.net"
74.6.22.213 - - [06/Feb/2008:21:39:12 -0800] "GET /about/news.html HTTP/1.0" 404 275 "-" "Mozilla/5.0 (compatible; Yahoo! Slurp; http://help.yahoo.com/help/us/ysearch/slurp)" "www.symis.net"
65.55.232.16 - - [06/Feb/2008:22:12:29 -0800] "GET /robots.txt HTTP/1.1" 404 275 "-" "msnbot/1.0 (+http://search.msn.com/msnbot.htm)" "www.symis.net"
65.55.232.16 - - [06/Feb/2008:22:12:29 -0800] "GET / HTTP/1.1" 200 647 "-" "msnbot/1.0 (+http://search.msn.com/msnbot.htm)" "www.symis.net"
72.30.179.198 - - [06/Feb/2008:22:40:12 -0800] "GET /oldsite/index.html HTTP/1.0" 404 275 "-" "Mozilla/5.0 (compatible; Yahoo! Slurp; http://help.yahoo.com/help/us/ysearch/slurp)" "www.symis.net"
58.111.112.10 - - [07/Feb/2008:01:05:58 -0800] "GET /favicon.ico HTTP/1.1" 404 275 "http://www.symis.net/intelligent.html" "Opera/9.25 (Windows NT 5.1; U; en)" "www.symis.net"
58.111.112.10 - - [07/Feb/2008:01:32:07 -0800] "GET /favicon.ico HTTP/1.1" 404 275 "http://www.symis.net/intelligent.html" "Opera/9.25 (Windows NT 5.1; U; en)" "www.symis.net"
217.212.224.145 - - [07/Feb/2008:01:53:34 -0800] "GET /robots.txt HTTP/1.0" 404 275 "-" "psbot/0.1 (+http://www.picsearch.com/bot.html)" "www.symis.net"
217.212.224.169 - - [07/Feb/2008:01:53:34 -0800] "GET /asset/global.html HTTP/1.0" 404 275 "-" "psbot/0.1 (+http://www.picsearch.com/bot.html)" "www.symis.net"
209.62.82.14 - - [07/Feb/2008:02:50:52 -0800] "GET /robots.txt HTTP/1.1" 404 275 "www.symis.net" "Pingdom GIGRIB (http://www.pingdom.com)" "www.symis.net"
209.62.82.14 - - [07/Feb/2008:02:50:52 -0800] "GET /robots.txt HTTP/1.1" 404 275 "www.symis.net" "Pingdom GIGRIB (http://www.pingdom.com)" "www.symis.net"
209.62.82.14 - - [07/Feb/2008:02:50:52 -0800] "GET /robots.txt HTTP/1.1" 404 275 "www.symis.net" "Pingdom GIGRIB (http://www.pingdom.com)" "www.symis.net"
209.62.82.14 - - [07/Feb/2008:02:50:55 -0800] "GET /robots.txt HTTP/1.1" 404 275 "www.symis.net" "Pingdom GIGRIB (http://www.pingdom.com)" "www.symis.net"
209.62.82.14 - - [07/Feb/2008:02:50:55 -0800] "GET /robots.txt HTTP/1.1" 404 275 "www.symis.net" "Pingdom GIGRIB (http://www.pingdom.com)" "www.symis.net"
209.62.82.14 - - [07/Feb/2008:02:50:55 -0800] "GET /robots.txt HTTP/1.1" 404 275 "www.symis.net" "Pingdom GIGRIB (http://www.pingdom.com)" "www.symis.net"
209.62.82.14 - - [07/Feb/2008:02:50:55 -0800] "GET /robots.txt HTTP/1.1" 404 275 "www.symis.net" "Pingdom GIGRIB (http://www.pingdom.com)" "www.symis.net"
209.62.82.14 - - [07/Feb/2008:02:50:55 -0800] "GET /robots.txt HTTP/1.1" 404 275 "www.symis.net" "Pingdom GIGRIB (http://www.pingdom.com)" "www.symis.net"
209.62.82.14 - - [07/Feb/2008:02:55:24 -0800] "GET / HTTP/1.1" 200 647 "http://www.pingdom.com/tools/fpt/?url=www.symis.net" "Pingdom GIGRIB (http://www.pingdom.com)" "www.symis.net"
209.62.82.14 - - [07/Feb/2008:02:55:24 -0800] "GET / HTTP/1.1" 200 647 "http://www.pingdom.com/tools/fpt/?url=www.symis.net" "Pingdom GIGRIB (http://www.pingdom.com)" "www.symis.net"
209.62.82.14 - - [07/Feb/2008:02:55:24 -0800] "GET / HTTP/1.1" 200 647 "http://www.pingdom.com/tools/fpt/?url=www.symis.net" "Pingdom GIGRIB (http://www.pingdom.com)" "www.symis.net"
209.62.82.14 - - [07/Feb/2008:02:55:24 -0800] "GET / HTTP/1.1" 200 647 "http://www.pingdom.com/tools/fpt/?url=www.symis.net" "Pingdom GIGRIB (http://www.pingdom.com)" "www.symis.net"
209.62.82.14 - - [07/Feb/2008:02:55:24 -0800] "GET / HTTP/1.1" 200 647 "http://www.pingdom.com/tools/fpt/?url=www.symis.net" "Pingdom GIGRIB (http://www.pingdom.com)" "www.symis.net"
209.62.82.14 - - [07/Feb/2008:02:55:24 -0800] "GET / HTTP/1.1" 200 647 "http://www.pingdom.com/tools/fpt/?url=www.symis.net" "Pingdom GIGRIB (http://www.pingdom.com)" "www.symis.net"
209.62.82.14 - - [07/Feb/2008:02:55:24 -0800] "GET / HTTP/1.1" 200 647 "http://www.pingdom.com/tools/fpt/?url=www.symis.net" "Pingdom GIGRIB (http://www.pingdom.com)" "www.symis.net"
209.62.82.14 - - [07/Feb/2008:02:55:24 -0800] "GET / HTTP/1.1" 200 647 "http://www.pingdom.com/tools/fpt/?url=www.symis.net" "Pingdom GIGRIB (http://www.pingdom.com)" "www.symis.net"
65.214.45.135 - - [07/Feb/2008:02:56:07 -0800] "GET /robots.txt HTTP/1.0" 404 275 "-" "Mozilla/5.0 (compatible; Ask Jeeves/Teoma; +http://about.ask.com/en/docs/about/webmasters.shtml)" "www.symis.net"
65.214.45.135 - - [07/Feb/2008:02:56:07 -0800] "GET /contact.html HTTP/1.0" 404 275 "-" "Mozilla/5.0 (compatible; Ask Jeeves/Teoma; +http://about.ask.com/en/docs/about/webmasters.shtml)" "www.symis.net"
74.6.19.143 - - [07/Feb/2008:03:35:23 -0800] "GET /robots.txt HTTP/1.0" 404 275 "-" "Mozilla/5.0 (compatible; Yahoo! Slurp; http://help.yahoo.com/help/us/ysearch/slurp)" "www.symis.net"
74.6.26.108 - - [07/Feb/2008:03:35:23 -0800] "GET /asset/enterprise.html HTTP/1.0" 404 275 "-" "Mozilla/5.0 (compatible; Yahoo! Slurp; http://help.yahoo.com/help/us/ysearch/slurp)" "www.symis.net"
74.6.24.171 - - [07/Feb/2008:03:53:09 -0800] "GET /asset/global.html HTTP/1.0" 404 275 "-" "Mozilla/5.0 (compatible; Yahoo! Slurp; http://help.yahoo.com/help/us/ysearch/slurp)" "www.symis.net"
58.111.112.10 - - [07/Feb/2008:04:08:36 -0800] "GET /pdf/Symis-IntelligentSurveillance.pdf HTTP/1.1" 404 275 "http://www.symis.net/intelligent.html" "Opera/9.25 (Windows NT 5.1; U; en)" "www.symis.net"
74.6.19.228 - - [07/Feb/2008:08:03:02 -0800] "GET /intelligent/ HTTP/1.0" 404 275 "-" "Mozilla/5.0 (compatible; Yahoo! Slurp; http://help.yahoo.com/help/us/ysearch/slurp)" "www.symis.net"
71.174.82.195 - - [07/Feb/2008:08:26:40 -0800] "GET / HTTP/1.1" 200 647 "http://www.shotspotter.com/partners/joint_part.html" "Mozilla/4.0 (compatible; MSIE 7.0; Windows NT 5.1; .NET CLR 1.0.3705; Media Center PC 2.8; .NET CLR 1.1.4322; .NET CLR 2.0.50727)" "www.symis.net"
71.174.82.195 - - [07/Feb/2008:08:26:40 -0800] "GET /favicon.ico HTTP/1.1" 404 275 "-" "Mozilla/4.0 (compatible; MSIE 7.0; Windows NT 5.1; .NET CLR 1.0.3705; Media Center PC 2.8; .NET CLR 1.1.4322; .NET CLR 2.0.50727)" "www.symis.net"
71.174.82.195 - - [07/Feb/2008:08:27:02 -0800] "GET / HTTP/1.1" 200 647 "http://www.shotspotter.com/partners/joint_part.html" "Mozilla/4.0 (compatible; MSIE 7.0; Windows NT 5.1; .NET CLR 1.0.3705; Media Center PC 2.8; .NET CLR 1.1.4322; .NET CLR 2.0.50727)" "www.symis.net"
74.6.26.15 - - [07/Feb/2008:11:22:55 -0800] "GET /robots.txt HTTP/1.0" 404 275 "-" "Mozilla/5.0 (compatible; Yahoo! Slurp; http://help.yahoo.com/help/us/ysearch/slurp)" "symis.net"
74.6.20.40 - - [07/Feb/2008:11:22:56 -0800] "GET / HTTP/1.0" 200 631 "-" "Mozilla/5.0 (compatible; Yahoo! Slurp; http://help.yahoo.com/help/us/ysearch/slurp)" "symis.net"
74.6.24.82 - - [07/Feb/2008:12:31:06 -0800] "GET /intelligent.html HTTP/1.0" 404 275 "-" "Mozilla/5.0 (compatible; Yahoo! Slurp; http://help.yahoo.com/help/us/ysearch/slurp)" "www.symis.net"
208.80.193.43 - - [07/Feb/2008:12:44:44 -0800] "GET / HTTP/1.1" 200 647 "-" "Mozilla/5.0 (compatible; Konqueror/3.0-rc4; i686 Linux; 20021120)" "www.symis.net"
74.6.23.157 - - [07/Feb/2008:13:19:45 -0800] "GET /?D=A HTTP/1.0" 200 631 "-" "Mozilla/5.0 (compatible; Yahoo! Slurp; http://help.yahoo.com/help/us/ysearch/slurp)" "symis.net"
74.6.19.143 - - [07/Feb/2008:13:46:06 -0800] "GET /robots.txt HTTP/1.0" 404 275 "-" "Mozilla/5.0 (compatible; Yahoo! Slurp; http://help.yahoo.com/help/us/ysearch/slurp)" "www.symis.net"
74.6.28.113 - - [07/Feb/2008:13:46:06 -0800] "GET / HTTP/1.0" 200 631 "-" "Mozilla/5.0 (compatible; Yahoo! Slurp; http://help.yahoo.com/help/us/ysearch/slurp)" "www.symis.net"
74.6.19.214 - - [07/Feb/2008:13:48:52 -0800] "GET /logs/ HTTP/1.0" 200 642 "-" "Mozilla/5.0 (compatible; Yahoo! Slurp; http://help.yahoo.com/help/us/ysearch/slurp)" "www.symis.net"
74.6.28.44 - - [07/Feb/2008:13:50:46 -0800] "GET /?M=A HTTP/1.0" 200 631 "-" "Mozilla/5.0 (compatible; Yahoo! Slurp; http://help.yahoo.com/help/us/ysearch/slurp)" "www.symis.net"
74.6.27.18 - - [07/Feb/2008:13:57:05 -0800] "GET /logs/?M=A HTTP/1.0" 200 642 "-" "Mozilla/5.0 (compatible; Yahoo! Slurp; http://help.yahoo.com/help/us/ysearch/slurp)" "www.symis.net"
74.6.25.198 - - [07/Feb/2008:13:57:53 -0800] "GET /logs/?D=A HTTP/1.0" 200 642 "-" "Mozilla/5.0 (compatible; Yahoo! Slurp; http://help.yahoo.com/help/us/ysearch/slurp)" "www.symis.net"
74.6.22.46 - - [07/Feb/2008:14:00:14 -0800] "GET /logs/?N=A HTTP/1.0" 200 642 "-" "Mozilla/5.0 (compatible; Yahoo! Slurp; http://help.yahoo.com/help/us/ysearch/slurp)" "www.symis.net"
217.212.224.145 - - [07/Feb/2008:14:29:56 -0800] "GET /robots.txt HTTP/1.0" 404 275 "-" "psbot/0.1 (+http://www.picsearch.com/bot.html)" "www.symis.net"
217.212.224.181 - - [07/Feb/2008:14:29:59 -0800] "GET /Facial_Recognition.html HTTP/1.0" 404 275 "-" "psbot/0.1 (+http://www.picsearch.com/bot.html)" "www.symis.net"
217.212.224.169 - - [07/Feb/2008:14:32:01 -0800] "GET /Information_Solutions.html HTTP/1.0" 404 275 "-" "psbot/0.1 (+http://www.picsearch.com/bot.html)" "www.symis.net"
74.6.23.27 - - [07/Feb/2008:14:54:17 -0800] "GET /logs/?N=D HTTP/1.0" 200 642 "-" "Mozilla/5.0 (compatible; Yahoo! Slurp; http://help.yahoo.com/help/us/ysearch/slurp)" "www.symis.net"
217.212.224.145 - - [07/Feb/2008:15:31:16 -0800] "GET /robots.txt HTTP/1.0" 404 275 "-" "psbot/0.1 (+http://www.picsearch.com/bot.html)" "www.symis.net"
217.212.224.178 - - [07/Feb/2008:15:31:54 -0800] "GET /Vision_Mission.html HTTP/1.0" 404 275 "-" "psbot/0.1 (+http://www.picsearch.com/bot.html)" "www.symis.net"
74.6.23.19 - - [07/Feb/2008:15:33:03 -0800] "GET /?S=A HTTP/1.0" 200 631 "-" "Mozilla/5.0 (compatible; Yahoo! Slurp; http://help.yahoo.com/help/us/ysearch/slurp)" "www.symis.net"
58.111.112.10 - - [07/Feb/2008:15:37:38 -0800] "GET /intelligent.html HTTP/1.1" 404 275 "-" "Opera/9.25 (Windows NT 5.1; U; en)" "www.symis.net"
58.111.112.10 - - [07/Feb/2008:15:37:39 -0800] "GET /favicon.ico HTTP/1.1" 404 275 "http://www.symis.net/intelligent.html" "Opera/9.25 (Windows NT 5.1; U; en)" "www.symis.net"
68.142.212.222 - - [07/Feb/2008:15:40:22 -0800] "GET /robots.txt HTTP/1.0" 404 275 "-" "Yahoo-MMCrawler/3.x (mms dash mmcrawler dash support at yahoo dash inc dot com)" "symis.net"
74.6.26.105 - - [07/Feb/2008:15:51:50 -0800] "GET /intelligent/tailgating.html HTTP/1.0" 404 275 "-" "Mozilla/5.0 (compatible; Yahoo! Slurp; http://help.yahoo.com/help/us/ysearch/slurp)" "www.symis.net"
38.99.44.101 - - [07/Feb/2008:16:21:52 -0800] "GET /robots.txt HTTP/1.0" 404 275 "-" "Mozilla/5.0 (Twiceler-0.9 http://www.cuill.com/twiceler/robot.html)" "www.symis.net"
74.6.23.203 - - [07/Feb/2008:16:35:48 -0800] "GET /oldsite/Contact_Us.html HTTP/1.0" 404 275 "-" "Mozilla/5.0 (compatible; Yahoo! Slurp; http://help.yahoo.com/help/us/ysearch/slurp)" "www.symis.net"
74.6.28.216 - - [07/Feb/2008:16:51:15 -0800] "GET /pdf/?M=A HTTP/1.0" 404 275 "-" "Mozilla/5.0 (compatible; Yahoo! Slurp; http://help.yahoo.com/help/us/ysearch/slurp)" "www.symis.net"
70.176.12.8 - - [07/Feb/2008:17:09:02 -0800] "GET / HTTP/1.1" 200 647 "http://www.shotspotter.com/partners/joint_part.html" "Mozilla/4.0 (compatible; MSIE 7.0; Windows NT 5.1; .NET CLR 1.1.4322)" "www.symis.net"
70.176.12.8 - - [07/Feb/2008:17:09:02 -0800] "GET /favicon.ico HTTP/1.1" 404 275 "-" "Mozilla/4.0 (compatible; MSIE 7.0; Windows NT 5.1; .NET CLR 1.1.4322)" "www.symis.net"
65.214.45.135 - - [07/Feb/2008:17:29:10 -0800] "GET /robots.txt HTTP/1.0" 404 275 "-" "Mozilla/5.0 (compatible; Ask Jeeves/Teoma; +http://about.ask.com/en/docs/about/webmasters.shtml)" "www.symis.net"
65.214.45.135 - - [07/Feb/2008:17:29:11 -0800] "GET /gunshot.html HTTP/1.0" 404 275 "-" "Mozilla/5.0 (compatible; Ask Jeeves/Teoma; +http://about.ask.com/en/docs/about/webmasters.shtml)" "www.symis.net"
65.55.212.115 - - [07/Feb/2008:17:46:04 -0800] "GET /robots.txt HTTP/1.0" 404 275 "-" "msnbot-media/1.0 (+http://search.msn.com/msnbot.htm)" "www.symis.net"
65.55.212.115 - - [07/Feb/2008:17:46:04 -0800] "GET /oldsite/Contact_Us.html HTTP/1.0" 404 275 "-" "msnbot-media/1.0 (+http://search.msn.com/msnbot.htm)" "www.symis.net"
66.249.67.215 - - [07/Feb/2008:17:50:10 -0800] "GET /robots.txt HTTP/1.1" 404 275 "-" "Mozilla/5.0 (compatible; Googlebot/2.1; +http://www.google.com/bot.html)" "www.symis.net"
66.249.67.215 - - [07/Feb/2008:17:50:10 -0800] "GET / HTTP/1.1" 200 647 "-" "Mozilla/5.0 (compatible; Googlebot/2.1; +http://www.google.com/bot.html)" "www.symis.net"
66.249.67.215 - - [07/Feb/2008:17:57:03 -0800] "GET /intelligent/tailgating.html HTTP/1.1" 404 275 "-" "Mozilla/5.0 (compatible; Googlebot/2.1; +http://www.google.com/bot.html)" "www.symis.net"
58.111.112.10 - - [07/Feb/2008:18:11:51 -0800] "GET /intelligent.html HTTP/1.1" 404 275 "-" "Opera/9.25 (Windows NT 5.1; U; en)" "www.symis.net"
74.6.24.165 - - [07/Feb/2008:19:46:55 -0800] "GET /oldsite/ HTTP/1.0" 404 275 "-" "Mozilla/5.0 (compatible; Yahoo! Slurp; http://help.yahoo.com/help/us/ysearch/slurp)" "www.symis.net"
74.6.28.123 - - [07/Feb/2008:21:10:08 -0800] "GET /?N=D HTTP/1.0" 200 631 "-" "Mozilla/5.0 (compatible; Yahoo! Slurp; http://help.yahoo.com/help/us/ysearch/slurp)" "www.symis.net"
74.6.27.100 - - [07/Feb/2008:21:22:12 -0800] "GET /newsletter.html HTTP/1.0" 404 275 "-" "Mozilla/5.0 (compatible; Yahoo! Slurp; http://help.yahoo.com/help/us/ysearch/slurp)" "www.symis.net"
74.6.26.15 - - [07/Feb/2008:21:44:23 -0800] "GET /robots.txt HTTP/1.0" 404 275 "-" "Mozilla/5.0 (compatible; Yahoo! Slurp; http://help.yahoo.com/help/us/ysearch/slurp)" "symis.net"
74.6.26.156 - - [07/Feb/2008:21:44:23 -0800] "GET /?M=A HTTP/1.0" 200 631 "-" "Mozilla/5.0 (compatible; Yahoo! Slurp; http://help.yahoo.com/help/us/ysearch/slurp)" "symis.net"
66.249.73.216 - - [07/Feb/2008:23:15:33 -0800] "GET /logs/ HTTP/1.1" 200 658 "-" "Mozilla/5.0 (compatible; Googlebot/2.1; +http://www.google.com/bot.html)" "www.symis.net"
74.6.28.113 - - [07/Feb/2008:23:48:23 -0800] "GET /intelligent/?D=A HTTP/1.0" 404 275 "-" "Mozilla/5.0 (compatible; Yahoo! Slurp; http://help.yahoo.com/help/us/ysearch/slurp)" "www.symis.net"
65.55.208.167 - - [07/Feb/2008:23:53:47 -0800] "GET /robots.txt HTTP/1.1" 404 275 "-" "msnbot/1.0 (+http://search.msn.com/msnbot.htm)" "www.symis.net"
65.55.208.167 - - [07/Feb/2008:23:53:47 -0800] "GET /intelligent/facial.html HTTP/1.1" 404 275 "-" "msnbot/1.0 (+http://search.msn.com/msnbot.htm)" "www.symis.net"
193.47.80.41 - - [08/Feb/2008:00:09:59 -0800] "GET /robots.txt HTTP/1.1" 404 275 "-" "Mozilla/5.0 (compatible; Exabot/3.0; +http://www.exabot.com/go/robot)" "www.symis.net"
193.47.80.41 - - [08/Feb/2008:00:09:59 -0800] "GET /Information_Solutions.html HTTP/1.1" 404 275 "-" "Mozilla/5.0 (compatible; Exabot/3.0; +http://www.exabot.com/go/robot)" "www.symis.net"
88.131.106.16 - - [08/Feb/2008:00:36:05 -0800] "GET /robots.txt HTTP/1.0" 404 275 "-" "Speedy Spider (http://www.entireweb.com/about/search_tech/speedy_spider/)" "www.symis.net"
88.131.106.16 - - [08/Feb/2008:00:36:05 -0800] "GET /pdf/Symis-SecuritySupport.pdf HTTP/1.0" 404 275 "-" "Speedy Spider (http://www.entireweb.com/about/search_tech/speedy_spider/)" "www.symis.net"
66.249.73.216 - - [08/Feb/2008:01:06:18 -0800] "GET /logs/access.log HTTP/1.1" 200 15555 "-" "Mozilla/5.0 (compatible; Googlebot/2.1; +http://www.google.com/bot.html)" "www.symis.net"
58.111.112.10 - - [08/Feb/2008:01:39:30 -0800] "GET / HTTP/1.1" 200 647 "-" "Opera/9.25 (Windows NT 5.1; U; en)" "symis.net"
58.111.112.10 - - [08/Feb/2008:01:39:32 -0800] "GET /favicon.ico HTTP/1.1" 404 275 "http://symis.net/" "Opera/9.25 (Windows NT 5.1; U; en)" "symis.net"
58.111.112.10 - - [08/Feb/2008:01:39:41 -0800] "GET / HTTP/1.1" 200 647 "-" "Opera/9.25 (Windows NT 5.1; U; en)" "www.symis.net"
58.111.112.10 - - [08/Feb/2008:01:39:42 -0800] "GET /favicon.ico HTTP/1.1" 404 275 "http://www.symis.net/" "Opera/9.25 (Windows NT 5.1; U; en)" "www.symis.net"
58.111.112.10 - - [08/Feb/2008:01:40:19 -0800] "GET /intelligent/facial.html HTTP/1.1" 404 275 "-" "Opera/9.25 (Windows NT 5.1; U; en)" "www.symis.net"
68.180.216.108 - - [08/Feb/2008:02:39:29 -0800] "GET /robots.txt HTTP/1.0" 404 275 "-" "Nokia6682/2.0 (3.01.1) SymbianOS/8.0 Series60/2.6 Profile/MIDP-2.0 configuration/CLDC-1.1 UP.Link/6.3.0.0.0 (compatible;YahooSeeker/M1A1-R2D2; http://help.yahoo.com/help/us/ysearch/crawling/crawling-01.html)" "www.symis.net"
68.180.216.108 - - [08/Feb/2008:02:39:40 -0800] "GET / HTTP/1.0" 200 631 "-" "Nokia6682/2.0 (3.01.1) SymbianOS/8.0 Series60/2.6 Profile/MIDP-2.0 configuration/CLDC-1.1 UP.Link/6.3.0.0.0 (compatible;YahooSeeker/M1A1-R2D2; http://help.yahoo.com/help/us/ysearch/crawling/crawling-01.html)" "www.symis.net"
74.6.19.143 - - [08/Feb/2008:02:52:34 -0800] "GET /robots.txt HTTP/1.0" 404 275 "-" "Mozilla/5.0 (compatible; Yahoo! Slurp; http://help.yahoo.com/help/us/ysearch/slurp)" "www.symis.net"
74.6.28.217 - - [08/Feb/2008:02:52:35 -0800] "GET /pdf/Symis-SecuritySupport.pdf HTTP/1.0" 404 275 "-" "Mozilla/5.0 (compatible; Yahoo! Slurp; http://help.yahoo.com/help/us/ysearch/slurp)" "www.symis.net"
193.47.80.41 - - [08/Feb/2008:02:57:20 -0800] "GET /asset/global.html HTTP/1.1" 404 275 "-" "Mozilla/5.0 (compatible; Exabot/3.0; +http://www.exabot.com/go/robot)" "www.symis.net"
88.131.106.16 - - [08/Feb/2008:03:12:44 -0800] "GET /intelligent/vehicle.html HTTP/1.0" 404 275 "-" "Speedy Spider (http://www.entireweb.com/about/search_tech/speedy_spider/)" "www.symis.net"
88.131.106.16 - - [08/Feb/2008:03:17:46 -0800] "GET /risk.html HTTP/1.0" 404 275 "-" "Speedy Spider (http://www.entireweb.com/about/search_tech/speedy_spider/)" "www.symis.net"
74.6.28.232 - - [08/Feb/2008:03:40:25 -0800] "GET /risk.html HTTP/1.0" 404 275 "-" "Mozilla/5.0 (compatible; Yahoo! Slurp; http://help.yahoo.com/help/us/ysearch/slurp)" "www.symis.net"
68.180.216.108 - - [08/Feb/2008:03:47:10 -0800] "GET / HTTP/1.0" 200 631 "-" "Nokia6610/1.0 (3.09) Profile/MIDP-1.0 Configuration/CLDC-1.0 (compatible;YahooSeeker/M1A1-R2D2; http://help.yahoo.com/help/us/ysearch/crawling/crawling-01.html)" "www.symis.net"
217.212.224.145 - - [08/Feb/2008:05:51:38 -0800] "GET /robots.txt HTTP/1.0" 404 275 "-" "psbot/0.1 (+http://www.picsearch.com/bot.html)" "www.symis.net"
74.6.26.160 - - [08/Feb/2008:06:45:29 -0800] "GET /oldsite/Investor_Relations.html HTTP/1.0" 404 275 "-" "Mozilla/5.0 (compatible; Yahoo! Slurp; http://help.yahoo.com/help/us/ysearch/slurp)" "www.symis.net"
74.6.29.47 - - [08/Feb/2008:06:46:31 -0800] "GET /logs/access.log HTTP/1.0" 200 18814 "-" "Mozilla/5.0 (compatible; Yahoo! Slurp; http://help.yahoo.com/help/us/ysearch/slurp)" "www.symis.net"
74.6.25.19 - - [08/Feb/2008:07:12:19 -0800] "GET /?D=A HTTP/1.0" 200 631 "-" "Mozilla/5.0 (compatible; Yahoo! Slurp; http://help.yahoo.com/help/us/ysearch/slurp)" "www.symis.net"
217.212.224.145 - - [08/Feb/2008:07:13:16 -0800] "GET /robots.txt HTTP/1.0" 404 275 "-" "psbot/0.1 (+http://www.picsearch.com/bot.html)" "www.symis.net"
217.212.224.181 - - [08/Feb/2008:07:13:17 -0800] "GET /intelligent.html HTTP/1.0" 404 275 "-" "psbot/0.1 (+http://www.picsearch.com/bot.html)" "www.symis.net"
74.6.26.40 - - [08/Feb/2008:07:59:37 -0800] "GET /oldsite/Applications.html HTTP/1.0" 404 275 "-" "Mozilla/5.0 (compatible; Yahoo! Slurp; http://help.yahoo.com/help/us/ysearch/slurp)" "www.symis.net"
217.212.224.145 - - [08/Feb/2008:10:30:21 -0800] "GET /robots.txt HTTP/1.0" 404 275 "-" "psbot/0.1 (+http://www.picsearch.com/bot.html)" "www.symis.net"
217.212.224.178 - - [08/Feb/2008:10:30:22 -0800] "GET /access.html HTTP/1.0" 404 275 "-" "psbot/0.1 (+http://www.picsearch.com/bot.html)" "www.symis.net"
68.142.212.204 - - [08/Feb/2008:10:46:23 -0800] "GET /robots.txt HTTP/1.0" 404 275 "-" "Yahoo-MMCrawler/3.x (mms dash mmcrawler dash support at yahoo dash inc dot com)" "www.symis.net"
68.142.212.204 - - [08/Feb/2008:10:46:45 -0800] "GET /About_Us_files/About_Us.jpg HTTP/1.0" 404 275 "-" "Yahoo-MMCrawler/3.x (mms dash mmcrawler dash support at yahoo dash inc dot com)" "www.symis.net"
68.142.212.204 - - [08/Feb/2008:10:48:10 -0800] "GET /About_Us_files/managment.jpg HTTP/1.0" 404 275 "-" "Yahoo-MMCrawler/3.x (mms dash mmcrawler dash support at yahoo dash inc dot com)" "www.symis.net"
217.212.224.145 - - [08/Feb/2008:11:03:43 -0800] "GET /robots.txt HTTP/1.0" 404 275 "-" "psbot/0.1 (+http://www.picsearch.com/bot.html)" "www.symis.net"
217.212.224.181 - - [08/Feb/2008:11:03:45 -0800] "GET /dvs.html HTTP/1.0" 404 275 "-" "psbot/0.1 (+http://www.picsearch.com/bot.html)" "www.symis.net"
70.84.168.114 - - [08/Feb/2008:11:24:14 -0800] "GET / HTTP/1.1" 200 647 "http://www.stockleaf.com" "Mozilla/5.0 (Macintosh; U; PPC Mac OS X Mach-O; en-US; rv:1.7.6) Gecko/20050223 Firefox/1.0.1" "www.symis.net"
70.84.168.114 - - [08/Feb/2008:11:24:14 -0800] "GET / HTTP/1.1" 200 647 "http://www.stockleaf.com" "Mozilla/5.0 (Macintosh; U; PPC Mac OS X Mach-O; en-US; rv:1.7.6) Gecko/20050223 Firefox/1.0.1" "www.symis.net"
70.84.168.114 - - [08/Feb/2008:11:24:14 -0800] "GET / HTTP/1.1" 200 647 "http://www.stockleaf.com" "Mozilla/5.0 (Macintosh; U; PPC Mac OS X Mach-O; en-US; rv:1.7.6) Gecko/20050223 Firefox/1.0.1" "www.symis.net"
70.84.168.114 - - [08/Feb/2008:11:24:14 -0800] "GET / HTTP/1.1" 200 647 "http://www.stockleaf.com" "Mozilla/5.0 (Macintosh; U; PPC Mac OS X Mach-O; en-US; rv:1.7.6) Gecko/20050223 Firefox/1.0.1" "www.symis.net"
70.84.168.114 - - [08/Feb/2008:11:24:16 -0800] "GET / HTTP/1.1" 200 647 "http://www.stockleaf.com" "Mozilla/5.0 (Macintosh; U; PPC Mac OS X Mach-O; en-US; rv:1.7.6) Gecko/20050223 Firefox/1.0.1" "www.symis.net"
220.181.26.103 - - [08/Feb/2008:12:44:23 -0800] "GET / HTTP/1.1" 200 647 "-" "sogou develop spider" "www.symis.net"
74.6.19.143 - - [08/Feb/2008:13:47:17 -0800] "GET /robots.txt HTTP/1.0" 404 275 "-" "Mozilla/5.0 (compatible; Yahoo! Slurp; http://help.yahoo.com/help/us/ysearch/slurp)" "www.symis.net"
74.6.28.113 - - [08/Feb/2008:13:47:17 -0800] "GET / HTTP/1.0" 200 631 "-" "Mozilla/5.0 (compatible; Yahoo! Slurp; http://help.yahoo.com/help/us/ysearch/slurp)" "www.symis.net"
74.6.26.29 - - [08/Feb/2008:15:00:56 -0800] "GET /intelligent/?N=A HTTP/1.0" 404 275 "-" "Mozilla/5.0 (compatible; Yahoo! Slurp; http://help.yahoo.com/help/us/ysearch/slurp)" "www.symis.net"
74.6.28.201 - - [08/Feb/2008:15:26:53 -0800] "GET /gunshot.html HTTP/1.0" 404 275 "-" "Mozilla/5.0 (compatible; Yahoo! Slurp; http://help.yahoo.com/help/us/ysearch/slurp)" "www.symis.net"
58.111.112.10 - - [08/Feb/2008:15:43:16 -0800] "GET /intelligent/facial.html HTTP/1.1" 404 275 "-" "Opera/9.25 (Windows NT 5.1; U; en)" "www.symis.net"
58.111.112.10 - - [08/Feb/2008:15:43:25 -0800] "GET / HTTP/1.1" 200 647 "-" "Opera/9.25 (Windows NT 5.1; U; en)" "www.symis.net"
65.214.45.114 - - [08/Feb/2008:16:19:11 -0800] "GET /robots.txt HTTP/1.0" 404 275 "-" "Mozilla/5.0 (compatible; Ask Jeeves/Teoma; +http://about.ask.com/en/docs/about/webmasters.shtml)" "www.symis.net"
65.214.45.114 - - [08/Feb/2008:16:19:12 -0800] "GET /images/520/gunshot.jpg HTTP/1.0" 404 275 "-" "Mozilla/5.0 (compatible; Ask Jeeves/Teoma; +http://about.ask.com/en/docs/about/webmasters.shtml)" "www.symis.net"
217.212.224.145 - - [08/Feb/2008:16:26:16 -0800] "GET /robots.txt HTTP/1.0" 404 275 "-" "psbot/0.1 (+http://www.picsearch.com/bot.html)" "www.symis.net"
217.212.224.178 - - [08/Feb/2008:16:27:39 -0800] "GET /about/news.html HTTP/1.0" 404 275 "-" "psbot/0.1 (+http://www.picsearch.com/bot.html)" "www.symis.net"
217.212.224.177 - - [08/Feb/2008:16:43:40 -0800] "GET /intelligent/perimeter.html HTTP/1.0" 404 275 "-" "psbot/0.1 (+http://www.picsearch.com/bot.html)" "www.symis.net"
217.212.224.178 - - [08/Feb/2008:17:02:26 -0800] "GET /intelligent/vehicle.html HTTP/1.0" 404 275 "-" "psbot/0.1 (+http://www.picsearch.com/bot.html)" "www.symis.net"
217.212.224.181 - - [08/Feb/2008:17:02:44 -0800] "GET /about/investor.html HTTP/1.0" 404 275 "-" "psbot/0.1 (+http://www.picsearch.com/bot.html)" "www.symis.net"
217.212.224.145 - - [08/Feb/2008:17:32:57 -0800] "GET /robots.txt HTTP/1.0" 404 275 "-" "psbot/0.1 (+http://www.picsearch.com/bot.html)" "www.symis.net"
217.212.224.178 - - [08/Feb/2008:17:33:39 -0800] "GET /intelligent/tailgating.html HTTP/1.0" 404 275 "-" "psbot/0.1 (+http://www.picsearch.com/bot.html)" "www.symis.net"
58.111.112.10 - - [08/Feb/2008:17:50:53 -0800] "GET / HTTP/1.1" 200 647 "http://www.google.com/search?client=opera&rls=en&q=symis+surveillance&sourceid=opera&ie=utf-8&oe=utf-8" "Opera/9.25 (Windows NT 5.1; U; en)" "www.symis.net"
58.111.112.10 - - [08/Feb/2008:17:51:02 -0800] "GET /logs/ HTTP/1.1" 200 658 "http://www.symis.net/" "Opera/9.25 (Windows NT 5.1; U; en)" "www.symis.net"
58.111.112.10 - - [08/Feb/2008:17:51:06 -0800] "GET /logs/access.log HTTP/1.1" 200 25021 "http://www.symis.net/logs/" "Opera/9.25 (Windows NT 5.1; U; en)" "www.symis.net"
58.111.112.10 - - [08/Feb/2008:17:53:43 -0800] "GET /style.css HTTP/1.1" 404 275 "http://209.85.173.104/search?q=cache:ROw6qUzC4s4J:www.symis.net/+symis+surveillance&hl=en&ct=clnk&cd=1&client=opera" "Opera/9.25 (Windows NT 5.1; U; en)" "www.symis.net"
58.111.112.10 - - [08/Feb/2008:17:53:43 -0800] "GET /images/logo.gif HTTP/1.1" 404 275 "http://209.85.173.104/search?q=cache:ROw6qUzC4s4J:www.symis.net/+symis+surveillance&hl=en&ct=clnk&cd=1&client=opera" "Opera/9.25 (Windows NT 5.1; U; en)" "www.symis.net"
58.111.112.10 - - [08/Feb/2008:17:53:43 -0800] "GET /images/nav/dashedline.gif HTTP/1.1" 404 275 "http://209.85.173.104/search?q=cache:ROw6qUzC4s4J:www.symis.net/+symis+surveillance&hl=en&ct=clnk&cd=1&client=opera" "Opera/9.25 (Windows NT 5.1; U; en)" "www.symis.net"
58.111.112.10 - - [08/Feb/2008:17:53:43 -0800] "GET /images/nav/off/off-risk.jpg HTTP/1.1" 404 275 "http://209.85.173.104/search?q=cache:ROw6qUzC4s4J:www.symis.net/+symis+surveillance&hl=en&ct=clnk&cd=1&client=opera" "Opera/9.25 (Windows NT 5.1; U; en)" "www.symis.net"
58.111.112.10 - - [08/Feb/2008:17:53:43 -0800] "GET /images/nav/off/off-intelligentsurveillance.jpg HTTP/1.1" 404 275 "http://209.85.173.104/search?q=cache:ROw6qUzC4s4J:www.symis.net/+symis+surveillance&hl=en&ct=clnk&cd=1&client=opera" "Opera/9.25 (Windows NT 5.1; U; en)" "www.symis.net"
58.111.112.10 - - [08/Feb/2008:17:53:43 -0800] "GET /images/nav/off/off-access.jpg HTTP/1.1" 404 275 "http://209.85.173.104/search?q=cache:ROw6qUzC4s4J:www.symis.net/+symis+surveillance&hl=en&ct=clnk&cd=1&client=opera" "Opera/9.25 (Windows NT 5.1; U; en)" "www.symis.net"
58.111.112.10 - - [08/Feb/2008:17:53:43 -0800] "GET /images/nav/off/off-dvs.jpg HTTP/1.1" 404 275 "http://209.85.173.104/search?q=cache:ROw6qUzC4s4J:www.symis.net/+symis+surveillance&hl=en&ct=clnk&cd=1&client=opera" "Opera/9.25 (Windows NT 5.1; U; en)" "www.symis.net"
58.111.112.10 - - [08/Feb/2008:17:53:43 -0800] "GET /images/nav/off/off-gunshot.jpg HTTP/1.1" 404 275 "http://209.85.173.104/search?q=cache:ROw6qUzC4s4J:www.symis.net/+symis+surveillance&hl=en&ct=clnk&cd=1&client=opera" "Opera/9.25 (Windows NT 5.1; U; en)" "www.symis.net"
58.111.112.10 - - [08/Feb/2008:17:53:44 -0800] "GET /images/nav/off/off-asset.jpg HTTP/1.1" 404 275 "http://209.85.173.104/search?q=cache:ROw6qUzC4s4J:www.symis.net/+symis+surveillance&hl=en&ct=clnk&cd=1&client=opera" "Opera/9.25 (Windows NT 5.1; U; en)" "www.symis.net"
58.111.112.10 - - [08/Feb/2008:17:53:44 -0800] "GET /images/nav/off/off-about.jpg HTTP/1.1" 404 275 "http://209.85.173.104/search?q=cache:ROw6qUzC4s4J:www.symis.net/+symis+surveillance&hl=en&ct=clnk&cd=1&client=opera" "Opera/9.25 (Windows NT 5.1; U; en)" "www.symis.net"
58.111.112.10 - - [08/Feb/2008:17:53:44 -0800] "GET /images/nav/off/off-security.jpg HTTP/1.1" 404 275 "http://209.85.173.104/search?q=cache:ROw6qUzC4s4J:www.symis.net/+symis+surveillance&hl=en&ct=clnk&cd=1&client=opera" "Opera/9.25 (Windows NT 5.1; U; en)" "www.symis.net"
58.111.112.10 - - [08/Feb/2008:17:53:44 -0800] "GET /images/nav/off/off-contact.jpg HTTP/1.1" 404 275 "http://209.85.173.104/search?q=cache:ROw6qUzC4s4J:www.symis.net/+symis+surveillance&hl=en&ct=clnk&cd=1&client=opera" "Opera/9.25 (Windows NT 5.1; U; en)" "www.symis.net"
58.111.112.10 - - [08/Feb/2008:17:53:44 -0800] "GET /images/title/newsletter2.gif HTTP/1.1" 404 275 "http://209.85.173.104/search?q=cache:ROw6qUzC4s4J:www.symis.net/+symis+surveillance&hl=en&ct=clnk&cd=1&client=opera" "Opera/9.25 (Windows NT 5.1; U; en)" "www.symis.net"
58.111.112.10 - - [08/Feb/2008:17:53:44 -0800] "GET /images/520-120/index.gif HTTP/1.1" 404 275 "http://209.85.173.104/search?q=cache:ROw6qUzC4s4J:www.symis.net/+symis+surveillance&hl=en&ct=clnk&cd=1&client=opera" "Opera/9.25 (Windows NT 5.1; U; en)" "www.symis.net"
58.111.112.10 - - [08/Feb/2008:17:53:44 -0800] "GET /images/520/index.jpg HTTP/1.1" 404 275 "http://209.85.173.104/search?q=cache:ROw6qUzC4s4J:www.symis.net/+symis+surveillance&hl=en&ct=clnk&cd=1&client=opera" "Opera/9.25 (Windows NT 5.1; U; en)" "www.symis.net"
88.131.106.16 - - [08/Feb/2008:20:14:44 -0800] "GET /robots.txt HTTP/1.0" 404 275 "-" "Speedy Spider (http://www.entireweb.com/about/search_tech/speedy_spider/)" "www.symis.net"
88.131.106.16 - - [08/Feb/2008:20:14:44 -0800] "GET / HTTP/1.0" 200 631 "-" "Speedy Spider (http://www.entireweb.com/about/search_tech/speedy_spider/)" "www.symis.net"
88.131.106.16 - - [08/Feb/2008:20:37:17 -0800] "GET /about/investor.html HTTP/1.0" 404 275 "-" "Speedy Spider (http://www.entireweb.com/about/search_tech/speedy_spider/)" "www.symis.net"
58.111.112.10 - - [08/Feb/2008:21:33:10 -0800] "GET / HTTP/1.1" 200 647 "http://www.google.com/search?client=opera&rls=en&q=symis+surveillance&sourceid=opera&ie=utf-8&oe=utf-8" "Opera/9.25 (Windows NT 5.1; U; en)" "www.symis.net"
58.111.112.10 - - [08/Feb/2008:21:33:59 -0800] "GET /about.html HTTP/1.1" 404 275 "http://www.aboutus.org/Symis.net" "Opera/9.25 (Windows NT 5.1; U; en)" "www.symis.net"
58.111.112.10 - - [08/Feb/2008:21:56:08 -0800] "GET / HTTP/1.1" 200 647 "-" "Mozilla/4.0 (compatible; MSIE 7.0; Windows NT 5.1; Avant Browser; .NET CLR 1.1.4322; .NET CLR 2.0.50727; .NET CLR 3.0.04506.30)" "symis.net"
58.111.112.10 - - [08/Feb/2008:21:56:09 -0800] "GET /favicon.ico HTTP/1.1" 404 275 "-" "Mozilla/4.0 (compatible; MSIE 7.0; Windows NT 5.1; Avant Browser; .NET CLR 1.1.4322; .NET CLR 2.0.50727; .NET CLR 3.0.04506.30)" "symis.net"
83.133.125.202 - - [08/Feb/2008:23:01:48 -0800] "GET / HTTP/1.1" 200 647 "http://www.BigFinder.de/index.php" "Opera/8.53 (Windows NT 5.1; U; de)" "www.symis.net"
65.55.208.165 - - [08/Feb/2008:23:18:53 -0800] "GET /robots.txt HTTP/1.1" 404 275 "-" "msnbot/1.0 (+http://search.msn.com/msnbot.htm)" "www.symis.net"
65.55.208.165 - - [08/Feb/2008:23:18:53 -0800] "GET /pdf/Symis-SecuritySupport.pdf HTTP/1.1" 404 275 "-" "msnbot/1.0 (+http://search.msn.com/msnbot.htm)" "www.symis.net"
38.100.41.102 - - [08/Feb/2008:23:21:54 -0800] "GET / HTTP/1.1" 200 647 "-" "Mozilla/4.0 (compatible; MSIE 7.0; Windows NT 5.2)" "www.symis.net"
38.100.41.102 - - [08/Feb/2008:23:21:54 -0800] "GET /logs/ HTTP/1.1" 200 658 "http://www.symis.net/" "Mozilla/4.0 (compatible; MSIE 7.0; Windows NT 5.2)" "www.symis.net"
38.100.41.102 - - [08/Feb/2008:23:21:56 -0800] "GET /logs/access.log HTTP/1.1" 200 31096 "http://www.symis.net/logs/" "Mozilla/4.0 (compatible; MSIE 7.0; Windows NT 5.2)" "www.symis.net"
74.6.23.157 - - [08/Feb/2008:23:43:27 -0800] "GET /intelligent/facial.html HTTP/1.0" 404 275 "-" "Mozilla/5.0 (compatible; Yahoo! Slurp; http://help.yahoo.com/help/us/ysearch/slurp)" "www.symis.net"
65.55.208.166 - - [09/Feb/2008:02:31:11 -0800] "GET /robots.txt HTTP/1.1" 404 275 "-" "msnbot/1.0 (+http://search.msn.com/msnbot.htm)" "www.symis.net"
65.55.208.166 - - [09/Feb/2008:02:31:11 -0800] "GET /about/news.html HTTP/1.1" 404 275 "-" "msnbot/1.0 (+http://search.msn.com/msnbot.htm)" "www.symis.net"
74.6.19.143 - - [09/Feb/2008:04:51:44 -0800] "GET /robots.txt HTTP/1.0" 404 275 "-" "Mozilla/5.0 (compatible; Yahoo! Slurp; http://help.yahoo.com/help/us/ysearch/slurp)" "www.symis.net"
74.6.19.225 - - [09/Feb/2008:04:51:44 -0800] "GET /intelligent/vehicle.html HTTP/1.0" 404 275 "-" "Mozilla/5.0 (compatible; Yahoo! Slurp; http://help.yahoo.com/help/us/ysearch/slurp)" "www.symis.net"
58.111.112.10 - - [09/Feb/2008:05:06:58 -0800] "GET / HTTP/1.1" 200 647 "-" "Opera/9.25 (Windows NT 5.1; U; en)" "symis.net"
58.111.112.10 - - [09/Feb/2008:05:06:59 -0800] "GET /favicon.ico HTTP/1.1" 404 275 "http://symis.net/" "Opera/9.25 (Windows NT 5.1; U; en)" "symis.net"
58.111.112.10 - - [09/Feb/2008:05:33:01 -0800] "GET /favicon.ico HTTP/1.1" 404 275 "http://symis.net/" "Opera/9.25 (Windows NT 5.1; U; en)" "symis.net"
65.54.165.37 - - [09/Feb/2008:05:38:52 -0800] "GET /robots.txt HTTP/1.1" 404 275 "-" "msnbot/1.0 (+http://search.msn.com/msnbot.htm)" "www.symis.net"
65.54.165.37 - - [09/Feb/2008:05:38:52 -0800] "GET /index.html HTTP/1.1" 404 275 "-" "msnbot/1.0 (+http://search.msn.com/msnbot.htm)" "www.symis.net"
65.54.165.37 - - [09/Feb/2008:05:39:46 -0800] "GET /risk.html HTTP/1.1" 404 275 "-" "msnbot/1.0 (+http://search.msn.com/msnbot.htm)" "www.symis.net"
65.214.45.135 - - [09/Feb/2008:05:54:38 -0800] "GET /robots.txt HTTP/1.0" 404 275 "-" "Mozilla/5.0 (compatible; Ask Jeeves/Teoma; +http://about.ask.com/en/docs/about/webmasters.shtml)" "www.symis.net"
65.214.45.135 - - [09/Feb/2008:05:54:38 -0800] "GET / HTTP/1.0" 200 631 "-" "Mozilla/5.0 (compatible; Ask Jeeves/Teoma; +http://about.ask.com/en/docs/about/webmasters.shtml)" "www.symis.net"
65.54.165.37 - - [09/Feb/2008:06:10:49 -0800] "GET /gunshot.html HTTP/1.1" 404 275 "-" "msnbot/1.0 (+http://search.msn.com/msnbot.htm)" "www.symis.net"
65.54.165.37 - - [09/Feb/2008:06:10:49 -0800] "GET /access.html HTTP/1.1" 404 275 "-" "msnbot/1.0 (+http://search.msn.com/msnbot.htm)" "www.symis.net"
65.54.165.37 - - [09/Feb/2008:06:10:50 -0800] "GET /asset.html HTTP/1.1" 404 275 "-" "msnbot/1.0 (+http://search.msn.com/msnbot.htm)" "www.symis.net"
65.54.165.37 - - [09/Feb/2008:06:10:58 -0800] "GET /newsletter.html HTTP/1.1" 404 275 "-" "msnbot/1.0 (+http://search.msn.com/msnbot.htm)" "www.symis.net"
65.54.165.37 - - [09/Feb/2008:06:15:02 -0800] "GET /contact.html HTTP/1.1" 404 275 "-" "msnbot/1.0 (+http://search.msn.com/msnbot.htm)" "www.symis.net"
65.55.208.163 - - [09/Feb/2008:06:44:27 -0800] "GET /robots.txt HTTP/1.1" 404 275 "-" "msnbot/1.0 (+http://search.msn.com/msnbot.htm)" "www.symis.net"
65.55.208.163 - - [09/Feb/2008:06:44:28 -0800] "GET /pdf/Symis-DVS.pdf HTTP/1.1" 404 275 "-" "msnbot/1.0 (+http://search.msn.com/msnbot.htm)" "www.symis.net"
65.54.165.37 - - [09/Feb/2008:06:57:59 -0800] "GET /security.html HTTP/1.1" 404 275 "-" "msnbot/1.0 (+http://search.msn.com/msnbot.htm)" "www.symis.net"
65.54.165.37 - - [09/Feb/2008:06:58:10 -0800] "GET /about.html HTTP/1.1" 404 275 "-" "msnbot/1.0 (+http://search.msn.com/msnbot.htm)" "www.symis.net"
65.54.165.37 - - [09/Feb/2008:06:58:12 -0800] "GET /intelligent.html HTTP/1.1" 404 275 "-" "msnbot/1.0 (+http://search.msn.com/msnbot.htm)" "www.symis.net"
65.55.208.168 - - [09/Feb/2008:07:31:27 -0800] "GET /robots.txt HTTP/1.1" 404 275 "-" "msnbot/1.0 (+http://search.msn.com/msnbot.htm)" "www.symis.net"
88.131.106.16 - - [09/Feb/2008:07:36:35 -0800] "GET /robots.txt HTTP/1.0" 404 275 "-" "Speedy Spider (http://www.entireweb.com/about/search_tech/speedy_spider/)" "www.symis.net"
88.131.106.16 - - [09/Feb/2008:07:36:36 -0800] "GET /about/news.html HTTP/1.0" 404 275 "-" "Speedy Spider (http://www.entireweb.com/about/search_tech/speedy_spider/)" "www.symis.net"
65.55.165.85 - - [09/Feb/2008:07:37:51 -0800] "GET /security.html HTTP/1.0" 404 275 "http://search.live.com/results.aspx?q=security&mrt=en-us&FORM=LIVSOP" "Mozilla/4.0 (compatible; MSIE 7.0; Windows NT 5.2; .NET CLR 1.1.4322)" "www.symis.net"
217.212.224.145 - - [09/Feb/2008:08:44:56 -0800] "GET /robots.txt HTTP/1.0" 404 275 "-" "psbot/0.1 (+http://www.picsearch.com/bot.html)" "www.symis.net"
65.55.208.163 - - [09/Feb/2008:09:29:17 -0800] "GET /robots.txt HTTP/1.1" 404 275 "-" "msnbot/1.0 (+http://search.msn.com/msnbot.htm)" "www.symis.net"
65.55.208.163 - - [09/Feb/2008:09:29:17 -0800] "GET /about/vision.html HTTP/1.1" 404 275 "-" "msnbot/1.0 (+http://search.msn.com/msnbot.htm)" "www.symis.net"
66.57.99.78 - - [09/Feb/2008:09:41:03 -0800] "GET /images/520/vehicle.jpg HTTP/1.1" 404 275 "-" "Mozilla/3.0 (compatible; Indy Library)" "www.symis.net"
74.6.24.211 - - [09/Feb/2008:10:39:13 -0800] "GET /pdf/?S=A HTTP/1.0" 404 275 "-" "Mozilla/5.0 (compatible; Yahoo! Slurp; http://help.yahoo.com/help/us/ysearch/slurp)" "www.symis.net"
74.6.25.203 - - [09/Feb/2008:10:53:43 -0800] "GET /pdf/Symis-FacialRecognition.pdf HTTP/1.0" 404 275 "-" "Mozilla/5.0 (compatible; Yahoo! Slurp; http://help.yahoo.com/help/us/ysearch/slurp)" "www.symis.net"
65.55.208.165 - - [09/Feb/2008:10:58:49 -0800] "GET /robots.txt HTTP/1.1" 404 275 "-" "msnbot/1.0 (+http://search.msn.com/msnbot.htm)" "www.symis.net"
65.55.208.165 - - [09/Feb/2008:10:58:49 -0800] "GET /pdf/Symis-FacialRecognition.pdf HTTP/1.1" 404 275 "-" "msnbot/1.0 (+http://search.msn.com/msnbot.htm)" "www.symis.net"
74.6.7.77 - - [09/Feb/2008:11:06:54 -0800] "GET /asset.html HTTP/1.0" 404 275 "-" "Mozilla/5.0 (compatible; Yahoo! Slurp; http://help.yahoo.com/help/us/ysearch/slurp)" "www.symis.net"
65.55.208.168 - - [09/Feb/2008:15:22:45 -0800] "GET /robots.txt HTTP/1.1" 404 275 "-" "msnbot/1.0 (+http://search.msn.com/msnbot.htm)" "www.symis.net"
65.55.208.168 - - [09/Feb/2008:15:22:45 -0800] "GET /intelligent/vehicle.html HTTP/1.1" 404 275 "-" "msnbot/1.0 (+http://search.msn.com/msnbot.htm)" "www.symis.net"
65.55.208.165 - - [09/Feb/2008:16:29:26 -0800] "GET /robots.txt HTTP/1.1" 404 275 "-" "msnbot/1.0 (+http://search.msn.com/msnbot.htm)" "www.symis.net"
65.55.208.165 - - [09/Feb/2008:16:29:26 -0800] "GET / HTTP/1.1" 200 647 "-" "msnbot/1.0 (+http://search.msn.com/msnbot.htm)" "www.symis.net"
65.55.212.115 - - [09/Feb/2008:17:32:33 -0800] "GET /robots.txt HTTP/1.0" 404 275 "-" "msnbot-media/1.0 (+http://search.msn.com/msnbot.htm)" "www.symis.net"
65.55.212.115 - - [09/Feb/2008:17:32:33 -0800] "GET /images/520/news.gif HTTP/1.0" 404 275 "-" "msnbot-media/1.0 (+http://search.msn.com/msnbot.htm)" "www.symis.net"
88.131.106.16 - - [09/Feb/2008:17:51:09 -0800] "GET /robots.txt HTTP/1.0" 404 275 "-" "Speedy Spider (http://www.entireweb.com/about/search_tech/speedy_spider/)" "www.symis.net"
88.131.106.16 - - [09/Feb/2008:17:51:16 -0800] "GET /about/vision.html HTTP/1.0" 404 275 "-" "Speedy Spider (http://www.entireweb.com/about/search_tech/speedy_spider/)" "www.symis.net"
74.6.19.143 - - [09/Feb/2008:19:15:09 -0800] "GET /robots.txt HTTP/1.0" 404 275 "-" "Mozilla/5.0 (compatible; Yahoo! Slurp; http://help.yahoo.com/help/us/ysearch/slurp)" "www.symis.net"
74.6.20.223 - - [09/Feb/2008:19:15:09 -0800] "GET /pdf/Symis-DVS.pdf HTTP/1.0" 404 275 "-" "Mozilla/5.0 (compatible; Yahoo! Slurp; http://help.yahoo.com/help/us/ysearch/slurp)" "www.symis.net"
12.205.120.139 - - [09/Feb/2008:19:31:13 -0800] "GET / HTTP/1.1" 200 647 "http://www.google.com/search?q=SYMIS&ie=UTF-8&oe=UTF-8" "Mozilla/5.0 (compatible; Konqueror/3.5; Linux 2.6.20-16-generic; X11; i686; en_US) KHTML/3.5.8 (like Gecko)" "www.symis.net"
12.205.120.139 - - [09/Feb/2008:19:31:13 -0800] "GET /favicon.ico HTTP/1.1" 404 275 "-" "Mozilla/5.0 (compatible; Konqueror/3.5; Linux 2.6.20-16-generic; X11; i686; en_US) KHTML/3.5.8 (like Gecko)" "www.symis.net"
74.6.19.150 - - [09/Feb/2008:19:50:54 -0800] "GET /oldsite/Helping.html HTTP/1.0" 404 275 "-" "Mozilla/5.0 (compatible; Yahoo! Slurp; http://help.yahoo.com/help/us/ysearch/slurp)" "www.symis.net"
65.214.45.114 - - [09/Feb/2008:19:51:23 -0800] "GET /robots.txt HTTP/1.0" 404 275 "-" "Mozilla/5.0 (compatible; Ask Jeeves/Teoma; +http://about.ask.com/en/docs/about/webmasters.shtml)" "www.symis.net"
65.214.45.114 - - [09/Feb/2008:19:51:24 -0800] "GET /images/520-120/access.gif HTTP/1.0" 404 275 "-" "Mozilla/5.0 (compatible; Ask Jeeves/Teoma; +http://about.ask.com/en/docs/about/webmasters.shtml)" "www.symis.net"
74.6.24.147 - - [09/Feb/2008:20:51:35 -0800] "GET /pdf/Symis-IntelligentSurveillance.pdf HTTP/1.0" 404 275 "-" "Mozilla/5.0 (compatible; Yahoo! Slurp; http://help.yahoo.com/help/us/ysearch/slurp)" "www.symis.net"
65.54.165.37 - - [09/Feb/2008:20:56:32 -0800] "GET /robots.txt HTTP/1.1" 404 275 "-" "msnbot/1.0 (+http://search.msn.com/msnbot.htm)" "www.symis.net"
65.54.165.37 - - [09/Feb/2008:20:56:35 -0800] "GET /intelligent/facial.html HTTP/1.1" 404 275 "-" "msnbot/1.0 (+http://search.msn.com/msnbot.htm)" "www.symis.net"
65.54.165.37 - - [09/Feb/2008:20:56:39 -0800] "GET /dvs.html HTTP/1.1" 404 275 "-" "msnbot/1.0 (+http://search.msn.com/msnbot.htm)" "www.symis.net"
65.54.165.37 - - [09/Feb/2008:20:56:44 -0800] "GET /intelligent/vehicle.html HTTP/1.1" 404 275 "-" "msnbot/1.0 (+http://search.msn.com/msnbot.htm)" "www.symis.net"
65.54.165.37 - - [09/Feb/2008:21:08:37 -0800] "GET /intelligent/perimeter.html HTTP/1.1" 404 275 "-" "msnbot/1.0 (+http://search.msn.com/msnbot.htm)" "www.symis.net"
65.54.165.37 - - [09/Feb/2008:21:08:44 -0800] "GET /intelligent/tailgating.html HTTP/1.1" 404 275 "-" "msnbot/1.0 (+http://search.msn.com/msnbot.htm)" "www.symis.net"
58.111.112.10 - - [09/Feb/2008:21:34:05 -0800] "GET / HTTP/1.1" 200 647 "-" "Opera/9.25 (Windows NT 5.1; U; en)" "symis.net"
58.111.112.10 - - [09/Feb/2008:21:35:51 -0800] "GET /security.html HTTP/1.1" 404 275 "http://www.e-serve-marketing.co.uk/customersReports/ranking/omnisecurity/Detail-MSN-115.htm" "Opera/9.25 (Windows NT 5.1; U; en)" "www.symis.net"
58.111.112.10 - - [09/Feb/2008:21:35:52 -0800] "GET /favicon.ico HTTP/1.1" 404 275 "http://www.symis.net/security.html" "Opera/9.25 (Windows NT 5.1; U; en)" "www.symis.net"
74.6.25.76 - - [09/Feb/2008:22:02:50 -0800] "GET /about/ HTTP/1.0" 404 275 "-" "Mozilla/5.0 (compatible; Yahoo! Slurp; http://help.yahoo.com/help/us/ysearch/slurp)" "www.symis.net"
222.56.176.103 - - [09/Feb/2008:22:19:26 -0800] "GET / HTTP/1.1" 200 647 "-" "Mozilla/4.0(compatible; MSIE 5.0; Windows 98; DigExt)" "www.symis.net"
66.249.67.119 - - [09/Feb/2008:23:19:57 -0800] "GET /robots.txt HTTP/1.1" 404 275 "-" "Mozilla/5.0 (compatible; Googlebot/2.1; +http://www.google.com/bot.html)" "www.symis.net"
66.249.67.119 - - [09/Feb/2008:23:19:58 -0800] "GET /oldsite/Management.html HTTP/1.1" 404 275 "-" "Mozilla/5.0 (compatible; Googlebot/2.1; +http://www.google.com/bot.html)" "www.symis.net"
63.123.238.8 - - [10/Feb/2008:00:55:49 -0800] "GET /robots.txt HTTP/1.1" 404 275 "-" "Mozilla/2.0 (compatible; Ask Jeeves/Teoma)" "www.symis.net"
63.123.238.8 - - [10/Feb/2008:00:55:49 -0800] "GET / HTTP/1.1" 200 647 "-" "Mozilla/2.0 (compatible; Ask Jeeves/Teoma)" "www.symis.net"
68.142.212.222 - - [10/Feb/2008:03:04:22 -0800] "GET /robots.txt HTTP/1.0" 404 275 "-" "Yahoo-MMCrawler/3.x (mms dash mmcrawler dash support at yahoo dash inc dot com)" "symis.net"
88.131.106.16 - - [10/Feb/2008:03:18:21 -0800] "GET /robots.txt HTTP/1.0" 404 275 "-" "Speedy Spider (http://www.entireweb.com/about/search_tech/speedy_spider/)" "www.symis.net"
88.131.106.16 - - [10/Feb/2008:03:18:21 -0800] "GET /asset/enterprise.html HTTP/1.0" 404 275 "-" "Speedy Spider (http://www.entireweb.com/about/search_tech/speedy_spider/)" "www.symis.net"
74.6.19.143 - - [10/Feb/2008:05:04:53 -0800] "GET /robots.txt HTTP/1.0" 404 275 "-" "Mozilla/5.0 (compatible; Yahoo! Slurp; http://help.yahoo.com/help/us/ysearch/slurp)" "www.symis.net"
74.6.27.10 - - [10/Feb/2008:05:04:53 -0800] "GET /pdf/?N=D HTTP/1.0" 404 275 "-" "Mozilla/5.0 (compatible; Yahoo! Slurp; http://help.yahoo.com/help/us/ysearch/slurp)" "www.symis.net"
72.232.212.210 - - [10/Feb/2008:05:14:27 -0800] "GET / HTTP/1.1" 200 647 "http://o-db.com/en/dictionary/english_french/resurrection.html" "Mozilla/4.0 (compatible; MSIE 6.0; Windows NT 5.1; SV1; Maxthon; .NET CLR 1.1.4322)" "symis.net"
74.6.20.230 - - [10/Feb/2008:05:22:54 -0800] "GET /intelligent/?S=A HTTP/1.0" 404 275 "-" "Mozilla/5.0 (compatible; Yahoo! Slurp; http://help.yahoo.com/help/us/ysearch/slurp)" "www.symis.net"
65.55.212.115 - - [10/Feb/2008:06:59:56 -0800] "GET /robots.txt HTTP/1.0" 404 275 "-" "msnbot-media/1.0 (+http://search.msn.com/msnbot.htm)" "www.symis.net"
65.55.212.115 - - [10/Feb/2008:06:59:56 -0800] "GET /images/520-120/security.gif HTTP/1.0" 404 275 "-" "msnbot-media/1.0 (+http://search.msn.com/msnbot.htm)" "www.symis.net"
72.30.179.231 - - [10/Feb/2008:08:09:30 -0800] "GET /pdf/?D=A HTTP/1.0" 404 275 "-" "Mozilla/5.0 (compatible; Yahoo! Slurp; http://help.yahoo.com/help/us/ysearch/slurp)" "www.symis.net"
74.6.23.80 - - [10/Feb/2008:10:26:01 -0800] "GET /access.html HTTP/1.0" 404 275 "-" "Mozilla/5.0 (compatible; Yahoo! Slurp; http://help.yahoo.com/help/us/ysearch/slurp)" "www.symis.net"
66.249.67.119 - - [10/Feb/2008:10:43:30 -0800] "GET / HTTP/1.1" 200 647 "-" "Mozilla/5.0 (compatible; Googlebot/2.1; +http://www.google.com/bot.html)" "www.symis.net"
65.55.208.165 - - [10/Feb/2008:14:19:17 -0800] "GET /robots.txt HTTP/1.1" 404 275 "-" "msnbot/1.0 (+http://search.msn.com/msnbot.htm)" "www.symis.net"
61.135.162.215 - - [10/Feb/2008:17:39:58 -0800] "GET / HTTP/1.1" 200 647 "-" "Baiduspider+(+http://www.baidu.com/search/spider.htm)" "www.symis.net"
65.55.208.162 - - [10/Feb/2008:18:50:57 -0800] "GET /robots.txt HTTP/1.1" 404 275 "-" "msnbot/1.0 (+http://search.msn.com/msnbot.htm)" "www.symis.net"
65.55.208.162 - - [10/Feb/2008:18:50:59 -0800] "GET /oldsite/Information_Solutions_files/IS_Support_Datasheet.pdf HTTP/1.1" 404 275 "-" "msnbot/1.0 (+http://search.msn.com/msnbot.htm)" "www.symis.net"
61.135.162.215 - - [10/Feb/2008:20:15:47 -0800] "GET / HTTP/1.1" 200 647 "-" "Baiduspider+(+http://www.baidu.com/search/spider.htm)" "www.symis.net"
61.135.162.215 - - [10/Feb/2008:20:18:55 -0800] "GET /?M=A HTTP/1.1" 200 647 "-" "Baiduspider+(+http://www.baidu.com/search/spider.htm)" "www.symis.net"
61.135.162.215 - - [10/Feb/2008:20:20:02 -0800] "GET /?S=A HTTP/1.1" 200 647 "-" "Baiduspider+(+http://www.baidu.com/search/spider.htm)" "www.symis.net"
61.135.162.215 - - [10/Feb/2008:20:20:45 -0800] "GET /logs/ HTTP/1.1" 200 658 "-" "Baiduspider+(+http://www.baidu.com/search/spider.htm)" "www.symis.net"
61.135.162.215 - - [10/Feb/2008:20:21:20 -0800] "GET /?D=A HTTP/1.1" 200 647 "-" "Baiduspider+(+http://www.baidu.com/search/spider.htm)" "www.symis.net"
58.111.112.10 - - [10/Feb/2008:20:35:39 -0800] "GET /favicon.ico HTTP/1.1" 404 275 "http://symis.net/" "Opera/9.25 (Windows NT 5.1; U; en)" "symis.net"
76.87.13.56 - - [10/Feb/2008:21:47:55 -0800] "GET /access.html HTTP/1.1" 404 275 "http://search.prodigy.msn.com/results.aspx?q=Access+control+Edge&form=QBRE" "Mozilla/4.0 (compatible; MSIE 7.0; Windows NT 5.1; .NET CLR 2.0.50727)" "www.symis.net"
76.87.13.56 - - [10/Feb/2008:21:48:00 -0800] "GET /access.html HTTP/1.1" 404 275 "http://search.prodigy.msn.com/results.aspx?q=Access+control+Edge&form=QBRE" "Mozilla/4.0 (compatible; MSIE 7.0; Windows NT 5.1; .NET CLR 2.0.50727)" "www.symis.net"
58.111.112.10 - - [10/Feb/2008:23:20:31 -0800] "GET / HTTP/1.1" 200 647 "-" "Opera/9.25 (Windows NT 5.1; U; en)" "symis.net"
74.6.25.172 - - [10/Feb/2008:23:40:08 -0800] "GET /asset/?S=A HTTP/1.0" 404 275 "-" "Mozilla/5.0 (compatible; Yahoo! Slurp; http://help.yahoo.com/help/us/ysearch/slurp)" "www.symis.net"
65.55.208.166 - - [10/Feb/2008:23:52:07 -0800] "GET /robots.txt HTTP/1.1" 404 275 "-" "msnbot/1.0 (+http://search.msn.com/msnbot.htm)" "www.symis.net"
65.55.208.166 - - [10/Feb/2008:23:52:07 -0800] "GET /oldsite/DVS_Systems.html HTTP/1.1" 404 275 "-" "msnbot/1.0 (+http://search.msn.com/msnbot.htm)" "www.symis.net"
65.55.208.167 - - [11/Feb/2008:00:39:41 -0800] "GET /robots.txt HTTP/1.1" 404 275 "-" "msnbot/1.0 (+http://search.msn.com/msnbot.htm)" "www.symis.net"
65.55.208.167 - - [11/Feb/2008:00:39:41 -0800] "GET /oldsite/Facial_Recognition.html HTTP/1.1" 404 275 "-" "msnbot/1.0 (+http://search.msn.com/msnbot.htm)" "www.symis.net"
65.55.208.167 - - [11/Feb/2008:01:22:56 -0800] "GET /pdf/Symis-IntelligentSurveillance.pdf HTTP/1.1" 404 275 "-" "msnbot/1.0 (+http://search.msn.com/msnbot.htm)" "www.symis.net"
88.131.106.16 - - [11/Feb/2008:01:32:03 -0800] "GET /robots.txt HTTP/1.0" 404 275 "-" "Speedy Spider (http://www.entireweb.com/about/search_tech/speedy_spider/)" "www.symis.net"
88.131.106.16 - - [11/Feb/2008:01:32:03 -0800] "GET /intelligent/facial.html HTTP/1.0" 404 275 "-" "Speedy Spider (http://www.entireweb.com/about/search_tech/speedy_spider/)" "www.symis.net"
58.111.112.10 - - [11/Feb/2008:03:35:11 -0800] "GET / HTTP/1.1" 200 647 "-" "Opera/9.25 (Windows NT 5.1; U; en)" "symis.net"
217.212.224.145 - - [11/Feb/2008:04:42:08 -0800] "GET /robots.txt HTTP/1.0" 404 275 "-" "psbot/0.1 (+http://www.picsearch.com/bot.html)" "www.symis.net"
217.212.224.178 - - [11/Feb/2008:04:42:15 -0800] "GET /oldsite/ HTTP/1.0" 404 275 "-" "psbot/0.1 (+http://www.picsearch.com/bot.html)" "www.symis.net"
217.212.224.178 - - [11/Feb/2008:04:49:31 -0800] "GET /oldsite/Contact_Us.html HTTP/1.0" 404 275 "-" "psbot/0.1 (+http://www.picsearch.com/bot.html)" "www.symis.net"
61.233.191.172 - - [11/Feb/2008:04:51:05 -0800] "GET / HTTP/1.1" 200 647 "-" "Mozilla/4.0(compatible; MSIE 5.0; Windows 98; DigExt)" "www.symis.net"
65.55.208.162 - - [11/Feb/2008:04:56:39 -0800] "GET /robots.txt HTTP/1.1" 404 275 "-" "msnbot/1.0 (+http://search.msn.com/msnbot.htm)" "www.symis.net"
65.55.208.162 - - [11/Feb/2008:04:56:41 -0800] "GET /oldsite/Access_Control_Systems.html HTTP/1.1" 404 275 "-" "msnbot/1.0 (+http://search.msn.com/msnbot.htm)" "www.symis.net"
