76.172.133.31 - - [11/Feb/2008:11:50:30 -0800] "GET / HTTP/1.1" 200 647 "http://www.google.com/search?q=Symis&ie=utf-8&oe=utf-8&aq=t&rls=org.mozilla:en-US:official&client=firefox-a" "Mozilla/5.0 (Macintosh; U; Intel Mac OS X; en-US; rv:1.8.1.11) Gecko/20071127 Firefox/2.0.0.11" "www.symis.net"
76.172.133.31 - - [11/Feb/2008:11:51:24 -0800] "GET / HTTP/1.1" 200 647 "http://www.google.com/search?q=Symis&ie=utf-8&oe=utf-8&aq=t&rls=org.mozilla:en-US:official&client=firefox-a" "Mozilla/5.0 (Macintosh; U; Intel Mac OS X; en-US; rv:1.8.1.11) Gecko/20071127 Firefox/2.0.0.11" "www.symis.net"
58.111.112.10 - - [11/Feb/2008:13:00:56 -0800] "GET /images/nav/off/off-community.jpg HTTP/1.1" 404 275 "http://cache.zoominfo.com/CachedPage/CachedPageMain.aspx?archive_id=0&page_id=1433987541&page_url=%2f%2fwww.symis.net%2fabout%2fmanagement.html&page_last_updated=1%2f30%2f2007+7%3a28%3a08+AM&firstName=David&lastName=Engel" "Opera/9.25 (Windows NT 5.1; U; en)" "www.symis.net"
65.55.208.163 - - [11/Feb/2008:15:30:43 -0800] "GET /oldsite/ HTTP/1.1" 404 275 "-" "msnbot/1.0 (+http://search.msn.com/msnbot.htm)" "www.symis.net"
66.249.73.230 - - [11/Feb/2008:15:38:41 -0800] "GET /robots.txt HTTP/1.1" 404 275 "-" "Mozilla/5.0 (compatible; Googlebot/2.1; +http://www.google.com/bot.html)" "www.symis.net"
65.55.208.167 - - [11/Feb/2008:15:47:33 -0800] "GET /robots.txt HTTP/1.1" 404 275 "-" "msnbot/1.0 (+http://search.msn.com/msnbot.htm)" "www.symis.net"
65.55.208.167 - - [11/Feb/2008:15:47:34 -0800] "GET /about/investor.html HTTP/1.1" 404 275 "-" "msnbot/1.0 (+http://search.msn.com/msnbot.htm)" "www.symis.net"
207.47.94.229 - - [11/Feb/2008:15:57:42 -0800] "GET / HTTP/1.1" 200 647 "-" "Mozilla/4.0 (compatible; MSIE 6.0; Windows NT 5.1; SV1; .NET CLR 1.1.4322; .NET CLR 2.0.50727; InfoPath.1; .NET CLR 3.0.04506.30)" "www.symis.net"
217.212.224.145 - - [11/Feb/2008:16:14:24 -0800] "GET /robots.txt HTTP/1.0" 404 275 "-" "psbot/0.1 (+http://www.picsearch.com/bot.html)" "www.symis.net"
66.249.73.230 - - [11/Feb/2008:17:03:59 -0800] "GET /oldsite/Security_Solutions_files/Facial_Recognition.pdf HTTP/1.1" 404 275 "-" "Mozilla/5.0 (compatible; Googlebot/2.1; +http://www.google.com/bot.html)" "www.symis.net"
61.135.162.215 - - [11/Feb/2008:17:07:46 -0800] "GET / HTTP/1.1" 200 647 "-" "Baiduspider+(+http://www.baidu.com/search/spider.htm)" "www.symis.net"
65.55.208.167 - - [11/Feb/2008:18:28:22 -0800] "GET /oldsite/Contact_Us.html HTTP/1.1" 404 275 "-" "msnbot/1.0 (+http://search.msn.com/msnbot.htm)" "www.symis.net"
74.6.26.29 - - [11/Feb/2008:18:42:38 -0800] "GET /pdf/_vti_cnf/ HTTP/1.0" 404 275 "-" "Mozilla/5.0 (compatible; Yahoo! Slurp; http://help.yahoo.com/help/us/ysearch/slurp)" "www.symis.net"
65.55.208.166 - - [11/Feb/2008:19:06:51 -0800] "GET /oldsite/Support_Plans.html HTTP/1.1" 404 275 "-" "msnbot/1.0 (+http://search.msn.com/msnbot.htm)" "www.symis.net"
143.88.130.141 - - [11/Feb/2008:21:29:28 -0800] "GET /intelligent/facial.html HTTP/1.1" 404 275 "http://search.live.com/results.aspx?srch=105&q=Advanced+Technology+in+facial+recognition&first=11&FORM=PORE" "Mozilla/4.0 (compatible; MSIE 7.0; Windows NT 5.1; .NET CLR 1.1.4322; .NET CLR 2.0.50727; InfoPath.2)" "www.symis.net"
74.6.22.10 - - [11/Feb/2008:22:14:59 -0800] "GET /about/?M=A HTTP/1.0" 404 275 "-" "Mozilla/5.0 (compatible; Yahoo! Slurp; http://help.yahoo.com/help/us/ysearch/slurp)" "www.symis.net"
65.55.208.164 - - [12/Feb/2008:00:29:24 -0800] "GET /robots.txt HTTP/1.1" 404 275 "-" "msnbot/1.0 (+http://search.msn.com/msnbot.htm)" "www.symis.net"
65.55.208.164 - - [12/Feb/2008:00:29:24 -0800] "GET /oldsite/Information_Solutions.html HTTP/1.1" 404 275 "-" "msnbot/1.0 (+http://search.msn.com/msnbot.htm)" "www.symis.net"
74.6.25.16 - - [12/Feb/2008:01:06:58 -0800] "GET /pdf/_vti_cnf/?N=A HTTP/1.0" 404 275 "-" "Mozilla/5.0 (compatible; Yahoo! Slurp; http://help.yahoo.com/help/us/ysearch/slurp)" "www.symis.net"
58.111.112.10 - - [12/Feb/2008:03:34:27 -0800] "GET / HTTP/1.1" 200 647 "-" "Opera/9.25 (Windows NT 5.1; U; en)" "symis.net"
58.111.112.10 - - [12/Feb/2008:03:34:30 -0800] "GET /favicon.ico HTTP/1.1" 404 275 "http://symis.net/" "Opera/9.25 (Windows NT 5.1; U; en)" "symis.net"
72.232.212.210 - - [12/Feb/2008:05:00:55 -0800] "GET / HTTP/1.1" 200 647 "http://o-db.com/" "Mozilla/4.0 (compatible; MSIE 6.0; Windows NT 5.1; SV1; Maxthon; .NET CLR 1.1.4322)" "symis.net"
86.160.93.88 - - [12/Feb/2008:05:16:00 -0800] "GET /gunshot.html HTTP/1.1" 404 275 "http://www.google.co.uk/search?sourceid=navclient&hl=en-GB&ie=UTF-8&rlz=1T4GGLJ_en-GBGB260GB260&q=gunshot+location" "Mozilla/4.0 (compatible; MSIE 7.0; Windows NT 6.0; SLCC1; .NET CLR 2.0.50727; .NET CLR 3.0.04506; InfoPath.1)" "www.symis.net"
209.202.205.1 - - [12/Feb/2008:05:32:20 -0800] "GET /robots.txt HTTP/1.0" 404 275 "-" "Lycos_Spider_(modspider)" "www.symis.net"
209.202.205.1 - - [12/Feb/2008:05:32:20 -0800] "GET /dvs.html HTTP/1.0" 404 275 "-" "Lycos_Spider_(modspider)" "www.symis.net"
74.6.19.143 - - [12/Feb/2008:09:27:49 -0800] "GET /robots.txt HTTP/1.0" 404 275 "-" "Mozilla/5.0 (compatible; Yahoo! Slurp; http://help.yahoo.com/help/us/ysearch/slurp)" "www.symis.net"
74.6.24.31 - - [12/Feb/2008:09:27:49 -0800] "GET /pdf/_vti_cnf/?M=A HTTP/1.0" 404 275 "-" "Mozilla/5.0 (compatible; Yahoo! Slurp; http://help.yahoo.com/help/us/ysearch/slurp)" "www.symis.net"
74.6.19.102 - - [12/Feb/2008:09:56:08 -0800] "GET /about/?S=A HTTP/1.0" 404 275 "-" "Mozilla/5.0 (compatible; Yahoo! Slurp; http://help.yahoo.com/help/us/ysearch/slurp)" "www.symis.net"
74.6.26.207 - - [12/Feb/2008:10:52:27 -0800] "GET /contact.html HTTP/1.0" 404 275 "-" "Mozilla/5.0 (compatible; Yahoo! Slurp; http://help.yahoo.com/help/us/ysearch/slurp)" "www.symis.net"
220.181.38.169 - - [12/Feb/2008:11:05:34 -0800] "GET / HTTP/1.1" 200 647 "-" "Baiduspider+(+http://www.baidu.com/search/spider.htm)" "www.symis.net"
58.111.112.10 - - [12/Feb/2008:12:48:48 -0800] "GET /favicon.ico HTTP/1.1" 404 275 "http://symis.net/logs/" "Opera/9.25 (Windows NT 5.1; U; en)" "symis.net"
217.212.224.145 - - [12/Feb/2008:13:42:00 -0800] "GET /robots.txt HTTP/1.0" 404 275 "-" "psbot/0.1 (+http://www.picsearch.com/bot.html)" "www.symis.net"
217.212.224.181 - - [12/Feb/2008:13:42:06 -0800] "GET /about/community.html HTTP/1.0" 404 275 "-" "psbot/0.1 (+http://www.picsearch.com/bot.html)" "www.symis.net"
217.212.224.170 - - [12/Feb/2008:13:46:17 -0800] "GET /asset.html HTTP/1.0" 404 275 "-" "psbot/0.1 (+http://www.picsearch.com/bot.html)" "www.symis.net"
68.142.212.222 - - [12/Feb/2008:13:58:49 -0800] "GET /robots.txt HTTP/1.0" 404 275 "-" "Yahoo-MMCrawler/3.x (mms dash mmcrawler dash support at yahoo dash inc dot com)" "symis.net"
74.6.19.143 - - [12/Feb/2008:14:48:25 -0800] "GET /robots.txt HTTP/1.0" 404 275 "-" "Mozilla/5.0 (compatible; Yahoo! Slurp; http://help.yahoo.com/help/us/ysearch/slurp)" "www.symis.net"
74.6.26.207 - - [12/Feb/2008:14:48:25 -0800] "GET /contact.html HTTP/1.0" 404 275 "-" "Mozilla/5.0 (compatible; Yahoo! Slurp; http://help.yahoo.com/help/us/ysearch/slurp)" "www.symis.net"
58.111.112.10 - - [12/Feb/2008:15:04:07 -0800] "GET /favicon.ico HTTP/1.1" 404 275 "http://symis.net/logs/" "Opera/9.25 (Windows NT 5.1; U; en)" "symis.net"
65.55.208.169 - - [12/Feb/2008:15:36:59 -0800] "GET /robots.txt HTTP/1.1" 404 275 "-" "msnbot/1.0 (+http://search.msn.com/msnbot.htm)" "www.symis.net"
65.55.208.169 - - [12/Feb/2008:15:36:59 -0800] "GET /oldsite/Security_Solutions_files/DVS_System_DataSheet.pdf HTTP/1.1" 404 275 "-" "msnbot/1.0 (+http://search.msn.com/msnbot.htm)" "www.symis.net"
58.111.112.10 - - [12/Feb/2008:15:39:35 -0800] "GET / HTTP/1.1" 200 647 "-" "Opera/9.25 (Windows NT 5.1; U; en)" "symis.net"
65.204.237.7 - - [12/Feb/2008:16:49:22 -0800] "GET /intelligent/facial.html HTTP/1.1" 404 275 "http://search.msn.com/results.aspx?q=facial+recognition+systems&first=11&FORM=PORE" "Mozilla/4.0 (compatible; MSIE 6.0; Windows NT 5.0)" "www.symis.net"
61.135.162.215 - - [12/Feb/2008:17:27:09 -0800] "GET / HTTP/1.1" 200 647 "-" "Baiduspider+(+http://www.baidu.com/search/spider.htm)" "www.symis.net"
217.212.224.145 - - [12/Feb/2008:17:55:32 -0800] "GET /robots.txt HTTP/1.0" 404 275 "-" "psbot/0.1 (+http://www.picsearch.com/bot.html)" "www.symis.net"
217.212.224.169 - - [12/Feb/2008:17:55:34 -0800] "GET /gunshot.html HTTP/1.0" 404 275 "-" "psbot/0.1 (+http://www.picsearch.com/bot.html)" "www.symis.net"
74.6.25.33 - - [12/Feb/2008:18:17:22 -0800] "GET /about.html HTTP/1.0" 404 275 "-" "Mozilla/5.0 (compatible; Yahoo! Slurp; http://help.yahoo.com/help/us/ysearch/slurp)" "www.symis.net"
72.30.179.230 - - [12/Feb/2008:21:12:33 -0800] "GET /oldsite/Security_Solutions.html HTTP/1.0" 404 275 "-" "Mozilla/5.0 (compatible; Yahoo! Slurp; http://help.yahoo.com/help/us/ysearch/slurp)" "www.symis.net"
74.6.26.15 - - [12/Feb/2008:22:33:15 -0800] "GET /robots.txt HTTP/1.0" 404 275 "-" "Mozilla/5.0 (compatible; Yahoo! Slurp; http://help.yahoo.com/help/us/ysearch/slurp)" "symis.net"
74.6.25.229 - - [12/Feb/2008:22:33:15 -0800] "GET /risk.html HTTP/1.0" 404 275 "-" "Mozilla/5.0 (compatible; Yahoo! Slurp; http://help.yahoo.com/help/us/ysearch/slurp)" "symis.net"
65.214.45.135 - - [12/Feb/2008:22:48:05 -0800] "GET /robots.txt HTTP/1.0" 404 275 "-" "Mozilla/5.0 (compatible; Ask Jeeves/Teoma; +http://about.ask.com/en/docs/about/webmasters.shtml)" "www.symis.net"
65.214.45.135 - - [12/Feb/2008:22:48:05 -0800] "GET / HTTP/1.0" 200 631 "-" "Mozilla/5.0 (compatible; Ask Jeeves/Teoma; +http://about.ask.com/en/docs/about/webmasters.shtml)" "www.symis.net"
65.55.208.169 - - [12/Feb/2008:22:56:02 -0800] "GET /robots.txt HTTP/1.1" 404 275 "-" "msnbot/1.0 (+http://search.msn.com/msnbot.htm)" "www.symis.net"
65.55.208.169 - - [12/Feb/2008:22:56:02 -0800] "GET /oldsite/Security_Solutions_files/Facial_Recognition.pdf HTTP/1.1" 404 275 "-" "msnbot/1.0 (+http://search.msn.com/msnbot.htm)" "www.symis.net"
58.111.112.10 - - [12/Feb/2008:23:22:26 -0800] "GET /favicon.ico HTTP/1.1" 404 275 "http://symis.net/" "Opera/9.25 (Windows NT 5.1; U; en)" "symis.net"
222.56.172.37 - - [13/Feb/2008:02:11:19 -0800] "GET / HTTP/1.1" 200 647 "-" "Mozilla/4.0(compatible; MSIE 5.0; Windows 98; DigExt)" "www.symis.net"
65.214.45.135 - - [13/Feb/2008:02:11:22 -0800] "GET /asset.html HTTP/1.0" 404 275 "-" "Mozilla/5.0 (compatible; Ask Jeeves/Teoma; +http://about.ask.com/en/docs/about/webmasters.shtml)" "www.symis.net"
217.212.224.145 - - [13/Feb/2008:03:36:36 -0800] "GET /robots.txt HTTP/1.0" 404 275 "-" "psbot/0.1 (+http://www.picsearch.com/bot.html)" "www.symis.net"
74.6.19.143 - - [13/Feb/2008:03:49:51 -0800] "GET /robots.txt HTTP/1.0" 404 275 "-" "Mozilla/5.0 (compatible; Yahoo! Slurp; http://help.yahoo.com/help/us/ysearch/slurp)" "www.symis.net"
74.6.22.41 - - [13/Feb/2008:03:49:52 -0800] "GET /oldsite/Management.html HTTP/1.0" 404 275 "-" "Mozilla/5.0 (compatible; Yahoo! Slurp; http://help.yahoo.com/help/us/ysearch/slurp)" "www.symis.net"
38.99.44.101 - - [13/Feb/2008:06:31:21 -0800] "GET /robots.txt HTTP/1.0" 404 275 "-" "Mozilla/5.0 (Twiceler-0.9 http://www.cuill.com/twiceler/robot.html)" "www.symis.net"
74.6.28.78 - - [13/Feb/2008:07:08:36 -0800] "GET /pdf/_vti_cnf/Symis-SecuritySupport.pdf HTTP/1.0" 404 275 "-" "Mozilla/5.0 (compatible; Yahoo! Slurp; http://help.yahoo.com/help/us/ysearch/slurp)" "www.symis.net"
66.249.67.199 - - [13/Feb/2008:08:08:09 -0800] "GET /robots.txt HTTP/1.1" 404 275 "-" "Mozilla/5.0 (compatible; Googlebot/2.1; +http://www.google.com/bot.html)" "www.symis.net"
66.249.67.199 - - [13/Feb/2008:08:08:09 -0800] "GET /pdf/symis-facialrecognition.pdf HTTP/1.1" 404 275 "-" "Mozilla/5.0 (compatible; Googlebot/2.1; +http://www.google.com/bot.html)" "www.symis.net"
128.105.167.136 - - [13/Feb/2008:08:43:34 -0800] "GET /intelligent/vehicle.html HTTP/1.1" 404 275 "http://www.google.com/search?q=vehicle+recognition+surveillance&ie=utf-8&oe=utf-8&aq=t&rls=org.mozilla:en-US:official&client=firefox-a" "Mozilla/5.0 (Windows; U; Windows NT 5.1; en-US; rv:1.8.1.11) Gecko/20071127 Firefox/2.0.0.11" "www.symis.net"
128.105.167.136 - - [13/Feb/2008:08:43:34 -0800] "GET /favicon.ico HTTP/1.1" 404 275 "-" "Mozilla/5.0 (Windows; U; Windows NT 5.1; en-US; rv:1.8.1.11) Gecko/20071127 Firefox/2.0.0.11" "www.symis.net"
193.226.6.226 - - [13/Feb/2008:10:06:07 -0800] "GET /intelligent/facial.html HTTP/1.1" 404 275 "http://www.google.ro/search?hl=ro&q=+intelligent+facial+recognition&btnG=C%C4%83utare&meta=" "Mozilla/5.0 (Windows; U; Windows NT 5.1; ro; rv:1.8.1.12) Gecko/20080201 Firefox/2.0.0.12" "www.symis.net"
193.226.6.226 - - [13/Feb/2008:10:06:08 -0800] "GET /favicon.ico HTTP/1.1" 404 275 "-" "Mozilla/5.0 (Windows; U; Windows NT 5.1; ro; rv:1.8.1.12) Gecko/20080201 Firefox/2.0.0.12" "www.symis.net"
74.6.24.112 - - [13/Feb/2008:10:37:24 -0800] "GET /intelligent/_vti_cnf/?M=D HTTP/1.0" 404 275 "-" "Mozilla/5.0 (compatible; Yahoo! Slurp; http://help.yahoo.com/help/us/ysearch/slurp)" "www.symis.net"
72.30.179.199 - - [13/Feb/2008:12:01:32 -0800] "GET /about/?N=A HTTP/1.0" 404 275 "-" "Mozilla/5.0 (compatible; Yahoo! Slurp; http://help.yahoo.com/help/us/ysearch/slurp)" "www.symis.net"
83.133.125.202 - - [13/Feb/2008:13:14:36 -0800] "GET / HTTP/1.1" 200 647 "http://www.BigFinder.de/index.php" "Mozilla/4.0 (compatible; MSIE 6.0; Windows NT 5.1)" "www.symis.net"
65.214.45.114 - - [13/Feb/2008:13:47:07 -0800] "GET /robots.txt HTTP/1.0" 404 275 "-" "Mozilla/5.0 (compatible; Ask Jeeves/Teoma; +http://about.ask.com/en/docs/about/webmasters.shtml)" "www.symis.net"
65.214.45.114 - - [13/Feb/2008:13:47:08 -0800] "GET /images/520-120/gunshot.gif HTTP/1.0" 404 275 "-" "Mozilla/5.0 (compatible; Ask Jeeves/Teoma; +http://about.ask.com/en/docs/about/webmasters.shtml)" "www.symis.net"
74.6.28.113 - - [13/Feb/2008:13:58:08 -0800] "GET / HTTP/1.0" 200 631 "-" "Mozilla/5.0 (compatible; Yahoo! Slurp; http://help.yahoo.com/help/us/ysearch/slurp)" "www.symis.net"
74.6.25.102 - - [13/Feb/2008:14:03:37 -0800] "GET /about/vision.html HTTP/1.0" 404 275 "-" "Mozilla/5.0 (compatible; Yahoo! Slurp; http://help.yahoo.com/help/us/ysearch/slurp)" "www.symis.net"
58.111.112.10 - - [13/Feb/2008:14:50:29 -0800] "GET / HTTP/1.1" 200 647 "-" "Opera/9.25 (Windows NT 5.1; U; en)" "symis.net"
58.111.112.10 - - [13/Feb/2008:14:50:32 -0800] "GET /favicon.ico HTTP/1.1" 404 275 "http://symis.net/" "Opera/9.25 (Windows NT 5.1; U; en)" "symis.net"
74.6.17.145 - - [13/Feb/2008:15:31:39 -0800] "GET / HTTP/1.0" 200 631 "-" "Mozilla/5.0 (compatible; Yahoo! Slurp; http://help.yahoo.com/help/us/ysearch/slurp)" "www.symis.net"
74.6.17.145 - - [13/Feb/2008:16:10:25 -0800] "GET /intelligent/ HTTP/1.0" 404 275 "-" "Mozilla/5.0 (compatible; Yahoo! Slurp/3.0; http://help.yahoo.com/help/us/ysearch/slurp)" "www.symis.net"
58.111.112.10 - - [13/Feb/2008:16:39:10 -0800] "GET /favicon.ico HTTP/1.1" 404 275 "http://symis.net/" "Opera/9.25 (Windows NT 5.1; U; en)" "symis.net"
74.6.17.145 - - [13/Feb/2008:16:44:30 -0800] "GET /index.html HTTP/1.0" 404 275 "-" "Mozilla/5.0 (compatible; Yahoo! Slurp/3.0; http://help.yahoo.com/help/us/ysearch/slurp)" "www.symis.net"
74.6.17.145 - - [13/Feb/2008:17:12:09 -0800] "GET /intelligent/tailgating.html HTTP/1.0" 404 275 "-" "Mozilla/5.0 (compatible; Yahoo! Slurp; http://help.yahoo.com/help/us/ysearch/slurp)" "www.symis.net"
74.6.17.145 - - [13/Feb/2008:17:44:14 -0800] "GET /about/investor.html HTTP/1.0" 404 275 "-" "Mozilla/5.0 (compatible; Yahoo! Slurp; http://help.yahoo.com/help/us/ysearch/slurp)" "www.symis.net"
74.6.17.145 - - [13/Feb/2008:18:21:40 -0800] "GET /pdf/ HTTP/1.0" 404 275 "-" "Mozilla/5.0 (compatible; Yahoo! Slurp; http://help.yahoo.com/help/us/ysearch/slurp)" "www.symis.net"
58.111.112.10 - - [13/Feb/2008:19:04:09 -0800] "GET /favicon.ico HTTP/1.1" 404 275 "http://symis.net/" "Opera/9.25 (Windows NT 5.1; U; en)" "symis.net"
58.111.112.10 - - [13/Feb/2008:19:58:27 -0800] "GET /favicon.ico HTTP/1.1" 404 275 "http://symis.net/" "Opera/9.25 (Windows NT 5.1; U; en)" "symis.net"
74.6.19.143 - - [13/Feb/2008:20:10:50 -0800] "GET /robots.txt HTTP/1.0" 404 275 "-" "Mozilla/5.0 (compatible; Yahoo! Slurp; http://help.yahoo.com/help/us/ysearch/slurp)" "www.symis.net"
74.6.23.23 - - [13/Feb/2008:20:10:50 -0800] "GET /dvs.html HTTP/1.0" 404 275 "-" "Mozilla/5.0 (compatible; Yahoo! Slurp; http://help.yahoo.com/help/us/ysearch/slurp)" "www.symis.net"
65.55.208.168 - - [13/Feb/2008:21:18:14 -0800] "GET /robots.txt HTTP/1.1" 404 275 "-" "msnbot/1.0 (+http://search.msn.com/msnbot.htm)" "www.symis.net"
65.55.208.168 - - [13/Feb/2008:21:18:14 -0800] "GET /oldsite/index.html HTTP/1.1" 404 275 "-" "msnbot/1.0 (+http://search.msn.com/msnbot.htm)" "www.symis.net"
58.111.112.10 - - [13/Feb/2008:21:57:24 -0800] "GET /favicon.ico HTTP/1.1" 404 275 "http://symis.net/" "Opera/9.25 (Windows NT 5.1; U; en)" "symis.net"
65.214.45.114 - - [13/Feb/2008:22:09:50 -0800] "GET /images/520/access.jpg HTTP/1.0" 404 275 "-" "Mozilla/5.0 (compatible; Ask Jeeves/Teoma; +http://about.ask.com/en/docs/about/webmasters.shtml)" "www.symis.net"
65.55.208.168 - - [13/Feb/2008:23:22:05 -0800] "GET /robots.txt HTTP/1.1" 404 275 "-" "msnbot/1.0 (+http://search.msn.com/msnbot.htm)" "www.symis.net"
65.55.208.168 - - [13/Feb/2008:23:22:07 -0800] "GET /oldsite/Security_Solutions_files/Intelligent_Surveillance.pdf HTTP/1.1" 404 275 "-" "msnbot/1.0 (+http://search.msn.com/msnbot.htm)" "www.symis.net"
66.249.70.194 - - [13/Feb/2008:23:37:52 -0800] "GET /robots.txt HTTP/1.1" 404 275 "-" "Mozilla/5.0 (compatible; Googlebot/2.1; +http://www.google.com/bot.html)" "www.symis.net"
66.249.70.194 - - [13/Feb/2008:23:37:52 -0800] "GET / HTTP/1.1" 200 647 "-" "Mozilla/5.0 (compatible; Googlebot/2.1; +http://www.google.com/bot.html)" "www.symis.net"
66.249.70.194 - - [14/Feb/2008:00:42:14 -0800] "GET /logs/ HTTP/1.1" 200 658 "-" "Mozilla/5.0 (compatible; Googlebot/2.1; +http://www.google.com/bot.html)" "www.symis.net"
65.55.208.167 - - [14/Feb/2008:02:25:35 -0800] "GET /robots.txt HTTP/1.1" 404 275 "-" "msnbot/1.0 (+http://search.msn.com/msnbot.htm)" "www.symis.net"
65.55.208.167 - - [14/Feb/2008:02:25:36 -0800] "GET /oldsite/Intelligent_Surveillance.html HTTP/1.1" 404 275 "-" "msnbot/1.0 (+http://search.msn.com/msnbot.htm)" "www.symis.net"
74.6.18.228 - - [14/Feb/2008:02:39:53 -0800] "GET /intelligent/facial.html HTTP/1.0" 404 275 "-" "Mozilla/5.0 (compatible; Yahoo! Slurp; http://help.yahoo.com/help/us/ysearch/slurp)" "www.symis.net"
58.111.112.10 - - [14/Feb/2008:03:29:01 -0800] "GET /favicon.ico HTTP/1.1" 404 275 "http://symis.net/" "Opera/9.25 (Windows NT 5.1; U; en)" "symis.net"
58.111.112.10 - - [14/Feb/2008:05:25:55 -0800] "GET /favicon.ico HTTP/1.1" 404 275 "http://symis.net/" "Opera/9.25 (Windows NT 5.1; U; en)" "symis.net"
74.6.18.228 - - [14/Feb/2008:05:32:11 -0800] "GET /oldsite/ HTTP/1.0" 404 275 "-" "Mozilla/5.0 (compatible; Yahoo! Slurp/3.0; http://help.yahoo.com/help/us/ysearch/slurp)" "www.symis.net"
74.6.17.145 - - [14/Feb/2008:07:11:43 -0800] "GET /intelligent/perimeter.html HTTP/1.0" 404 275 "-" "Mozilla/5.0 (compatible; Yahoo! Slurp; http://help.yahoo.com/help/us/ysearch/slurp)" "www.symis.net"
72.232.212.210 - - [14/Feb/2008:08:55:44 -0800] "GET / HTTP/1.1" 200 647 "http://o-db.com/en/dictionaries/russian_english/" "Mozilla/4.0 (compatible; MSIE 6.0; Windows NT 5.1; SV1; Maxthon; .NET CLR 1.1.4322)" "symis.net"
74.6.18.228 - - [14/Feb/2008:09:13:40 -0800] "GET /pdf/Symis-DVS.pdf HTTP/1.0" 404 275 "-" "Mozilla/5.0 (compatible; Yahoo! Slurp/3.0; http://help.yahoo.com/help/us/ysearch/slurp)" "www.symis.net"
64.46.84.1 - - [14/Feb/2008:09:18:26 -0800] "GET /intelligent/facial.html HTTP/1.1" 404 275 "-" "Mozilla/4.0 (compatible; MSIE 7.0; Windows NT 5.1; .NET CLR 1.1.4322)" "www.symis.net"
64.46.84.1 - - [14/Feb/2008:09:18:27 -0800] "GET /favicon.ico HTTP/1.1" 404 275 "-" "Mozilla/4.0 (compatible; MSIE 7.0; Windows NT 5.1; .NET CLR 1.1.4322)" "www.symis.net"
64.46.84.1 - - [14/Feb/2008:09:18:29 -0800] "GET /intelligent/facial.html HTTP/1.1" 404 275 "-" "Mozilla/4.0 (compatible; MSIE 7.0; Windows NT 5.1; .NET CLR 1.1.4322)" "www.symis.net"
74.226.23.82 - - [14/Feb/2008:09:53:57 -0800] "GET / HTTP/1.1" 200 647 "-" "Mozilla/4.0 (compatible; MSIE 7.0; Windows NT 5.1; .NET CLR 1.1.4322; .NET CLR 2.0.50727)" "symis.net"
74.226.23.82 - - [14/Feb/2008:09:53:58 -0800] "GET /favicon.ico HTTP/1.1" 404 275 "-" "Mozilla/4.0 (compatible; MSIE 7.0; Windows NT 5.1; .NET CLR 1.1.4322; .NET CLR 2.0.50727)" "symis.net"
74.226.23.82 - - [14/Feb/2008:09:54:01 -0800] "GET / HTTP/1.1" 200 647 "http://symis.net/" "Mozilla/4.0 (compatible; MSIE 7.0; Windows NT 5.1; .NET CLR 1.1.4322; .NET CLR 2.0.50727)" "symis.net"
74.226.23.82 - - [14/Feb/2008:09:54:09 -0800] "GET / HTTP/1.1" 200 647 "http://symis.net/" "Mozilla/4.0 (compatible; MSIE 7.0; Windows NT 5.1; .NET CLR 1.1.4322; .NET CLR 2.0.50727)" "symis.net"
74.226.23.82 - - [14/Feb/2008:09:54:11 -0800] "GET /logs/ HTTP/1.1" 200 658 "http://symis.net/" "Mozilla/4.0 (compatible; MSIE 7.0; Windows NT 5.1; .NET CLR 1.1.4322; .NET CLR 2.0.50727)" "symis.net"
74.226.23.82 - - [14/Feb/2008:09:54:13 -0800] "GET /logs/access.log HTTP/1.1" 200 70616 "http://symis.net/logs/" "Mozilla/4.0 (compatible; MSIE 7.0; Windows NT 5.1; .NET CLR 1.1.4322; .NET CLR 2.0.50727)" "symis.net"
74.226.23.82 - - [14/Feb/2008:09:54:19 -0800] "GET /logs/?M=A HTTP/1.1" 200 658 "http://symis.net/logs/" "Mozilla/4.0 (compatible; MSIE 7.0; Windows NT 5.1; .NET CLR 1.1.4322; .NET CLR 2.0.50727)" "symis.net"
74.226.23.82 - - [14/Feb/2008:09:54:22 -0800] "GET /logs/?N=A HTTP/1.1" 200 658 "http://symis.net/logs/?M=A" "Mozilla/4.0 (compatible; MSIE 7.0; Windows NT 5.1; .NET CLR 1.1.4322; .NET CLR 2.0.50727)" "symis.net"
74.226.23.82 - - [14/Feb/2008:09:54:35 -0800] "GET / HTTP/1.1" 200 647 "-" "Mozilla/4.0 (compatible; MSIE 7.0; Windows NT 5.1; .NET CLR 1.1.4322; .NET CLR 2.0.50727)" "www.symis.net"
74.226.23.82 - - [14/Feb/2008:09:54:36 -0800] "GET /favicon.ico HTTP/1.1" 404 275 "-" "Mozilla/4.0 (compatible; MSIE 7.0; Windows NT 5.1; .NET CLR 1.1.4322; .NET CLR 2.0.50727)" "www.symis.net"
65.55.208.164 - - [14/Feb/2008:11:10:31 -0800] "GET /robots.txt HTTP/1.1" 404 275 "-" "msnbot/1.0 (+http://search.msn.com/msnbot.htm)" "www.symis.net"
65.55.208.164 - - [14/Feb/2008:11:10:31 -0800] "GET /oldsite/Security_Solutions.html HTTP/1.1" 404 275 "-" "msnbot/1.0 (+http://search.msn.com/msnbot.htm)" "www.symis.net"
65.55.208.164 - - [14/Feb/2008:11:11:48 -0800] "GET /oldsite/Vision_Mission.html HTTP/1.1" 404 275 "-" "msnbot/1.0 (+http://search.msn.com/msnbot.htm)" "www.symis.net"
74.6.18.228 - - [14/Feb/2008:11:17:03 -0800] "GET /about/news.html HTTP/1.0" 404 275 "-" "Mozilla/5.0 (X11; U; Linux i686 (x86_64); en-US; rv:1.8.1.4) Gecko/20071214 BonEcho/2.0.0.4" "www.symis.net"
74.6.26.15 - - [14/Feb/2008:11:25:32 -0800] "GET /robots.txt HTTP/1.0" 404 275 "-" "Mozilla/5.0 (compatible; Yahoo! Slurp; http://help.yahoo.com/help/us/ysearch/slurp)" "symis.net"
74.6.20.40 - - [14/Feb/2008:11:25:32 -0800] "GET / HTTP/1.0" 200 631 "-" "Mozilla/5.0 (compatible; Yahoo! Slurp; http://help.yahoo.com/help/us/ysearch/slurp)" "symis.net"
58.111.112.10 - - [14/Feb/2008:13:02:10 -0800] "GET /favicon.ico HTTP/1.1" 404 275 "http://symis.net/" "Opera/9.25 (Windows NT 5.1; U; en)" "symis.net"
58.111.112.10 - - [14/Feb/2008:13:13:08 -0800] "GET /favicon.ico HTTP/1.1" 404 275 "http://symis.net/" "Opera/9.25 (Windows NT 5.1; U; en)" "symis.net"
58.111.112.10 - - [14/Feb/2008:13:45:31 -0800] "GET /favicon.ico HTTP/1.1" 404 275 "http://symis.net/" "Opera/9.25 (Windows NT 5.1; U; en)" "symis.net"
74.6.19.143 - - [14/Feb/2008:13:52:56 -0800] "GET /robots.txt HTTP/1.0" 404 275 "-" "Mozilla/5.0 (compatible; Yahoo! Slurp; http://help.yahoo.com/help/us/ysearch/slurp)" "www.symis.net"
74.6.19.214 - - [14/Feb/2008:13:52:56 -0800] "GET /logs/ HTTP/1.0" 200 642 "-" "Mozilla/5.0 (compatible; Yahoo! Slurp; http://help.yahoo.com/help/us/ysearch/slurp)" "www.symis.net"
74.6.28.44 - - [14/Feb/2008:13:53:59 -0800] "GET /?M=A HTTP/1.0" 200 631 "-" "Mozilla/5.0 (compatible; Yahoo! Slurp; http://help.yahoo.com/help/us/ysearch/slurp)" "www.symis.net"
74.6.24.231 - - [14/Feb/2008:13:59:38 -0800] "GET /pdf/_vti_cnf/?N=D HTTP/1.0" 404 275 "-" "Mozilla/5.0 (compatible; Yahoo! Slurp; http://help.yahoo.com/help/us/ysearch/slurp)" "www.symis.net"
74.6.25.198 - - [14/Feb/2008:14:04:40 -0800] "GET /logs/?D=A HTTP/1.0" 200 642 "-" "Mozilla/5.0 (compatible; Yahoo! Slurp; http://help.yahoo.com/help/us/ysearch/slurp)" "www.symis.net"
38.99.203.110 - - [14/Feb/2008:14:37:41 -0800] "GET /robots.txt HTTP/1.1" 404 275 "-" "panscient.com" "www.symis.net"
38.99.203.110 - - [14/Feb/2008:14:37:44 -0800] "GET / HTTP/1.1" 200 647 "-" "panscient.com" "www.symis.net"
38.99.203.110 - - [14/Feb/2008:14:37:48 -0800] "GET /?D=A HTTP/1.1" 200 647 "-" "panscient.com" "www.symis.net"
38.99.203.110 - - [14/Feb/2008:14:37:52 -0800] "GET /logs/ HTTP/1.1" 200 658 "-" "panscient.com" "www.symis.net"
38.99.203.110 - - [14/Feb/2008:14:37:52 -0800] "GET /?D=D HTTP/1.1" 200 647 "-" "panscient.com" "www.symis.net"
38.99.203.110 - - [14/Feb/2008:14:37:58 -0800] "GET /logs/?N=D HTTP/1.1" 200 658 "-" "panscient.com" "www.symis.net"
38.99.203.110 - - [14/Feb/2008:14:37:59 -0800] "GET /?N=D HTTP/1.1" 200 647 "-" "panscient.com" "www.symis.net"
38.99.203.110 - - [14/Feb/2008:14:38:00 -0800] "GET /logs/?D=A HTTP/1.1" 200 658 "-" "panscient.com" "www.symis.net"
38.99.203.110 - - [14/Feb/2008:14:38:05 -0800] "GET /logs/?D=D HTTP/1.1" 200 658 "-" "panscient.com" "www.symis.net"
38.99.203.110 - - [14/Feb/2008:14:38:09 -0800] "GET /logs/?N=A HTTP/1.1" 200 658 "-" "panscient.com" "www.symis.net"
38.99.203.110 - - [14/Feb/2008:14:38:11 -0800] "GET /?N=A HTTP/1.1" 200 647 "-" "panscient.com" "www.symis.net"
38.99.203.110 - - [14/Feb/2008:14:38:14 -0800] "GET /logs/?M=A HTTP/1.1" 200 658 "-" "panscient.com" "www.symis.net"
38.99.203.110 - - [14/Feb/2008:14:38:15 -0800] "GET /logs/?M=D HTTP/1.1" 200 658 "-" "panscient.com" "www.symis.net"
38.99.203.110 - - [14/Feb/2008:14:38:17 -0800] "GET /?M=A HTTP/1.1" 200 647 "-" "panscient.com" "www.symis.net"
38.99.203.110 - - [14/Feb/2008:14:38:18 -0800] "GET /?M=D HTTP/1.1" 200 647 "-" "panscient.com" "www.symis.net"
38.99.203.110 - - [14/Feb/2008:14:38:24 -0800] "GET /logs/?S=A HTTP/1.1" 200 658 "-" "panscient.com" "www.symis.net"
38.99.203.110 - - [14/Feb/2008:14:38:39 -0800] "GET /logs/?S=D HTTP/1.1" 200 658 "-" "panscient.com" "www.symis.net"
38.99.203.110 - - [14/Feb/2008:14:38:48 -0800] "GET /?S=A HTTP/1.1" 200 647 "-" "panscient.com" "www.symis.net"
38.99.203.110 - - [14/Feb/2008:14:38:48 -0800] "GET /?S=D HTTP/1.1" 200 647 "-" "panscient.com" "www.symis.net"
64.46.84.1 - - [14/Feb/2008:14:49:37 -0800] "GET / HTTP/1.1" 200 647 "-" "Mozilla/4.0 (compatible; MSIE 5.0; Windows NT)" "www.symis.net"
64.46.84.1 - - [14/Feb/2008:14:49:38 -0800] "GET /?N=D HTTP/1.1" 200 647 "-" "Mozilla/4.0 (compatible; MSIE 5.0; Windows NT)" "www.symis.net"
64.46.84.1 - - [14/Feb/2008:14:49:38 -0800] "GET /?M=A HTTP/1.1" 200 647 "-" "Mozilla/4.0 (compatible; MSIE 5.0; Windows NT)" "www.symis.net"
64.46.84.1 - - [14/Feb/2008:14:49:38 -0800] "GET /?S=A HTTP/1.1" 200 647 "-" "Mozilla/4.0 (compatible; MSIE 5.0; Windows NT)" "www.symis.net"
64.46.84.1 - - [14/Feb/2008:14:49:39 -0800] "GET /?D=A HTTP/1.1" 200 647 "-" "Mozilla/4.0 (compatible; MSIE 5.0; Windows NT)" "www.symis.net"
64.46.84.1 - - [14/Feb/2008:14:49:39 -0800] "GET /logs/ HTTP/1.1" 200 658 "-" "Mozilla/4.0 (compatible; MSIE 5.0; Windows NT)" "www.symis.net"
64.46.84.1 - - [14/Feb/2008:14:49:39 -0800] "GET /?N=A HTTP/1.1" 200 647 "-" "Mozilla/4.0 (compatible; MSIE 5.0; Windows NT)" "www.symis.net"
64.46.84.1 - - [14/Feb/2008:14:49:40 -0800] "GET /?M=D HTTP/1.1" 200 647 "-" "Mozilla/4.0 (compatible; MSIE 5.0; Windows NT)" "www.symis.net"
64.46.84.1 - - [14/Feb/2008:14:49:40 -0800] "GET /?S=D HTTP/1.1" 200 647 "-" "Mozilla/4.0 (compatible; MSIE 5.0; Windows NT)" "www.symis.net"
64.46.84.1 - - [14/Feb/2008:14:49:40 -0800] "GET /?D=D HTTP/1.1" 200 647 "-" "Mozilla/4.0 (compatible; MSIE 5.0; Windows NT)" "www.symis.net"
64.46.84.1 - - [14/Feb/2008:14:49:41 -0800] "GET /logs/?N=D HTTP/1.1" 200 658 "-" "Mozilla/4.0 (compatible; MSIE 5.0; Windows NT)" "www.symis.net"
64.46.84.1 - - [14/Feb/2008:14:49:41 -0800] "GET /logs/?M=A HTTP/1.1" 200 658 "-" "Mozilla/4.0 (compatible; MSIE 5.0; Windows NT)" "www.symis.net"
64.46.84.1 - - [14/Feb/2008:14:49:41 -0800] "GET /logs/?S=A HTTP/1.1" 200 658 "-" "Mozilla/4.0 (compatible; MSIE 5.0; Windows NT)" "www.symis.net"
64.46.84.1 - - [14/Feb/2008:14:49:42 -0800] "GET /logs/?D=A HTTP/1.1" 200 658 "-" "Mozilla/4.0 (compatible; MSIE 5.0; Windows NT)" "www.symis.net"
64.46.84.1 - - [14/Feb/2008:14:49:42 -0800] "GET /logs/access.log HTTP/1.1" 200 78136 "-" "Mozilla/4.0 (compatible; MSIE 5.0; Windows NT)" "www.symis.net"
64.46.84.1 - - [14/Feb/2008:14:49:43 -0800] "GET /logs/?N=A HTTP/1.1" 200 658 "-" "Mozilla/4.0 (compatible; MSIE 5.0; Windows NT)" "www.symis.net"
64.46.84.1 - - [14/Feb/2008:14:49:43 -0800] "GET /logs/?M=D HTTP/1.1" 200 658 "-" "Mozilla/4.0 (compatible; MSIE 5.0; Windows NT)" "www.symis.net"
64.46.84.1 - - [14/Feb/2008:14:49:43 -0800] "GET /logs/?S=D HTTP/1.1" 200 658 "-" "Mozilla/4.0 (compatible; MSIE 5.0; Windows NT)" "www.symis.net"
64.46.84.1 - - [14/Feb/2008:14:49:44 -0800] "GET /logs/?D=D HTTP/1.1" 200 658 "-" "Mozilla/4.0 (compatible; MSIE 5.0; Windows NT)" "www.symis.net"
74.6.19.143 - - [14/Feb/2008:15:17:09 -0800] "GET /robots.txt HTTP/1.0" 404 275 "-" "Mozilla/5.0 (compatible; Yahoo! Slurp; http://help.yahoo.com/help/us/ysearch/slurp)" "www.symis.net"
74.6.22.46 - - [14/Feb/2008:15:17:10 -0800] "GET /logs/?N=A HTTP/1.0" 200 642 "-" "Mozilla/5.0 (compatible; Yahoo! Slurp; http://help.yahoo.com/help/us/ysearch/slurp)" "www.symis.net"
74.6.23.112 - - [14/Feb/2008:15:37:46 -0800] "GET /gunshot.html HTTP/1.0" 404 275 "-" "Mozilla/5.0 (compatible; Yahoo! Slurp; http://help.yahoo.com/help/us/ysearch/slurp)" "symis.net"
68.142.212.222 - - [14/Feb/2008:16:35:34 -0800] "GET /robots.txt HTTP/1.0" 404 275 "-" "Yahoo-MMCrawler/3.x (mms dash mmcrawler dash support at yahoo dash inc dot com)" "symis.net"
74.6.23.101 - - [14/Feb/2008:17:39:42 -0800] "GET /oldsite/Information_Solutions_files/ HTTP/1.0" 404 275 "-" "Mozilla/5.0 (compatible; Yahoo! Slurp; http://help.yahoo.com/help/us/ysearch/slurp)" "www.symis.net"
193.47.80.77 - - [14/Feb/2008:17:50:31 -0800] "GET / HTTP/1.0" 200 631 "-" "Mozilla/5.0 (compatible; Konqueror/3.5; Linux) KHTML/3.5.5 (like Gecko) (Exabot-Thumbnails)" "www.symis.net"
193.47.80.77 - - [14/Feb/2008:17:50:41 -0800] "GET /dvs.html HTTP/1.0" 404 275 "-" "Mozilla/5.0 (compatible; Konqueror/3.5; Linux) KHTML/3.5.5 (like Gecko) (Exabot-Thumbnails)" "www.symis.net"
59.56.118.159 - - [14/Feb/2008:17:58:15 -0800] "GET / HTTP/1.1" 200 647 "-" "Mozilla/4.0 (compatible; MSIE 6.0; Windows NT 5.1; SV1; QQDownload 1.7)" "www.symis.net"
59.56.118.159 - - [14/Feb/2008:17:58:18 -0800] "GET /favicon.ico HTTP/1.1" 404 275 "-" "Mozilla/4.0 (compatible; MSIE 6.0; Windows NT 5.1; SV1; QQDownload 1.7)" "www.symis.net"
59.56.118.159 - - [14/Feb/2008:17:58:19 -0800] "GET /favicon.ico HTTP/1.1" 404 275 "-" "Mozilla/4.0 (compatible; MSIE 6.0; Windows NT 5.1; SV1; QQDownload 1.7)" "www.symis.net"
74.6.23.19 - - [14/Feb/2008:18:27:36 -0800] "GET /?S=A HTTP/1.0" 200 631 "-" "Mozilla/5.0 (compatible; Yahoo! Slurp; http://help.yahoo.com/help/us/ysearch/slurp)" "www.symis.net"
58.111.112.10 - - [14/Feb/2008:18:32:57 -0800] "GET / HTTP/1.1" 200 647 "-" "Opera/9.25 (Windows NT 5.1; U; en)" "symis.net"
58.111.112.10 - - [14/Feb/2008:18:33:05 -0800] "GET / HTTP/1.1" 200 647 "-" "Opera/9.25 (Windows NT 5.1; U; en)" "www.symis.net"
58.111.112.10 - - [14/Feb/2008:18:33:05 -0800] "GET /favicon.ico HTTP/1.1" 404 275 "http://www.symis.net/" "Opera/9.25 (Windows NT 5.1; U; en)" "www.symis.net"
74.6.27.18 - - [14/Feb/2008:19:05:39 -0800] "GET /logs/?M=A HTTP/1.0" 200 642 "-" "Mozilla/5.0 (compatible; Yahoo! Slurp; http://help.yahoo.com/help/us/ysearch/slurp)" "www.symis.net"
210.95.179.138 - - [14/Feb/2008:19:49:46 -0800] "GET / HTTP/1.0" 200 631 "-" "Python-urllib/1.17" "www.symis.net"
66.197.158.245 - - [14/Feb/2008:20:44:43 -0800] "GET / HTTP/1.1" 200 647 "http://www.boooks.us/" "Mozilla/5.0 (Windows; U; Windows NT 5.1; en-US; rv:1.8.1.7) Gecko/20070914 Firefox/2.0.0.7" "symis.net"
83.133.125.202 - - [14/Feb/2008:21:11:55 -0800] "GET / HTTP/1.1" 200 647 "http://www.BigFinder.de/index.php" "Mozilla/4.0 (compatible; MSIE 6.0; Windows NT 5.1)" "www.symis.net"
74.6.19.143 - - [14/Feb/2008:21:12:27 -0800] "GET /robots.txt HTTP/1.0" 404 275 "-" "Mozilla/5.0 (compatible; Yahoo! Slurp; http://help.yahoo.com/help/us/ysearch/slurp)" "www.symis.net"
74.6.28.123 - - [14/Feb/2008:21:12:27 -0800] "GET /?N=D HTTP/1.0" 200 631 "-" "Mozilla/5.0 (compatible; Yahoo! Slurp; http://help.yahoo.com/help/us/ysearch/slurp)" "www.symis.net"
74.6.22.77 - - [14/Feb/2008:23:06:03 -0800] "GET /robots.txt HTTP/1.0" 404 275 "-" "Mozilla/5.0 (compatible; Yahoo! Slurp; http://help.yahoo.com/help/us/ysearch/slurp)" "www.symis.net"
74.6.22.77 - - [14/Feb/2008:23:06:03 -0800] "GET /risk.html HTTP/1.0" 404 275 "-" "Mozilla/5.0 (X11; U; Linux i686 (x86_64); en-US; rv:1.8.1.4) Gecko/20071214 BonEcho/2.0.0.4" "www.symis.net"
74.6.24.165 - - [14/Feb/2008:23:23:06 -0800] "GET /oldsite/ HTTP/1.0" 404 275 "-" "Mozilla/5.0 (compatible; Yahoo! Slurp; http://help.yahoo.com/help/us/ysearch/slurp)" "www.symis.net"
74.6.24.82 - - [14/Feb/2008:23:50:20 -0800] "GET /intelligent.html HTTP/1.0" 404 275 "-" "Mozilla/5.0 (compatible; Yahoo! Slurp; http://help.yahoo.com/help/us/ysearch/slurp)" "www.symis.net"
85.235.16.21 - - [15/Feb/2008:00:27:12 -0800] "GET /intelligent/vehicle.html HTTP/1.0" 404 275 "http://images.google.se/imgres?imgurl=http://www.symis.net/images/520/vehicle.jpg&imgrefurl=http://www.symis.net/intelligent/vehicle.html&h=290&w=520&sz=28&hl=sv&start=9&um=1&tbnid=kB6NfUh0A61XuM:&tbnh=73&tbnw=131&prev=/images%3Fq%3Dsurveillance%2Blicens%2Bplate%26um%3D1%26hl%3Dsv%26client%3Dfirefox-a%26rls%3Dorg.mozilla:en-US:official%26sa%3DN" "Mozilla/5.0 (Windows; U; Windows NT 5.1; en-US; rv:1.8.1.12) Gecko/20080201 Firefox/2.0.0.12" "www.symis.net"
85.235.16.21 - - [15/Feb/2008:00:27:14 -0800] "GET /images/520/vehicle.jpg HTTP/1.0" 404 275 "http://images.google.se/imgres?imgurl=http://www.symis.net/images/520/vehicle.jpg&imgrefurl=http://www.symis.net/intelligent/vehicle.html&h=290&w=520&sz=28&tbnid=kB6NfUh0A61XuM:&tbnh=73&tbnw=131&hl=sv&um=1&prev=/images%3Fq%3Dsurveillance%2Blicens%2Bplate%26um%3D1%26hl%3Dsv%26client%3Dfirefox-a%26rls%3Dorg.mozilla:en-US:official%26sa%3DN&frame=small" "Mozilla/5.0 (Windows; U; Windows NT 5.1; en-US; rv:1.8.1.12) Gecko/20080201 Firefox/2.0.0.12" "www.symis.net"
85.235.16.21 - - [15/Feb/2008:00:27:15 -0800] "GET /favicon.ico HTTP/1.0" 404 275 "-" "Mozilla/5.0 (Windows; U; Windows NT 5.1; en-US; rv:1.8.1.12) Gecko/20080201 Firefox/2.0.0.12" "www.symis.net"
165.21.154.90 - - [15/Feb/2008:00:59:42 -0800] "GET /intelligent/vehicle.html HTTP/1.1" 404 275 "http://www.google.com.sg/search?q=Vehicle+Recognition&hl=en&client=firefox-a&rls=org.mozilla:en-US:official&hs=GPw&start=20&sa=N" "Mozilla/5.0 (Windows; U; Windows NT 5.1; en-US; rv:1.8.1.12) Gecko/20080201 Firefox/2.0.0.12" "www.symis.net"
165.21.154.99 - - [15/Feb/2008:00:59:46 -0800] "GET /favicon.ico HTTP/1.0" 404 275 "-" "Mozilla/5.0 (Windows; U; Windows NT 5.1; en-US; rv:1.8.1.12) Gecko/20080201 Firefox/2.0.0.12" "www.symis.net"
217.212.224.145 - - [15/Feb/2008:03:46:45 -0800] "GET /robots.txt HTTP/1.0" 404 275 "-" "psbot/0.1 (+http://www.picsearch.com/bot.html)" "www.symis.net"
217.212.224.144 - - [15/Feb/2008:03:46:46 -0800] "GET /Helping.html HTTP/1.0" 404 275 "-" "psbot/0.1 (+http://www.picsearch.com/bot.html)" "www.symis.net"
65.55.208.166 - - [15/Feb/2008:04:19:28 -0800] "GET /robots.txt HTTP/1.1" 404 275 "-" "msnbot/1.0 (+http://search.msn.com/msnbot.htm)" "www.symis.net"
65.55.208.166 - - [15/Feb/2008:04:19:28 -0800] "GET /asset.html HTTP/1.1" 404 275 "-" "msnbot/1.0 (+http://search.msn.com/msnbot.htm)" "www.symis.net"
65.55.165.43 - - [15/Feb/2008:04:20:58 -0800] "GET /asset.html HTTP/1.0" 404 275 "http://search.live.com/results.aspx?q=cutting&mrt=en-us&FORM=LIVSOP" "Mozilla/4.0 (compatible; MSIE 7.0; Windows NT 5.2; .NET CLR 1.1.4322)" "www.symis.net"
68.142.212.204 - - [15/Feb/2008:06:26:51 -0800] "GET /robots.txt HTTP/1.0" 404 275 "-" "Yahoo-MMCrawler/3.x (mms dash mmcrawler dash support at yahoo dash inc dot com)" "www.symis.net"
68.142.212.204 - - [15/Feb/2008:06:27:11 -0800] "GET /Symis_files/ManWalking.jpg HTTP/1.0" 404 275 "-" "Yahoo-MMCrawler/3.x (mms dash mmcrawler dash support at yahoo dash inc dot com)" "www.symis.net"
74.6.22.77 - - [15/Feb/2008:07:00:59 -0800] "GET /robots.txt HTTP/1.0" 404 275 "-" "Mozilla/5.0 (compatible; Yahoo! Slurp; http://help.yahoo.com/help/us/ysearch/slurp)" "www.symis.net"
74.6.22.77 - - [15/Feb/2008:07:00:59 -0800] "GET /oldsite/ HTTP/1.0" 404 275 "-" "Mozilla/5.0 (compatible; Yahoo! Slurp; http://help.yahoo.com/help/us/ysearch/slurp)" "www.symis.net"
65.214.45.135 - - [15/Feb/2008:07:13:06 -0800] "GET /robots.txt HTTP/1.0" 404 275 "-" "Mozilla/5.0 (compatible; Ask Jeeves/Teoma; +http://about.ask.com/en/docs/about/webmasters.shtml)" "www.symis.net"
65.214.45.135 - - [15/Feb/2008:07:13:06 -0800] "GET / HTTP/1.0" 200 631 "-" "Mozilla/5.0 (compatible; Ask Jeeves/Teoma; +http://about.ask.com/en/docs/about/webmasters.shtml)" "www.symis.net"
74.6.19.143 - - [15/Feb/2008:07:37:16 -0800] "GET /robots.txt HTTP/1.0" 404 275 "-" "Mozilla/5.0 (compatible; Yahoo! Slurp; http://help.yahoo.com/help/us/ysearch/slurp)" "www.symis.net"
74.6.25.19 - - [15/Feb/2008:07:37:16 -0800] "GET /?D=A HTTP/1.0" 200 631 "-" "Mozilla/5.0 (compatible; Yahoo! Slurp; http://help.yahoo.com/help/us/ysearch/slurp)" "www.symis.net"
88.131.106.16 - - [15/Feb/2008:07:53:04 -0800] "GET /robots.txt HTTP/1.0" 404 275 "-" "Speedy Spider (http://www.entireweb.com/about/search_tech/speedy_spider/)" "www.symis.net"
88.131.106.16 - - [15/Feb/2008:07:53:04 -0800] "GET /pdf/Symis-FacialRecognition.pdf HTTP/1.0" 404 275 "-" "Speedy Spider (http://www.entireweb.com/about/search_tech/speedy_spider/)" "www.symis.net"
217.212.224.145 - - [15/Feb/2008:07:54:21 -0800] "GET /robots.txt HTTP/1.0" 404 275 "-" "psbot/0.1 (+http://www.picsearch.com/bot.html)" "www.symis.net"
217.212.224.145 - - [15/Feb/2008:08:07:54 -0800] "GET /robots.txt HTTP/1.0" 404 275 "-" "psbot/0.1 (+http://www.picsearch.com/bot.html)" "www.symis.net"
38.99.44.101 - - [15/Feb/2008:08:40:02 -0800] "GET /robots.txt HTTP/1.0" 404 275 "-" "Mozilla/5.0 (Twiceler-0.9 http://www.cuill.com/twiceler/robot.html)" "www.symis.net"
66.249.67.182 - - [15/Feb/2008:09:06:41 -0800] "GET /robots.txt HTTP/1.1" 404 275 "-" "Mozilla/5.0 (compatible; Googlebot/2.1; +http://www.google.com/bot.html)" "www.symis.net"
66.249.67.182 - - [15/Feb/2008:09:06:41 -0800] "GET / HTTP/1.1" 200 647 "-" "Mozilla/5.0 (compatible; Googlebot/2.1; +http://www.google.com/bot.html)" "www.symis.net"
68.142.212.204 - - [15/Feb/2008:09:59:57 -0800] "GET /images/520/dvs.jpg HTTP/1.0" 404 275 "-" "Yahoo-MMCrawler/3.x (mms dash mmcrawler dash support at yahoo dash inc dot com)" "www.symis.net"
68.142.212.204 - - [15/Feb/2008:10:16:45 -0800] "GET /images/520/index.jpg HTTP/1.0" 404 275 "-" "Yahoo-MMCrawler/3.x (mms dash mmcrawler dash support at yahoo dash inc dot com)" "www.symis.net"
68.142.212.204 - - [15/Feb/2008:11:12:50 -0800] "GET /images/520/global.jpg HTTP/1.0" 404 275 "-" "Yahoo-MMCrawler/3.x (mms dash mmcrawler dash support at yahoo dash inc dot com)" "www.symis.net"
63.123.238.8 - - [15/Feb/2008:11:34:24 -0800] "GET /robots.txt HTTP/1.1" 404 275 "-" "Mozilla/2.0 (compatible; Ask Jeeves/Teoma)" "www.symis.net"
63.123.238.8 - - [15/Feb/2008:11:34:24 -0800] "GET / HTTP/1.1" 200 647 "-" "Mozilla/2.0 (compatible; Ask Jeeves/Teoma)" "www.symis.net"
74.6.18.228 - - [15/Feb/2008:12:18:14 -0800] "GET /gunshot.html HTTP/1.0" 404 275 "-" "Mozilla/5.0 (compatible; Yahoo! Slurp/3.0; http://help.yahoo.com/help/us/ysearch/slurp)" "www.symis.net"
74.6.26.15 - - [15/Feb/2008:12:50:15 -0800] "GET /robots.txt HTTP/1.0" 404 275 "-" "Mozilla/5.0 (compatible; Yahoo! Slurp; http://help.yahoo.com/help/us/ysearch/slurp)" "symis.net"
74.6.26.156 - - [15/Feb/2008:12:50:16 -0800] "GET /?M=A HTTP/1.0" 200 631 "-" "Mozilla/5.0 (compatible; Yahoo! Slurp; http://help.yahoo.com/help/us/ysearch/slurp)" "symis.net"
68.142.212.204 - - [15/Feb/2008:14:16:32 -0800] "GET /oldsite/Symis_files/ManWalking.jpg HTTP/1.0" 404 275 "-" "Yahoo-MMCrawler/3.x (mms dash mmcrawler dash support at yahoo dash inc dot com)" "www.symis.net"
59.10.167.51 - - [15/Feb/2008:14:30:47 -0800] "GET / HTTP/1.1" 200 647 "http://www.google.com/" "Mozilla/5.0 (compatible; Openfosbot/1.0; +http://www.openfos.com/bot.htm)" "www.symis.net"
59.10.167.51 - - [15/Feb/2008:14:31:27 -0800] "GET / HTTP/1.1" 200 647 "http://www.symis.net/" "Mozilla/5.0 (compatible; Openfosbot/1.0; +http://www.openfos.com/bot.htm)" "www.symis.net"
59.10.167.51 - - [15/Feb/2008:14:31:54 -0800] "GET /?S=A HTTP/1.1" 200 647 "http://www.symis.net/" "Mozilla/5.0 (compatible; Openfosbot/1.0; +http://www.openfos.com/bot.htm)" "www.symis.net"
59.10.167.51 - - [15/Feb/2008:14:32:02 -0800] "GET /?M=A HTTP/1.1" 200 647 "http://www.symis.net/" "Mozilla/5.0 (compatible; Openfosbot/1.0; +http://www.openfos.com/bot.htm)" "www.symis.net"
59.10.167.51 - - [15/Feb/2008:14:32:10 -0800] "GET /logs/ HTTP/1.1" 200 658 "http://www.symis.net/" "Mozilla/5.0 (compatible; Openfosbot/1.0; +http://www.openfos.com/bot.htm)" "www.symis.net"
59.10.167.51 - - [15/Feb/2008:14:32:17 -0800] "GET /?N=D HTTP/1.1" 200 647 "http://www.symis.net/" "Mozilla/5.0 (compatible; Openfosbot/1.0; +http://www.openfos.com/bot.htm)" "www.symis.net"
59.10.167.51 - - [15/Feb/2008:14:32:22 -0800] "GET /?D=A HTTP/1.1" 200 647 "http://www.symis.net/" "Mozilla/5.0 (compatible; Openfosbot/1.0; +http://www.openfos.com/bot.htm)" "www.symis.net"
59.10.167.51 - - [15/Feb/2008:14:32:27 -0800] "GET /?N=A HTTP/1.1" 200 647 "http://www.symis.net/?S=A" "Mozilla/5.0 (compatible; Openfosbot/1.0; +http://www.openfos.com/bot.htm)" "www.symis.net"
59.10.167.51 - - [15/Feb/2008:14:32:32 -0800] "GET /?S=D HTTP/1.1" 200 647 "http://www.symis.net/?S=A" "Mozilla/5.0 (compatible; Openfosbot/1.0; +http://www.openfos.com/bot.htm)" "www.symis.net"
59.10.167.51 - - [15/Feb/2008:14:32:35 -0800] "GET /?M=D HTTP/1.1" 200 647 "http://www.symis.net/?M=A" "Mozilla/5.0 (compatible; Openfosbot/1.0; +http://www.openfos.com/bot.htm)" "www.symis.net"
59.10.167.51 - - [15/Feb/2008:14:32:53 -0800] "GET /logs/?S=A HTTP/1.1" 200 658 "http://www.symis.net/logs/" "Mozilla/5.0 (compatible; Openfosbot/1.0; +http://www.openfos.com/bot.htm)" "www.symis.net"
59.10.167.51 - - [15/Feb/2008:14:33:40 -0800] "GET /logs/?M=A HTTP/1.1" 200 658 "http://www.symis.net/logs/" "Mozilla/5.0 (compatible; Openfosbot/1.0; +http://www.openfos.com/bot.htm)" "www.symis.net"
59.10.167.51 - - [15/Feb/2008:14:33:48 -0800] "GET /logs/access.log HTTP/1.1" 200 92752 "http://www.symis.net/logs/" "Mozilla/5.0 (compatible; Openfosbot/1.0; +http://www.openfos.com/bot.htm)" "www.symis.net"
59.10.167.51 - - [15/Feb/2008:14:33:55 -0800] "GET /logs/access.log HTTP/1.1" 200 92961 "http://www.symis.net/logs/" "Mozilla/5.0 (compatible; Openfosbot/1.0; +http://www.openfos.com/bot.htm)" "www.symis.net"
59.10.167.51 - - [15/Feb/2008:14:33:58 -0800] "GET /logs/access.log HTTP/1.1" 200 93170 "http://www.symis.net/logs/" "Mozilla/5.0 (compatible; Openfosbot/1.0; +http://www.openfos.com/bot.htm)" "www.symis.net"
59.10.167.51 - - [15/Feb/2008:14:33:59 -0800] "GET /logs/access.log HTTP/1.1" 200 93379 "http://www.symis.net/logs/" "Mozilla/5.0 (compatible; Openfosbot/1.0; +http://www.openfos.com/bot.htm)" "www.symis.net"
59.10.167.51 - - [15/Feb/2008:14:34:03 -0800] "GET /logs/?D=A HTTP/1.1" 200 658 "http://www.symis.net/logs/" "Mozilla/5.0 (compatible; Openfosbot/1.0; +http://www.openfos.com/bot.htm)" "www.symis.net"
59.10.167.51 - - [15/Feb/2008:14:34:34 -0800] "GET /logs/?N=D HTTP/1.1" 200 658 "http://www.symis.net/logs/" "Mozilla/5.0 (compatible; Openfosbot/1.0; +http://www.openfos.com/bot.htm)" "www.symis.net"
59.10.167.51 - - [15/Feb/2008:14:34:40 -0800] "GET /?D=D HTTP/1.1" 200 647 "http://www.symis.net/?D=A" "Mozilla/5.0 (compatible; Openfosbot/1.0; +http://www.openfos.com/bot.htm)" "www.symis.net"
59.10.167.51 - - [15/Feb/2008:14:34:45 -0800] "GET /logs/?N=A HTTP/1.1" 200 658 "http://www.symis.net/logs/?S=A" "Mozilla/5.0 (compatible; Openfosbot/1.0; +http://www.openfos.com/bot.htm)" "www.symis.net"
59.10.167.51 - - [15/Feb/2008:14:34:46 -0800] "GET /logs/?S=D HTTP/1.1" 200 658 "http://www.symis.net/logs/?S=A" "Mozilla/5.0 (compatible; Openfosbot/1.0; +http://www.openfos.com/bot.htm)" "www.symis.net"
59.10.167.51 - - [15/Feb/2008:14:34:56 -0800] "GET /logs/?M=D HTTP/1.1" 200 658 "http://www.symis.net/logs/?M=A" "Mozilla/5.0 (compatible; Openfosbot/1.0; +http://www.openfos.com/bot.htm)" "www.symis.net"
74.6.26.105 - - [15/Feb/2008:14:55:56 -0800] "GET /intelligent/tailgating.html HTTP/1.0" 404 275 "-" "Mozilla/5.0 (compatible; Yahoo! Slurp; http://help.yahoo.com/help/us/ysearch/slurp)" "www.symis.net"
75.22.180.90 - - [15/Feb/2008:15:20:36 -0800] "GET / HTTP/1.1" 200 647 "-" "Mozilla/4.0 (compatible; MSIE 6.0; Windows NT 5.1; YPC 3.0.0; sbcydsl 3.12; .NET CLR 1.1.4322; SpamBlockerUtility 4.6.1; yplus 3.01)" "www.symis.net"
217.212.224.145 - - [15/Feb/2008:16:08:01 -0800] "GET /robots.txt HTTP/1.0" 404 275 "-" "psbot/0.1 (+http://www.picsearch.com/bot.html)" "www.symis.net"
72.232.212.210 - - [15/Feb/2008:16:27:17 -0800] "GET / HTTP/1.1" 200 647 "http://o-db.com/en/" "Mozilla/4.0 (compatible; MSIE 6.0; Windows NT 5.1; SV1; Maxthon; .NET CLR 1.1.4322)" "symis.net"
65.214.45.114 - - [15/Feb/2008:16:44:49 -0800] "GET /robots.txt HTTP/1.0" 404 275 "-" "Mozilla/5.0 (compatible; Ask Jeeves/Teoma; +http://about.ask.com/en/docs/about/webmasters.shtml)" "www.symis.net"
65.214.45.114 - - [15/Feb/2008:16:44:49 -0800] "GET /images/520-120/index.gif HTTP/1.0" 404 275 "-" "Mozilla/5.0 (compatible; Ask Jeeves/Teoma; +http://about.ask.com/en/docs/about/webmasters.shtml)" "www.symis.net"
74.6.8.105 - - [15/Feb/2008:17:00:14 -0800] "GET /robots.txt HTTP/1.0" 404 275 "-" "Mozilla/5.0 (compatible; Yahoo! Slurp; http://help.yahoo.com/help/us/ysearch/slurp)" "www.symis.net"
74.6.8.105 - - [15/Feb/2008:17:00:14 -0800] "GET /risk.html HTTP/1.0" 404 275 "-" "Mozilla/5.0 (compatible; Yahoo! Slurp; http://help.yahoo.com/help/us/ysearch/slurp)" "www.symis.net"
88.89.136.222 - - [15/Feb/2008:20:14:20 -0800] "GET /robots.txt HTTP/1.0" 404 275 "http://majestic12.co.uk/bot.php?I=AF9B78B769C235F8B3B1A61A25721047-0D54A322002EC45B-0000005075228647-www.symis.net" "Mozilla/5.0 (compatible; MJ12bot/v1.2.1; http://www.majestic12.co.uk/bot.php?+)" "www.symis.net"
88.89.136.222 - - [15/Feb/2008:20:14:21 -0800] "GET / HTTP/1.0" 200 631 "-" "Mozilla/5.0 (compatible; MJ12bot/v1.2.1; http://www.majestic12.co.uk/bot.php?+)" "www.symis.net"
74.6.17.145 - - [15/Feb/2008:22:36:00 -0800] "GET /contact.html HTTP/1.0" 404 275 "-" "Mozilla/5.0 (compatible; Yahoo! Slurp/3.0; http://help.yahoo.com/help/us/ysearch/slurp)" "www.symis.net"
83.133.125.202 - - [16/Feb/2008:02:06:09 -0800] "GET / HTTP/1.1" 200 647 "http://www.BigFinder.de/index.php" "Opera/8.53 (Windows NT 5.1; U; de)" "www.symis.net"
210.95.179.139 - - [16/Feb/2008:02:44:17 -0800] "GET / HTTP/1.0" 200 631 "-" "Python-urllib/1.17" "www.symis.net"
203.6.199.90 - - [16/Feb/2008:02:53:12 -0800] "GET / HTTP/1.1" 200 647 "-" "-" "www.symis.net"
66.249.67.182 - - [16/Feb/2008:03:50:55 -0800] "GET /robots.txt HTTP/1.1" 404 275 "-" "Mozilla/5.0 (compatible; Googlebot/2.1; +http://www.google.com/bot.html)" "www.symis.net"
66.249.67.182 - - [16/Feb/2008:03:50:55 -0800] "GET /oldsite/Vision_Mission.html HTTP/1.1" 404 275 "-" "Mozilla/5.0 (compatible; Googlebot/2.1; +http://www.google.com/bot.html)" "www.symis.net"
65.214.45.135 - - [16/Feb/2008:04:06:06 -0800] "GET /robots.txt HTTP/1.0" 404 275 "-" "Mozilla/5.0 (compatible; Ask Jeeves/Teoma; +http://about.ask.com/en/docs/about/webmasters.shtml)" "www.symis.net"
65.214.45.135 - - [16/Feb/2008:04:06:06 -0800] "GET /newsletter.html HTTP/1.0" 404 275 "-" "Mozilla/5.0 (compatible; Ask Jeeves/Teoma; +http://about.ask.com/en/docs/about/webmasters.shtml)" "www.symis.net"
65.55.208.165 - - [16/Feb/2008:04:16:37 -0800] "GET /robots.txt HTTP/1.1" 404 275 "-" "msnbot/1.0 (+http://search.msn.com/msnbot.htm)" "www.symis.net"
65.55.208.165 - - [16/Feb/2008:04:16:38 -0800] "GET /oldsite/Helping.html HTTP/1.1" 404 275 "-" "msnbot/1.0 (+http://search.msn.com/msnbot.htm)" "www.symis.net"
65.214.45.135 - - [16/Feb/2008:04:46:39 -0800] "GET /asset/global.html HTTP/1.0" 404 275 "-" "Mozilla/5.0 (compatible; Ask Jeeves/Teoma; +http://about.ask.com/en/docs/about/webmasters.shtml)" "www.symis.net"
66.249.67.182 - - [16/Feb/2008:06:53:57 -0800] "GET /oldsite/Access_Control_Systems.html HTTP/1.1" 404 275 "-" "Mozilla/5.0 (compatible; Googlebot/2.1; +http://www.google.com/bot.html)" "www.symis.net"
66.249.67.182 - - [16/Feb/2008:07:24:28 -0800] "GET /oldsite/Security_Solutions_files/DVS_System_DataSheet.pdf HTTP/1.1" 404 275 "-" "Mozilla/5.0 (compatible; Googlebot/2.1; +http://www.google.com/bot.html)" "www.symis.net"
208.80.193.44 - - [16/Feb/2008:07:49:48 -0800] "GET / HTTP/1.1" 200 647 "-" "Mozilla/4.0 (compatible; MSIE 6.0; Windows NT 5.1; Q312463)" "www.symis.net"
74.6.18.228 - - [16/Feb/2008:09:14:57 -0800] "GET /newsletter.html HTTP/1.0" 404 275 "-" "Mozilla/5.0 (compatible; Yahoo! Slurp/3.0; http://help.yahoo.com/help/us/ysearch/slurp)" "www.symis.net"
74.6.18.228 - - [16/Feb/2008:12:31:09 -0800] "GET /intelligent.html HTTP/1.0" 404 275 "-" "Mozilla/5.0 (compatible; Yahoo! Slurp/3.0; http://help.yahoo.com/help/us/ysearch/slurp)" "www.symis.net"
